{"id":47,"date":"2019-04-13T18:49:13","date_gmt":"2019-04-13T21:49:13","guid":{"rendered":"https:\/\/eic.cefet-rj.br\/~pgonzalez\/contact\/"},"modified":"2021-10-04T20:34:09","modified_gmt":"2021-10-04T23:34:09","slug":"contact","status":"publish","type":"page","link":"https:\/\/eic.cefet-rj.br\/~pgonzalez\/contact\/","title":{"rendered":"Contato"},"content":{"rendered":"\n<div class=\"layout-cell layout-cell-3 text-align-right\">\n<div class=\"layout-cell-pad-5 text-align-right\"><b>Endere\u00e7o Profissional:<\/b><\/div>\n<div class=\"layout-cell-pad-5 text-align-right\"><b> <\/b>Centro Federal de Educa\u00e7\u00e3o Tecnol\u00f3gica do Rio de Janeiro, Departamento de Inform\u00e1tica.<\/div>\n<\/div>\n<div class=\"layout-cell layout-cell-9\">\n<div class=\"layout-cell-pad-5\">Rua General Canabarro, 485 \/ Pavilh\u00e3o 1<\/div>\n<div class=\"layout-cell-pad-5\">Maracan\u00e3 &#8211; CEP 20271204 &#8211; Rio de Janeiro, RJ &#8211; Brasil<\/div>\n<div>&nbsp;<\/div>\n\n<div class=\"layout-cell-pad-5\"><strong>E-mail:<\/strong> pegonzalez at eic.cefet-rj.br<\/div>\n<div>&nbsp;<\/div>\n\n<div class=\"layout-cell-pad-5\"><strong>Escola de Inform\u00e1tica e Computa\u00e7\u00e3o:<\/strong> <a href=\"https:\/\/eic.cefet-rj.br\/portal\/\" target=\"_blanc\" rel=\"noopener noreferrer\">eic.cefet-rj.br\/<\/a><\/div>\n<div class=\"layout-cell-pad-5\"><strong>Programa de P\u00f3s-gradua\u00e7\u00e3o em Ci\u00eancia da Computa\u00e7\u00e3o:<\/strong> <a href=\"https:\/\/eic.cefet-rj.br\/ppcic\/\" target=\"_blanc\" rel=\"noopener noreferrer\">eic.cefet-rj.br\/ppcic<\/a><\/div>\n<div class=\"layout-cell-pad-5\"><strong>Programa de P\u00f3s-gradua\u00e7\u00e3o em Engenharia de Produ\u00e7\u00e3o e Sistemas:<\/strong> <a href=\"https:\/\/eic.cefet-rj.br\/ppcic\/\" target=\"_blanc\" rel=\"noopener noreferrer\">pppro.cefet-rj.br<\/a><\/div>\n<div class=\"layout-cell-pad-5\"><strong>Grupo de Pesquisa &#8211; Otimiza\u00e7\u00e3o Combinat\u00f3ria e Aplica\u00e7\u00f5es:<\/strong> <a href=\"http:\/\/eic.cefet-rj.br\/oca\" target=\"_blanc\" rel=\"noopener noreferrer\">eic.cefet-rj.br\/oca<\/a><\/div>\n<div>&nbsp;<\/div>\n\n<\/div>\n","protected":false},"excerpt":{"rendered":"<p>Endere\u00e7o Profissional: Centro Federal de Educa\u00e7\u00e3o Tecnol\u00f3gica do Rio de Janeiro, Departamento de Inform\u00e1tica. Rua General Canabarro, 485 \/ Pavilh\u00e3o 1 Maracan\u00e3 &#8211; CEP 20271204 &#8211; Rio de Janeiro, RJ &#8211; Brasil &nbsp; E-mail: pegonzalez at eic.cefet-rj.br &nbsp; Escola de Inform\u00e1tica e Computa\u00e7\u00e3o: eic.cefet-rj.br\/ Programa de P\u00f3s-gradua\u00e7\u00e3o em Ci\u00eancia da Computa\u00e7\u00e3o: eic.cefet-rj.br\/ppcic Programa de P\u00f3s-gradua\u00e7\u00e3o [&hellip;]<\/p>\n","protected":false},"author":1,"featured_media":0,"parent":0,"menu_order":0,"comment_status":"closed","ping_status":"closed","template":"","meta":{"footnotes":""},"class_list":["post-47","page","type-page","status-publish","hentry"],"_links":{"self":[{"href":"https:\/\/eic.cefet-rj.br\/~pgonzalez\/wp-json\/wp\/v2\/pages\/47","targetHints":{"allow":["GET"]}}],"collection":[{"href":"https:\/\/eic.cefet-rj.br\/~pgonzalez\/wp-json\/wp\/v2\/pages"}],"about":[{"href":"https:\/\/eic.cefet-rj.br\/~pgonzalez\/wp-json\/wp\/v2\/types\/page"}],"author":[{"embeddable":true,"href":"https:\/\/eic.cefet-rj.br\/~pgonzalez\/wp-json\/wp\/v2\/users\/1"}],"replies":[{"embeddable":true,"href":"https:\/\/eic.cefet-rj.br\/~pgonzalez\/wp-json\/wp\/v2\/comments?post=47"}],"version-history":[{"count":25,"href":"https:\/\/eic.cefet-rj.br\/~pgonzalez\/wp-json\/wp\/v2\/pages\/47\/revisions"}],"predecessor-version":[{"id":312,"href":"https:\/\/eic.cefet-rj.br\/~pgonzalez\/wp-json\/wp\/v2\/pages\/47\/revisions\/312"}],"wp:attachment":[{"href":"https:\/\/eic.cefet-rj.br\/~pgonzalez\/wp-json\/wp\/v2\/media?parent=47"}],"curies":[{"name":"wp","href":"https:\/\/api.w.org\/{rel}","templated":true}]}}

<div class="layout-cell layout-cell-3 text-align-right">
<div class="layout-cell-pad-5 text-align-right"><b>Endereço Profissional:</b></div>
<div class="layout-cell-pad-5 text-align-right"><b> </b>Centro Federal de Educação Tecnológica do Rio de Janeiro, Departamento de Informática.</div>
</div>
<div class="layout-cell layout-cell-9">
<div class="layout-cell-pad-5">Rua General Canabarro, 485 / Pavilhão 1</div>
<div class="layout-cell-pad-5">Maracanã &#8211; CEP 20271204 &#8211; Rio de Janeiro, RJ &#8211; Brasil</div>
<div>&nbsp;</div>

<div class="layout-cell-pad-5"><strong>E-mail:</strong> pegonzalez at eic.cefet-rj.br</div>
<div>&nbsp;</div>

<div class="layout-cell-pad-5"><strong>Escola de Informática e Computação:</strong> <a href="https://eic.cefet-rj.br/portal/" target="_blanc" rel="noopener noreferrer">eic.cefet-rj.br/</a></div>
<div class="layout-cell-pad-5"><strong>Programa de Pós-graduação em Ciência da Computação:</strong> <a href="https://eic.cefet-rj.br/ppcic/" target="_blanc" rel="noopener noreferrer">eic.cefet-rj.br/ppcic</a></div>
<div class="layout-cell-pad-5"><strong>Programa de Pós-graduação em Engenharia de Produção e Sistemas:</strong> <a href="https://eic.cefet-rj.br/ppcic/" target="_blanc" rel="noopener noreferrer">pppro.cefet-rj.br</a></div>
<div class="layout-cell-pad-5"><strong>Grupo de Pesquisa &#8211; Otimização Combinatória e Aplicações:</strong> <a href="http://eic.cefet-rj.br/oca" target="_blanc" rel="noopener noreferrer">eic.cefet-rj.br/oca</a></div>
<div>&nbsp;</div>

</div>

<p>Endereço Profissional: Centro Federal de Educação Tecnológica do Rio de Janeiro, Departamento de Informática. Rua General Canabarro, 485 / Pavilhão 1 Maracanã &#8211; CEP 20271204 &#8211; Rio de Janeiro, RJ &#8211; Brasil &nbsp; E-mail: pegonzalez at eic.cefet-rj.br &nbsp; Escola de Informática e Computação: eic.cefet-rj.br/ Programa de Pós-graduação em Ciência da Computação: eic.cefet-rj.br/ppcic Programa de Pós-graduação [&hellip;]</p>
