{"id":2,"date":"2019-04-12T09:01:19","date_gmt":"2019-04-12T12:01:19","guid":{"rendered":"https:\/\/eic.cefet-rj.br\/~pgonzalez\/?page_id=2"},"modified":"2021-11-19T14:29:05","modified_gmt":"2021-11-19T17:29:05","slug":"disciplinas","status":"publish","type":"page","link":"https:\/\/eic.cefet-rj.br\/~pgonzalez\/disciplinas\/","title":{"rendered":"Ensino"},"content":{"rendered":"\n<h2 class=\"wp-block-heading\">Gradua\u00e7\u00e3o<\/h2>\n\n\n\n<ul class=\"wp-block-list\"><li>Algoritmos em Grafos<\/li><li>Estat\u00edstica e Probabilidade<\/li><li>Projeto de Algoritmos Computacionais<\/li><\/ul>\n\n\n\n<h2 class=\"wp-block-heading\">P\u00f3s-gradua\u00e7\u00e3o<\/h2>\n\n\n\n<ul class=\"wp-block-list\"><li>Otimiza\u00e7\u00e3o por Metaheur\u00edsticas<\/li><li>T\u00f3picos Especiais em&nbsp;Algoritmos<\/li><li>T\u00f3picos Especiais em Modelagem<\/li><\/ul>\n\n\n\n<p><\/p>\n","protected":false},"excerpt":{"rendered":"<p>Gradua\u00e7\u00e3o Algoritmos em Grafos Estat\u00edstica e Probabilidade Projeto de Algoritmos Computacionais P\u00f3s-gradua\u00e7\u00e3o Otimiza\u00e7\u00e3o por Metaheur\u00edsticas T\u00f3picos Especiais em&nbsp;Algoritmos T\u00f3picos Especiais em Modelagem<\/p>\n","protected":false},"author":1,"featured_media":0,"parent":0,"menu_order":0,"comment_status":"closed","ping_status":"closed","template":"","meta":{"footnotes":""},"class_list":["post-2","page","type-page","status-publish","hentry"],"_links":{"self":[{"href":"https:\/\/eic.cefet-rj.br\/~pgonzalez\/wp-json\/wp\/v2\/pages\/2","targetHints":{"allow":["GET"]}}],"collection":[{"href":"https:\/\/eic.cefet-rj.br\/~pgonzalez\/wp-json\/wp\/v2\/pages"}],"about":[{"href":"https:\/\/eic.cefet-rj.br\/~pgonzalez\/wp-json\/wp\/v2\/types\/page"}],"author":[{"embeddable":true,"href":"https:\/\/eic.cefet-rj.br\/~pgonzalez\/wp-json\/wp\/v2\/users\/1"}],"replies":[{"embeddable":true,"href":"https:\/\/eic.cefet-rj.br\/~pgonzalez\/wp-json\/wp\/v2\/comments?post=2"}],"version-history":[{"count":7,"href":"https:\/\/eic.cefet-rj.br\/~pgonzalez\/wp-json\/wp\/v2\/pages\/2\/revisions"}],"predecessor-version":[{"id":314,"href":"https:\/\/eic.cefet-rj.br\/~pgonzalez\/wp-json\/wp\/v2\/pages\/2\/revisions\/314"}],"wp:attachment":[{"href":"https:\/\/eic.cefet-rj.br\/~pgonzalez\/wp-json\/wp\/v2\/media?parent=2"}],"curies":[{"name":"wp","href":"https:\/\/api.w.org\/{rel}","templated":true}]}}