{"id":38,"date":"2020-07-02T21:23:33","date_gmt":"2020-07-03T00:23:33","guid":{"rendered":"https:\/\/eic.cefet-rj.br\/~lacafe\/?page_id=38"},"modified":"2022-06-24T14:08:32","modified_gmt":"2022-06-24T17:08:32","slug":"pessoas","status":"publish","type":"page","link":"https:\/\/eic.cefet-rj.br\/~lacafe\/pessoas\/","title":{"rendered":"Colaboradores"},"content":{"rendered":"\n<p style=\"font-size:24px\"><strong>Lider<\/strong><\/p>\n\n\n\n<div class=\"wp-block-group\"><div class=\"wp-block-group__inner-container is-layout-flow wp-block-group-is-layout-flow\">\n<div class=\"wp-block-group\"><div class=\"wp-block-group__inner-container is-layout-flow wp-block-group-is-layout-flow\">\n<pre class=\"wp-block-preformatted wp-block-verse\"><strong>Gustavo Paiva Guedes e Silva<\/strong> (GUEDES, G.; GUEDES, Gustavo Paiva;)\nProfessor na&nbsp;<a rel=\"noreferrer noopener\" href=\"https:\/\/eic.cefet-rj.br\" target=\"_blank\">Escola de Inform\u00e1tica e Computa\u00e7\u00e3o<\/a>&nbsp;- CEFET\/RJ\n<a href=\"http:\/\/eic.cefet-rj.br\/~gguedes\/wp-content\/uploads\/2016\/05\/tese.pdf\">Tese de doutorado (2015)<\/a>\nOrientador: Geraldo Xex\u00e9o (COPPE-UFRJ)\n<a href=\"http:\/\/lattes.cnpq.br\/8923156813375076\">http:\/\/lattes.cnpq.br\/8923156813375076<\/a>\nORCID: <a href=\"https:\/\/orcid.org\/0000-0001-8593-1506\">https:\/\/orcid.org\/0000-0001-8593-1506<\/a>\nP\u00e1gina pessoal: <a href=\"https:\/\/eic.cefet-rj.br\/~gguedes\">https:\/\/eic.cefet-rj.br\/~gguedes<\/a>\ne-mail: gustavo.guedes@cefet-rj.br<\/pre>\n<\/div><\/div>\n\n\n\n<hr class=\"wp-block-separator has-text-color has-background has-very-dark-gray-background-color has-very-dark-gray-color is-style-wide\"\/>\n\n\n\n<p style=\"font-size:24px\"><strong>Colaboradores<\/strong><\/p>\n<\/div><\/div>\n\n\n\n<pre class=\"wp-block-verse\"><strong>Eduardo Bezerra da Silva<\/strong>\nProfessor na&nbsp;<a rel=\"noreferrer noopener\" href=\"https:\/\/eic.cefet-rj.br\/\" target=\"_blank\">Escola de Inform\u00e1tica e Computa\u00e7\u00e3o<\/a>&nbsp;- CEFET\/RJ\nTese de doutorado (2006)\nOrientador: Geraldo Xex\u00e9o (COPPE-UFRJ) \nP\u00e1gina pessoal: <a href=\"https:\/\/eic.cefet-rj.br\/~ebezerra\">https:\/\/eic.cefet-rj.br\/~ebezerra<\/a>\ne-mail: ebezerra@cefet-rj.br<\/pre>\n\n\n\n<hr class=\"wp-block-separator has-text-color has-background has-very-light-gray-background-color has-very-light-gray-color is-style-wide\"\/>\n\n\n\n<pre class=\"wp-block-verse\"><strong>Lilian Vieira Ferrari<\/strong>\nProfessor no <a href=\"http:\/\/www.ppglinguistica.letras.ufrj.br\/\">Departamento de Lingu\u00edstica<\/a> - UFRJ\nTese de Doutorado (1994)\n<a href=\"http:\/\/lattes.cnpq.br\/4652172144789181\">http:\/\/lattes.cnpq.br\/4652172144789181\n<\/a>e-mail: lilianferrari@uol.com.br<\/pre>\n\n\n\n<hr class=\"wp-block-separator has-text-color has-background has-very-light-gray-background-color has-very-light-gray-color is-style-wide\"\/>\n\n\n\n<pre class=\"wp-block-verse\"><strong>Rafael Guimar\u00e3es Rodrigues<\/strong>\nProfessor no Colegiado de Sistemas de Informa\u00e7\u00e3o - CEFET\/RJ\n<a href=\"http:\/\/lattes.cnpq.br\/8104715423380929\">http:\/\/lattes.cnpq.br\/8104715423380929<\/a>\ne-mail: rafael.rodrigues@cefet-rj.br<\/pre>\n\n\n\n<p style=\"font-size:24px\"><strong>Alunos<\/strong><\/p>\n\n\n\n<pre class=\"wp-block-verse\"><strong>Luciana da Costa Varjolo<\/strong>\n<a href=\"http:\/\/lattes.cnpq.br\/6061082816112231\">http:\/\/lattes.cnpq.br\/6061082816112231<\/a>\nMestranda em Ci\u00eancia da computa\u00e7\u00e3o<\/pre>\n\n\n\n<hr class=\"wp-block-separator has-text-color has-background has-very-light-gray-background-color has-very-light-gray-color is-style-wide\"\/>\n\n\n\n<pre class=\"wp-block-verse\"><strong>Felipe Oliveira Feder<\/strong>\n<a href=\"http:\/\/lattes.cnpq.br\/6061082816112231\">http:\/\/lattes.cnpq.br\/5166945003916197<\/a>\nMestrando em Ci\u00eancia da computa\u00e7\u00e3o<\/pre>\n\n\n\n<hr class=\"wp-block-separator has-text-color has-background has-very-light-gray-background-color has-very-light-gray-color is-style-wide\"\/>\n\n\n\n<pre class=\"wp-block-verse\"><strong>Thiago Soares de Paula<\/strong>\n<a href=\"http:\/\/lattes.cnpq.br\/6061082816112231\">http:\/\/lattes.cnpq.br\/1297165254678038<\/a>\nMestrando em Ci\u00eancia da computa\u00e7\u00e3o<\/pre>\n\n\n\n<hr class=\"wp-block-separator has-text-color has-background has-very-light-gray-background-color has-very-light-gray-color is-style-wide\"\/>\n\n\n\n<pre class=\"wp-block-verse\"><strong>Vinicius Soares dos Santos<\/strong>\n\nMestrando em Ci\u00eancia da computa\u00e7\u00e3o<\/pre>\n\n\n\n<hr class=\"wp-block-separator has-text-color has-background has-very-light-gray-background-color has-very-light-gray-color is-style-wide\"\/>\n\n\n\n<pre class=\"wp-block-verse\"><strong>Helder Yukio Okuno<\/strong>\n<a href=\"http:\/\/lattes.cnpq.br\/1288915712364575\">http:\/\/lattes.cnpq.br\/1288915712364575<\/a>\nMestrando em Ci\u00eancia da computa\u00e7\u00e3o<\/pre>\n\n\n\n<hr class=\"wp-block-separator has-text-color has-background has-very-light-gray-background-color has-very-light-gray-color is-style-wide\"\/>\n\n\n\n<pre class=\"wp-block-verse\"><strong>Flavio Matias Damasceno de Carvalho<\/strong>\n<a rel=\"noreferrer noopener\" href=\"http:\/\/lattes.cnpq.br\/9292243089234450\" target=\"_blank\">http:\/\/lattes.cnpq.br\/9292243089234450<\/a>\nORCID:&nbsp;<a rel=\"noreferrer noopener\" href=\"https:\/\/orcid.org\/0000-0003-4317-5700\" target=\"_blank\">https:\/\/orcid.org\/0000-0003-4317-5700<\/a>\nMestrado em Ci\u00eancia da Computa\u00e7\u00e3o : 02\/2017 - 03\/2019\nDoutorado em Engenharia de Produ\u00e7\u00e3o: 09\/2019 -<\/pre>\n\n\n\n<hr class=\"wp-block-separator has-text-color has-background has-very-light-gray-background-color has-very-light-gray-color is-style-wide\"\/>\n\n\n\n<pre class=\"wp-block-verse\"><strong>Leonardo Ferreira dos Santos<\/strong>\n<a href=\"http:\/\/lattes.cnpq.br\/9898383440240299\">http:\/\/lattes.cnpq.br\/9898383440240299<\/a>\nMestre em Ci\u00eancia da Computa\u00e7\u00e3o<\/pre>\n\n\n\n<hr class=\"wp-block-separator has-text-color has-background has-very-light-gray-background-color has-very-light-gray-color is-style-wide\"\/>\n\n\n\n<pre class=\"wp-block-verse\"><strong>Rodolpho da Silva Nascimento<\/strong>\n<a href=\"http:\/\/lattes.cnpq.br\/4368734763628100\">http:\/\/lattes.cnpq.br\/4368734763628100<\/a>\nMestre em Ci\u00eancia da Computa\u00e7\u00e3o<\/pre>\n\n\n\n<hr class=\"wp-block-separator has-text-color has-background has-very-light-gray-background-color has-very-light-gray-color is-style-wide\"\/>\n\n\n\n<pre class=\"wp-block-verse\"><strong>Alexandre Martins da Cunha<\/strong>\n<a href=\"http:\/\/lattes.cnpq.br\/5226769352079256\">http:\/\/lattes.cnpq.br\/5226769352079256<\/a>\nORCID: <a href=\"https:\/\/orcid.org\/0000-0002-6770-7751\">https:\/\/orcid.org\/0000-0002-6770-7751<\/a>\nMestre em Ci\u00eancia da Computa\u00e7\u00e3o\n<\/pre>\n\n\n\n<hr class=\"wp-block-separator has-text-color has-background has-very-light-gray-background-color has-very-light-gray-color is-style-wide\"\/>\n\n\n\n<pre class=\"wp-block-verse\"><strong>Gabriel Nascimento dos Santos <\/strong>\n<a href=\"http:\/\/lattes.cnpq.br\/5306702950602568 \">http:\/\/lattes.cnpq.br\/5306702950602568 <\/a>\nMestre em Ci\u00eancia da Computa\u00e7\u00e3o<\/pre>\n","protected":false},"excerpt":{"rendered":"<p>Lider Gustavo Paiva Guedes e Silva (GUEDES, G.; GUEDES, Gustavo Paiva;) Professor na&nbsp;Escola de Inform\u00e1tica e Computa\u00e7\u00e3o&nbsp;&#8211; CEFET\/RJ Tese de<\/p>\n","protected":false},"author":1,"featured_media":0,"parent":0,"menu_order":0,"comment_status":"closed","ping_status":"closed","template":"","meta":{"colormag_page_container_layout":"default_layout","colormag_page_sidebar_layout":"default_layout","footnotes":""},"class_list":["post-38","page","type-page","status-publish","hentry"],"_links":{"self":[{"href":"https:\/\/eic.cefet-rj.br\/~lacafe\/wp-json\/wp\/v2\/pages\/38","targetHints":{"allow":["GET"]}}],"collection":[{"href":"https:\/\/eic.cefet-rj.br\/~lacafe\/wp-json\/wp\/v2\/pages"}],"about":[{"href":"https:\/\/eic.cefet-rj.br\/~lacafe\/wp-json\/wp\/v2\/types\/page"}],"author":[{"embeddable":true,"href":"https:\/\/eic.cefet-rj.br\/~lacafe\/wp-json\/wp\/v2\/users\/1"}],"replies":[{"embeddable":true,"href":"https:\/\/eic.cefet-rj.br\/~lacafe\/wp-json\/wp\/v2\/comments?post=38"}],"version-history":[{"count":29,"href":"https:\/\/eic.cefet-rj.br\/~lacafe\/wp-json\/wp\/v2\/pages\/38\/revisions"}],"predecessor-version":[{"id":284,"href":"https:\/\/eic.cefet-rj.br\/~lacafe\/wp-json\/wp\/v2\/pages\/38\/revisions\/284"}],"wp:attachment":[{"href":"https:\/\/eic.cefet-rj.br\/~lacafe\/wp-json\/wp\/v2\/media?parent=38"}],"curies":[{"name":"wp","href":"https:\/\/api.w.org\/{rel}","templated":true}]}}