{"id":211,"date":"2022-05-21T19:10:38","date_gmt":"2022-05-21T22:10:38","guid":{"rendered":"https:\/\/eic.cefet-rj.br\/~lacafe\/?page_id=211"},"modified":"2022-05-21T19:10:38","modified_gmt":"2022-05-21T22:10:38","slug":"assedio","status":"publish","type":"page","link":"https:\/\/eic.cefet-rj.br\/~lacafe\/assedio\/","title":{"rendered":"Ass\u00e9dio"},"content":{"rendered":"\n<p>Esta p\u00e1gina tem a finalidade de divulgar cartilhas que envolvem o <strong>ass\u00e9dio sexual <\/strong>e <strong>ass\u00e9dio moral<\/strong> sofrido por alunos. O objetivo \u00e9 proporcionar informa\u00e7\u00e3o aos alunos, de maneira que possam reconhecer os tipos de ass\u00e9dio e entender como proceder quando forem assediados.<\/p>\n\n\n\n<p><a href=\"https:\/\/www.gov.br\/ebserh\/pt-br\/hospitais-universitarios\/regiao-sudeste\/hc-ufmg\/acesso-a-informacao\/servidores\/assedio-moral\/cartilha_assedio_e_crime_2018.pdf\/@@download\/file\/cartilha_assedio_e_crime_2018.pdf\">Cartilha Ass\u00e9dio \u00e9 Crime da UFMG<\/a><\/p>\n\n\n\n<p><a href=\"https:\/\/www.fm.usp.br\/rede-apoio\/conteudo\/cartilha_contra_assedio-nedh-tudo-junto-r1-digital.pdf\">Cartilha de Ass\u00e9dio (O que \u00e9? O que fazer?) da faculdade de Medina da USP<\/a><\/p>\n\n\n\n<p><a href=\"https:\/\/portal.ifma.edu.br\/wp-content\/uploads\/2019\/08\/Cartilha-Ass%C3%A9dio-Sexual-Atualizada.pdf\">Cartilha de campanha contra o ass\u00e9dio sexual do IFMA<\/a><\/p>\n\n\n\n<p><a href=\"https:\/\/ufal.br\/servidor\/documentos\/outros\/cartilha-de-combate-ao-assedio-moral-e-sexual-ufal.pdf\/@@download\/file\/Cartilha%20de%20Combate%20ao%20Ass%C3%A9dio%20Moral%20e%20Sexual-%20Ufal.pdf\">Cartilha de combate ao ass\u00e9dio sexual e moral da UFAL<\/a> <\/p>\n\n\n\n<p><a href=\"https:\/\/www.ufac.br\/ufac\/prodgep\/cartilhaassediodigital.pdf\">Cartilha de enfrentamento aos ass\u00e9dios moral e sexual da UFAC<\/a><\/p>\n\n\n\n<p><a href=\"http:\/\/www2.ifam.edu.br\/noticias\/conheca-a-cartilha-que-trata-sobre-abuso-e-assedio-sexual\/cartilhacampanha2019alteracao3.pdf\">Cartilha de orienta\u00e7\u00f5es para a preven\u00e7\u00e3o e combate ao abuso e ass\u00e9dio sexual do IFAM<\/a><\/p>\n\n\n\n<p><a href=\"https:\/\/unipampa.edu.br\/portal\/unipampa-lanca-cartilha-de-prevencao-ao-assedio-moral\">Cartilha de preven\u00e7\u00e3o ao ass\u00e9dio moral da UNIPAMPA<\/a><\/p>\n\n\n\n<p><a href=\"https:\/\/educapes.capes.gov.br\/bitstream\/capes\/571885\/2\/Cartilha%20Informativa%20sobre%20o%20Ass%C3%A9dio.pdf\">Cartilha informativa de ass\u00e9dio do CAP &#8211; UERJ<\/a><\/p>\n\n\n\n<p><a href=\"https:\/\/www.sjbv.unesp.br\/Home\/guia-prevencao-assedio-_unesp_santander.pdf\">Guia de preven\u00e7\u00e3o de ass\u00e9dio da UNESP\/Santander<\/a><\/p>\n\n\n\n<p><a href=\"https:\/\/portal.ifba.edu.br\/salvador\/documentos\/noticias\/2022\/cartilha-enfrentamento-aos-assedios_cpca_ifba_ssa-2022.pdf\">Cartilha x\u00f4 ass\u00e9dio da IFBA<\/a><\/p>\n","protected":false},"excerpt":{"rendered":"<p>Esta p\u00e1gina tem a finalidade de divulgar cartilhas que envolvem o ass\u00e9dio sexual e ass\u00e9dio moral sofrido por alunos. O<\/p>\n","protected":false},"author":1,"featured_media":0,"parent":0,"menu_order":0,"comment_status":"closed","ping_status":"closed","template":"","meta":{"colormag_page_container_layout":"default_layout","colormag_page_sidebar_layout":"default_layout","footnotes":""},"class_list":["post-211","page","type-page","status-publish","hentry"],"_links":{"self":[{"href":"https:\/\/eic.cefet-rj.br\/~lacafe\/wp-json\/wp\/v2\/pages\/211","targetHints":{"allow":["GET"]}}],"collection":[{"href":"https:\/\/eic.cefet-rj.br\/~lacafe\/wp-json\/wp\/v2\/pages"}],"about":[{"href":"https:\/\/eic.cefet-rj.br\/~lacafe\/wp-json\/wp\/v2\/types\/page"}],"author":[{"embeddable":true,"href":"https:\/\/eic.cefet-rj.br\/~lacafe\/wp-json\/wp\/v2\/users\/1"}],"replies":[{"embeddable":true,"href":"https:\/\/eic.cefet-rj.br\/~lacafe\/wp-json\/wp\/v2\/comments?post=211"}],"version-history":[{"count":3,"href":"https:\/\/eic.cefet-rj.br\/~lacafe\/wp-json\/wp\/v2\/pages\/211\/revisions"}],"predecessor-version":[{"id":214,"href":"https:\/\/eic.cefet-rj.br\/~lacafe\/wp-json\/wp\/v2\/pages\/211\/revisions\/214"}],"wp:attachment":[{"href":"https:\/\/eic.cefet-rj.br\/~lacafe\/wp-json\/wp\/v2\/media?parent=211"}],"curies":[{"name":"wp","href":"https:\/\/api.w.org\/{rel}","templated":true}]}}