{"id":10,"date":"2020-07-18T10:44:26","date_gmt":"2020-07-18T13:44:26","guid":{"rendered":"https:\/\/eic.cefet-rj.br\/~jsoares\/?page_id=10"},"modified":"2024-05-23T07:49:34","modified_gmt":"2024-05-23T10:49:34","slug":"sobre","status":"publish","type":"page","link":"https:\/\/eic.cefet-rj.br\/~jsoares\/","title":{"rendered":"Jorge Soares"},"content":{"rendered":"<p><img loading=\"lazy\" decoding=\"async\" class=\"alignnone wp-image-288\" src=\"https:\/\/eic.cefet-rj.br\/~jsoares\/wp-content\/uploads\/2023\/03\/Jorge-Soares-MAR-2023-225x300.jpg\" alt=\"Prof. Jorge Soares\" width=\"200\" height=\"267\" srcset=\"https:\/\/eic.cefet-rj.br\/~jsoares\/wp-content\/uploads\/2023\/03\/Jorge-Soares-MAR-2023-225x300.jpg 225w, https:\/\/eic.cefet-rj.br\/~jsoares\/wp-content\/uploads\/2023\/03\/Jorge-Soares-MAR-2023-768x1024.jpg 768w, https:\/\/eic.cefet-rj.br\/~jsoares\/wp-content\/uploads\/2023\/03\/Jorge-Soares-MAR-2023-389x519.jpg 389w, https:\/\/eic.cefet-rj.br\/~jsoares\/wp-content\/uploads\/2023\/03\/Jorge-Soares-MAR-2023.jpg 960w\" sizes=\"auto, (max-width: 200px) 100vw, 200px\" \/><\/p>\n<p>Ol\u00e1! Sou o professor Jorge Soares. Trabalho desde 2004 no <a href=\"http:\/\/portal.cefet-rj.br\"><b>CEFET\/RJ &#8211; Centro Federal de Educa\u00e7\u00e3o Tecnol\u00f3gica Celso Suckow da Fonseca<\/b><\/a>, unidade Maracan\u00e3.<br \/>\nIntegro a <strong><a href=\"http:\/\/eic.cefet-rj.br\">Escola de Inform\u00e1tica e Computa\u00e7\u00e3o (EIC)<\/a><\/strong>, composta pelo Departamento Acad\u00eamico de Inform\u00e1tica (DEPIN) e pela Coordena\u00e7\u00e3o do Curso T\u00e9cnico de Inform\u00e1tica (COINFO).<br \/>\nParticipo tamb\u00e9m como professor do quadro permanente do <a style=\"font-family: inherit; font-size: inherit;\" href=\"http:\/\/eic.cefet-rj.br\/ppcic\"><strong>Programa de P\u00f3s-Gradua\u00e7\u00e3o em Ci\u00eancia da Computa\u00e7\u00e3o (PPCIC)<\/strong><\/a><span style=\"font-family: inherit; font-size: inherit;\"> do CEFET\/RJ.<\/span><\/p>\n<p>&nbsp;<\/p>\n<p><strong><u>Forma\u00e7\u00e3o<\/u><\/strong>:<\/p>\n<ul>\n<li>Doutorado em Engenharia de Sistemas e Computa\u00e7\u00e3o &#8211; COPPE\/UFRJ (2007)<\/li>\n<li>Mestrado em Engenharia de Sistemas e Computa\u00e7\u00e3o &#8211; COPPE\/UFRJ (2000)<\/li>\n<li>Bacharelado em Ci\u00eancia da Computa\u00e7\u00e3o &#8211; UFRJ (1995)<\/li>\n<\/ul>\n<p><strong><u>\u00c1reas de interesse<\/u><\/strong>:<\/p>\n<ul>\n<li>Bancos de dados<\/li>\n<li>Ci\u00eancia de dados<\/li>\n<li>Intelig\u00eancia Artificial Centrada em Dados (DCAI &#8211; <em>Data-Centric Artificial Intelligence<\/em>)<\/li>\n<li>Pr\u00e9-processamento de dados<\/li>\n<li>Intelig\u00eancia de neg\u00f3cios\/Intelig\u00eancia competitiva<\/li>\n<li>Machine Learning (aprendizado de m\u00e1quina)<\/li>\n<\/ul>\n<p><em><span style=\"text-decoration: underline;\">Contato<\/span>: jorge.soares arroba cefet-rj ponto br<\/em><\/p>\n","protected":false},"excerpt":{"rendered":"<p>Ol\u00e1! Sou o professor Jorge Soares. Trabalho desde 2004 no CEFET\/RJ &#8211; Centro Federal de Educa\u00e7\u00e3o Tecnol\u00f3gica Celso Suckow da Fonseca, unidade Maracan\u00e3. Integro a Escola de Inform\u00e1tica e Computa\u00e7\u00e3o (EIC), composta pelo Departamento Acad\u00eamico de Inform\u00e1tica (DEPIN) e pela Coordena\u00e7\u00e3o do Curso T\u00e9cnico de Inform\u00e1tica (COINFO). Participo tamb\u00e9m como professor do quadro permanente do [&hellip;]<\/p>\n","protected":false},"author":1,"featured_media":0,"parent":0,"menu_order":0,"comment_status":"closed","ping_status":"closed","template":"","meta":{"footnotes":""},"class_list":["post-10","page","type-page","status-publish","hentry"],"_links":{"self":[{"href":"https:\/\/eic.cefet-rj.br\/~jsoares\/wp-json\/wp\/v2\/pages\/10","targetHints":{"allow":["GET"]}}],"collection":[{"href":"https:\/\/eic.cefet-rj.br\/~jsoares\/wp-json\/wp\/v2\/pages"}],"about":[{"href":"https:\/\/eic.cefet-rj.br\/~jsoares\/wp-json\/wp\/v2\/types\/page"}],"author":[{"embeddable":true,"href":"https:\/\/eic.cefet-rj.br\/~jsoares\/wp-json\/wp\/v2\/users\/1"}],"replies":[{"embeddable":true,"href":"https:\/\/eic.cefet-rj.br\/~jsoares\/wp-json\/wp\/v2\/comments?post=10"}],"version-history":[{"count":50,"href":"https:\/\/eic.cefet-rj.br\/~jsoares\/wp-json\/wp\/v2\/pages\/10\/revisions"}],"predecessor-version":[{"id":319,"href":"https:\/\/eic.cefet-rj.br\/~jsoares\/wp-json\/wp\/v2\/pages\/10\/revisions\/319"}],"wp:attachment":[{"href":"https:\/\/eic.cefet-rj.br\/~jsoares\/wp-json\/wp\/v2\/media?parent=10"}],"curies":[{"name":"wp","href":"https:\/\/api.w.org\/{rel}","templated":true}]}}