{"id":230,"date":"2018-04-14T13:53:51","date_gmt":"2018-04-14T13:53:51","guid":{"rendered":"http:\/\/eic.cefet-rj.br\/~jsantos\/?page_id=230"},"modified":"2018-04-20T00:12:55","modified_gmt":"2018-04-20T00:12:55","slug":"avaliacao-do-ncl-tester","status":"publish","type":"page","link":"https:\/\/eic.cefet-rj.br\/~jsantos\/avaliacao-do-ncl-tester\/","title":{"rendered":"Avalia\u00e7\u00e3o do NCL-Tester"},"content":{"rendered":"<p>Bem-vindo \u00e0 p\u00e1gina da avalia\u00e7\u00e3o da Ferramenta NCL-Tester.<\/p>\n<p>O teste consiste em duas etapas, o teste do funcionamento de um documento NCL e o preenchimento do formul\u00e1rio de avalia\u00e7\u00e3o. Para a execu\u00e7\u00e3o do teste, pedimos que marque o tempo utilizado na primeira etapa de testes.<\/p>\n<blockquote><p>A Aplica\u00e7\u00e3o de Teste<\/p><\/blockquote>\n<p>A aplica\u00e7\u00e3o de testes\u00a0foi concebida para funcionar de acordo com a descri\u00e7\u00e3o abaixo.<\/p>\n<p style=\"padding-left: 30px;\">A aplica\u00e7\u00e3o apresenta um v\u00eddeo V1 em tela cheia. Durante a apresenta\u00e7\u00e3o de V1, o usu\u00e1rio pode interagir com a aplica\u00e7\u00e3o por meio da tecla vermelha do controle remoto, de modo que um v\u00eddeo V2 \u00e9 apresentado, no canto superior direito da tela, seguido de um v\u00eddeo V3, na mesma posi\u00e7\u00e3o.<\/p>\n<p style=\"padding-left: 30px;\">Ao fim da apresenta\u00e7\u00e3o de V1, um v\u00eddeo V4 \u00e9 apresentado, no canto inferior esquerdo da tela, em paralelo com uma segunda exibi\u00e7\u00e3o do v\u00eddeo V2,tamb\u00e9m no canto superior direito da tela.<\/p>\n<p style=\"padding-left: 30px;\">Assim que o v\u00eddeo V4 termina, termina tamb\u00e9m a apresenta\u00e7\u00e3o de V2. Ao mesmo tempo come\u00e7a a apresenta\u00e7\u00e3o dos v\u00eddeos V5 e V6, ambos ocupando uma metade da tela.<\/p>\n<p style=\"padding-left: 30px;\">Ao t\u00e9rmino dos v\u00eddeos V5 e V6, um v\u00eddeo V7 \u00e9 apresentado em tela cheia.<\/p>\n<blockquote><p>A Tarefa<\/p><\/blockquote>\n<p>O c\u00f3digo produzido, bem como as m\u00eddias utilizadas, est\u00e3o dispon\u00edveis para download no seguinte <a href=\"https:\/\/www.dropbox.com\/sh\/lrfgrvzisjv0deh\/AAAdgxAeTD1jZxzfmOtCVZyaa?dl=0\">link<\/a>. Sua tarefa \u00e9 verificar se o c\u00f3digo produzido est\u00e1 de acordo com a descri\u00e7\u00e3o acima. A condu\u00e7\u00e3o da verifica\u00e7\u00e3o dever\u00e1 ser feita como segue:<\/p>\n<ul>\n<li>Se voc\u00ea faz parte do <strong>GRUPO 1<\/strong>, voc\u00ea dever\u00e1 verificar o funcionamento da aplica\u00e7\u00e3o executando-a na m\u00e1quina <a href=\"http:\/\/www.gingancl.org.br\/pt-br\/ferramentas\">virtual do Ginga<\/a> (ou ferramenta equivalente). Apesar de n\u00e3o ser necess\u00e1rio, voc\u00ea poder\u00e1 fazer a verifica\u00e7\u00e3o por inspe\u00e7\u00e3o de c\u00f3digo.<\/li>\n<li>Se voc\u00ea faz parte do <strong>GRUPO 2<\/strong>, voc\u00ea dever\u00e1 verificar o funcionamento da aplica\u00e7\u00e3o usando a ferramenta <a href=\"https:\/\/www.dropbox.com\/sh\/u1f8cd1p0texsvm\/AABVwMlmkb8iLsOxmuXLe83aa?dl=0\">NCL-Tester<\/a>\u00a0<em>(Verifique o README no link sobre como executar a ferramenta)<\/em>. Nesse caso, voc\u00ea n\u00e3o poder\u00e1 executar a aplica\u00e7\u00e3o, devendo usar apenas a ferramenta NCL-Tester.<\/li>\n<\/ul>\n<p>N\u00e3o se esque\u00e7a de contar o tempo utilizado na tarefa. A tarefa \u00e9 dada como conclu\u00edda uma vez que voc\u00ea est\u00e1 confiante de que a aplica\u00e7\u00e3o funciona corretamente, ou, caso contr\u00e1rio, que todos os erros foram identificados.<\/p>\n<p>Uma vez terminada a verifica\u00e7\u00e3o responda ao <a href=\"https:\/\/docs.google.com\/forms\/d\/e\/1FAIpQLSen108nIxFZOUUbh49bxIKJhb-MlEUOXYFEqLFYWauIrniomw\/viewform?usp=sf_link\">formul\u00e1rio de avalia\u00e7\u00e3o<\/a>.<\/p>\n","protected":false},"excerpt":{"rendered":"<p>Bem-vindo \u00e0 p\u00e1gina da avalia\u00e7\u00e3o da Ferramenta NCL-Tester. O teste consiste em duas etapas, o teste do funcionamento de um documento NCL e o preenchimento do formul\u00e1rio de avalia\u00e7\u00e3o. Para a execu\u00e7\u00e3o do teste, pedimos que marque o tempo utilizado na primeira etapa de testes. A Aplica\u00e7\u00e3o de Teste A aplica\u00e7\u00e3o de testes\u00a0foi concebida para &#8230; <a title=\"Avalia\u00e7\u00e3o do NCL-Tester\" class=\"read-more\" href=\"https:\/\/eic.cefet-rj.br\/~jsantos\/avaliacao-do-ncl-tester\/\" aria-label=\"Read more about Avalia\u00e7\u00e3o do NCL-Tester\">Ler mais<\/a><\/p>\n","protected":false},"author":1,"featured_media":0,"parent":0,"menu_order":0,"comment_status":"closed","ping_status":"closed","template":"","meta":{"footnotes":""},"class_list":["post-230","page","type-page","status-publish"],"_links":{"self":[{"href":"https:\/\/eic.cefet-rj.br\/~jsantos\/wp-json\/wp\/v2\/pages\/230","targetHints":{"allow":["GET"]}}],"collection":[{"href":"https:\/\/eic.cefet-rj.br\/~jsantos\/wp-json\/wp\/v2\/pages"}],"about":[{"href":"https:\/\/eic.cefet-rj.br\/~jsantos\/wp-json\/wp\/v2\/types\/page"}],"author":[{"embeddable":true,"href":"https:\/\/eic.cefet-rj.br\/~jsantos\/wp-json\/wp\/v2\/users\/1"}],"replies":[{"embeddable":true,"href":"https:\/\/eic.cefet-rj.br\/~jsantos\/wp-json\/wp\/v2\/comments?post=230"}],"version-history":[{"count":2,"href":"https:\/\/eic.cefet-rj.br\/~jsantos\/wp-json\/wp\/v2\/pages\/230\/revisions"}],"predecessor-version":[{"id":234,"href":"https:\/\/eic.cefet-rj.br\/~jsantos\/wp-json\/wp\/v2\/pages\/230\/revisions\/234"}],"wp:attachment":[{"href":"https:\/\/eic.cefet-rj.br\/~jsantos\/wp-json\/wp\/v2\/media?parent=230"}],"curies":[{"name":"wp","href":"https:\/\/api.w.org\/{rel}","templated":true}]}}