{"id":2,"date":"2019-04-11T22:23:07","date_gmt":"2019-04-12T01:23:07","guid":{"rendered":"https:\/\/eic.cefet-rj.br\/~jquadros\/?page_id=2"},"modified":"2020-05-08T23:54:43","modified_gmt":"2020-05-09T02:54:43","slug":"pagina-exemplo","status":"publish","type":"page","link":"https:\/\/eic.cefet-rj.br\/~jquadros\/","title":{"rendered":"Professor Jo\u00e3o Quadros"},"content":{"rendered":"\n<p>P\u00e1gina do professor Dr. Jo\u00e3o Quadros.<\/p>\n\n\n\n<p>Sou professor do CEFET\/RJ desde 2003, comecei com substituto em Engenharia El\u00e9trica, depois foi efetivado no Curso T\u00e9cnico de Inform\u00e1tica. Fui coordenador do Curso Superior de Tecnologia em Sistemas WEB, de 2005 at\u00e9 2006. Fui coordenador do Curso T\u00e9cnico de Inform\u00e1tica de 2006 at\u00e9 2014. Atuei como professor em Engenharia El\u00e9trica (especialidade de Eletr\u00f4nica), Engenharia Eletr\u00f4nica, no Curso T\u00e9cnico de Inform\u00e1tica, no Cursos Superior de Tecnologia de Sistemas WEB, no Bacharelado de Ci\u00eancia da Computa\u00e7\u00e3o e no mestrado em Ci\u00eancia da Computa\u00e7\u00e3o. Atualmente sou professor Titular em Engenharia Eletr\u00f4nica, continuo ministrando minhas aulas no Curso T\u00e9cnico, que eu amo, e tamb\u00e9m no mestrado de Ci\u00eancia e Computa\u00e7\u00e3o,<\/p>\n\n\n\n<p>Tenho Doutorado em Ci\u00eancia dos Materiais, pelo Instituto Militar de Engenharia (IME-RJ), Mestrado em Sistemas e Computa\u00e7\u00e3o , tamb\u00e9m pelo Instituto Militar de Engenharia. Sou p\u00f3s-graduado em Doc\u00eancia Superior pela Faculdade Benthencourt da Silva (FABES-RJ) e graduado pela UERJ em Engenharia El\u00e9trica, com \u00eanfase em Sistemas de Computa\u00e7\u00e3o<\/p>\n\n\n\n<p>Antes do CEFET\/RJ iniciei minha vida profissional em 1985, quando fui estagi\u00e1rio na COBRA Computadores SA, depois fui para o Instituto de Pesquisas da Marinha, Nasajon Sistemas, Telerj, Telerj Celular e por fim a Xerox do Brasil, no qual fui Gerente Executivo de Projetos.<\/p>\n\n\n\n<p>No CEFET, aproveitando minha vida acad\u00eamica e experi\u00eancia profissional, me especializei no estudo e pesquisa de ferramentas rob\u00f3ticas m\u00f3veis, entre elas, ve\u00edculos a\u00e9reos n\u00e3o-tripulados (VANTs), tais como drones e similares. Junto a isso  tamb\u00e9m atuo na pesquisa e desenvolvimento de aplicativos voltados para educa\u00e7\u00e3o e em pesquisas direcionadas para utiliza\u00e7\u00e3o de competi\u00e7\u00f5es de Tecnologia de Informa\u00e7\u00e3o como instrumento did\u00e1tico e l\u00fadico, n\u00e3o s\u00f3 para ensino, mas para fortalecimento de caracter\u00edsticas psicol\u00f3gicas positivas, tais como autoestima, valoriza\u00e7\u00e3o pessoal e afins.<\/p>\n\n\n\n<p><\/p>\n\n\n\n<p>Ultimas atividades (Ajuda contra o COVID19)<\/p>\n\n\n\n<figure class=\"wp-block-embed-wordpress wp-block-embed is-type-wp-embed is-provider-joao-quadros\"><div class=\"wp-block-embed__wrapper\">\n<blockquote class=\"wp-embedded-content\" data-secret=\"0oOgpZiLOj\"><a href=\"https:\/\/eic.cefet-rj.br\/~jquadros\/2019\/04\/11\/ola-mundo\/\">DEELT\/PPCIC Contra o COVID19<\/a><\/blockquote><iframe loading=\"lazy\" class=\"wp-embedded-content\" sandbox=\"allow-scripts\" security=\"restricted\" style=\"position: absolute; visibility: hidden;\" title=\"&#8220;DEELT\/PPCIC Contra o COVID19&#8221; &#8212; Jo\u00e3o Quadros\" src=\"https:\/\/eic.cefet-rj.br\/~jquadros\/2019\/04\/11\/ola-mundo\/embed\/#?secret=4iah2IZZYX#?secret=0oOgpZiLOj\" data-secret=\"0oOgpZiLOj\" width=\"500\" height=\"282\" frameborder=\"0\" marginwidth=\"0\" marginheight=\"0\" scrolling=\"no\"><\/iframe>\n<\/div><\/figure>\n","protected":false},"excerpt":{"rendered":"<p>P\u00e1gina do professor Dr. Jo\u00e3o Quadros. Sou professor do CEFET\/RJ desde 2003, comecei com substituto em Engenharia El\u00e9trica, depois foi [&hellip;]<\/p>\n","protected":false},"author":1,"featured_media":0,"parent":0,"menu_order":0,"comment_status":"closed","ping_status":"open","template":"","meta":{"site-sidebar-layout":"default","site-content-layout":"","ast-site-content-layout":"default","site-content-style":"default","site-sidebar-style":"default","ast-global-header-display":"","ast-banner-title-visibility":"","ast-main-header-display":"","ast-hfb-above-header-display":"","ast-hfb-below-header-display":"","ast-hfb-mobile-header-display":"","site-post-title":"","ast-breadcrumbs-content":"","ast-featured-img":"","footer-sml-layout":"","ast-disable-related-posts":"","theme-transparent-header-meta":"","adv-header-id-meta":"","stick-header-meta":"","header-above-stick-meta":"","header-main-stick-meta":"","header-below-stick-meta":"","astra-migrate-meta-layouts":"default","ast-page-background-enabled":"default","ast-page-background-meta":{"desktop":{"background-color":"var(--ast-global-color-5)","background-image":"","background-repeat":"repeat","background-position":"center center","background-size":"auto","background-attachment":"scroll","background-type":"","background-media":"","overlay-type":"","overlay-color":"","overlay-opacity":"","overlay-gradient":""},"tablet":{"background-color":"","background-image":"","background-repeat":"repeat","background-position":"center center","background-size":"auto","background-attachment":"scroll","background-type":"","background-media":"","overlay-type":"","overlay-color":"","overlay-opacity":"","overlay-gradient":""},"mobile":{"background-color":"","background-image":"","background-repeat":"repeat","background-position":"center center","background-size":"auto","background-attachment":"scroll","background-type":"","background-media":"","overlay-type":"","overlay-color":"","overlay-opacity":"","overlay-gradient":""}},"ast-content-background-meta":{"desktop":{"background-color":"var(--ast-global-color-4)","background-image":"","background-repeat":"repeat","background-position":"center center","background-size":"auto","background-attachment":"scroll","background-type":"","background-media":"","overlay-type":"","overlay-color":"","overlay-opacity":"","overlay-gradient":""},"tablet":{"background-color":"var(--ast-global-color-4)","background-image":"","background-repeat":"repeat","background-position":"center center","background-size":"auto","background-attachment":"scroll","background-type":"","background-media":"","overlay-type":"","overlay-color":"","overlay-opacity":"","overlay-gradient":""},"mobile":{"background-color":"var(--ast-global-color-4)","background-image":"","background-repeat":"repeat","background-position":"center center","background-size":"auto","background-attachment":"scroll","background-type":"","background-media":"","overlay-type":"","overlay-color":"","overlay-opacity":"","overlay-gradient":""}},"footnotes":""},"class_list":["post-2","page","type-page","status-publish","hentry"],"_links":{"self":[{"href":"https:\/\/eic.cefet-rj.br\/~jquadros\/wp-json\/wp\/v2\/pages\/2","targetHints":{"allow":["GET"]}}],"collection":[{"href":"https:\/\/eic.cefet-rj.br\/~jquadros\/wp-json\/wp\/v2\/pages"}],"about":[{"href":"https:\/\/eic.cefet-rj.br\/~jquadros\/wp-json\/wp\/v2\/types\/page"}],"author":[{"embeddable":true,"href":"https:\/\/eic.cefet-rj.br\/~jquadros\/wp-json\/wp\/v2\/users\/1"}],"replies":[{"embeddable":true,"href":"https:\/\/eic.cefet-rj.br\/~jquadros\/wp-json\/wp\/v2\/comments?post=2"}],"version-history":[{"count":5,"href":"https:\/\/eic.cefet-rj.br\/~jquadros\/wp-json\/wp\/v2\/pages\/2\/revisions"}],"predecessor-version":[{"id":18,"href":"https:\/\/eic.cefet-rj.br\/~jquadros\/wp-json\/wp\/v2\/pages\/2\/revisions\/18"}],"wp:attachment":[{"href":"https:\/\/eic.cefet-rj.br\/~jquadros\/wp-json\/wp\/v2\/media?parent=2"}],"curies":[{"name":"wp","href":"https:\/\/api.w.org\/{rel}","templated":true}]}}