{"id":40,"date":"2019-10-01T01:53:12","date_gmt":"2019-10-01T04:53:12","guid":{"rendered":"https:\/\/eic.cefet-rj.br\/~iribeiro\/?page_id=40"},"modified":"2026-02-24T12:59:45","modified_gmt":"2026-02-24T15:59:45","slug":"teaching","status":"publish","type":"page","link":"https:\/\/eic.cefet-rj.br\/~iribeiro\/teaching\/","title":{"rendered":"Teaching"},"content":{"rendered":"<h2>2026.1<\/h2>\n<ul>\n<li><a href=\"https:\/\/eic.cefet-rj.br\/~iribeiro\/sistemas-operacionais-t1\/\">Sistemas Operacionais (Turma 1) &#8211; Gradua\u00e7\u00e3o<\/a><\/li>\n<li><a href=\"https:\/\/eic.cefet-rj.br\/~iribeiro\/sistemas-operacionais-t2\/\">Sistemas Operacionais (Turma 2) &#8211; Gradua\u00e7\u00e3o<\/a><\/li>\n<\/ul>\n<hr \/>\n<h2>Per\u00edodos Anteriores<\/h2>\n<h3>Gradua\u00e7\u00e3o em Ci\u00eancia da Computa\u00e7\u00e3o<\/h3>\n<ul>\n<li>Sistemas Operacionais (2021.1|2021.2|2022.1|2022.2|2023.1|2023.2|2024.1|2024.2|2025.1|2025.2)<\/li>\n<li>Fundamentos de An\u00e1lise de Softwares Maliciosos (2022.2|2023.1|2025.2)<\/li>\n<li>Arquiteturas Avan\u00e7adas de Computadores (2021.1|2021.2|2022.1|2022.2|2023.1|2023.2)<\/li>\n<li>L\u00f3gica Matem\u00e1tica (2019.2|2020.1|2020.2|2021.1|2021.2|2022.1)<\/li>\n<li>Estat\u00edstica e Probabilidade (2019.2|2020.1|2020.2|2021.1)<\/li>\n<li>Fundamentos de Redes de Computadores (2019.2|2020.1|2020.2)<\/li>\n<li>Arquitetura de Computadores (2019.2)<\/li>\n<\/ul>\n<p><\/p>\n<h3>Curso T\u00e9cnico em Inform\u00e1tica<\/h3>\n<ul>\n<li>Sistemas Operacionais (2021|2022|2023|2024)<\/li>\n<li>Fundamentos de Redes de Computadores (2025)<\/li>\n<\/ul>\n","protected":false},"excerpt":{"rendered":"<p>2026.1 Sistemas Operacionais (Turma 1) &#8211; Gradua\u00e7\u00e3o Sistemas Operacionais (Turma 2) &#8211; Gradua\u00e7\u00e3o Per\u00edodos Anteriores Gradua\u00e7\u00e3o em Ci\u00eancia da Computa\u00e7\u00e3o Sistemas Operacionais (2021.1|2021.2|2022.1|2022.2|2023.1|2023.2|2024.1|2024.2|2025.1|2025.2) Fundamentos de An\u00e1lise de Softwares Maliciosos (2022.2|2023.1|2025.2) Arquiteturas Avan\u00e7adas de Computadores (2021.1|2021.2|2022.1|2022.2|2023.1|2023.2) L\u00f3gica Matem\u00e1tica (2019.2|2020.1|2020.2|2021.1|2021.2|2022.1) Estat\u00edstica e Probabilidade (2019.2|2020.1|2020.2|2021.1) Fundamentos de Redes de Computadores (2019.2|2020.1|2020.2) Arquitetura de Computadores (2019.2) Curso T\u00e9cnico em<\/p><\/div>\n<div class=\"blog-btn\"><a href=\"https:\/\/eic.cefet-rj.br\/~iribeiro\/teaching\/\" class=\"home-blog-btn\">Ler mais<\/a><\/p>\n","protected":false},"author":1,"featured_media":0,"parent":0,"menu_order":0,"comment_status":"closed","ping_status":"closed","template":"","meta":{"footnotes":""},"class_list":["post-40","page","type-page","status-publish","hentry"],"_links":{"self":[{"href":"https:\/\/eic.cefet-rj.br\/~iribeiro\/wp-json\/wp\/v2\/pages\/40","targetHints":{"allow":["GET"]}}],"collection":[{"href":"https:\/\/eic.cefet-rj.br\/~iribeiro\/wp-json\/wp\/v2\/pages"}],"about":[{"href":"https:\/\/eic.cefet-rj.br\/~iribeiro\/wp-json\/wp\/v2\/types\/page"}],"author":[{"embeddable":true,"href":"https:\/\/eic.cefet-rj.br\/~iribeiro\/wp-json\/wp\/v2\/users\/1"}],"replies":[{"embeddable":true,"href":"https:\/\/eic.cefet-rj.br\/~iribeiro\/wp-json\/wp\/v2\/comments?post=40"}],"version-history":[{"count":41,"href":"https:\/\/eic.cefet-rj.br\/~iribeiro\/wp-json\/wp\/v2\/pages\/40\/revisions"}],"predecessor-version":[{"id":450,"href":"https:\/\/eic.cefet-rj.br\/~iribeiro\/wp-json\/wp\/v2\/pages\/40\/revisions\/450"}],"wp:attachment":[{"href":"https:\/\/eic.cefet-rj.br\/~iribeiro\/wp-json\/wp\/v2\/media?parent=40"}],"curies":[{"name":"wp","href":"https:\/\/api.w.org\/{rel}","templated":true}]}}