{"id":9,"date":"2021-03-19T18:14:55","date_gmt":"2021-03-19T21:14:55","guid":{"rendered":"https:\/\/eic.cefet-rj.br\/~gamorim\/?page_id=9"},"modified":"2021-03-19T18:34:04","modified_gmt":"2021-03-19T21:34:04","slug":"pesquisa","status":"publish","type":"page","link":"https:\/\/eic.cefet-rj.br\/~gamorim\/pesquisa\/","title":{"rendered":"Pesquisa"},"content":{"rendered":"\n<p>Atualmente, minhas atividades de pesquisa est\u00e3o centradas em Sistemas Multim\u00eddia, Ci\u00eancia de Redes e Internet das Coisas.<\/p>\n\n\n\n<p><em>Sistemas Multim\u00eddia<\/em><\/p>\n\n\n\n<p>As aplica\u00e7\u00f5es multim\u00eddia tradicionais estimulam, geralmente, apenas dois sentidos humanos: vis\u00e3o e audi\u00e7\u00e3o. Visando estimular outros sentidos, diferentes trabalhos publicados na literatura prop\u00f5em o uso de efeitos sensoriais em aplica\u00e7\u00f5es multim\u00eddia. Entretanto, n\u00e3o existe padr\u00e3o definido para o protocolo de comunica\u00e7\u00e3o entre os dispositivos e atuadores que far\u00e3o parte da aplica\u00e7\u00e3o multissensorial. Meu objetivo de pesquisa nessa \u00e1rea \u00e9 contribuir para a resolu\u00e7\u00e3o de problemas que envolvam o processo de comunica\u00e7\u00e3o entre os v\u00e1rios dispositivos, sejam eles contidos em uma solu\u00e7\u00e3o centralizada ou distribu\u00edda, em um sistema mulsem\u00eddia.<\/p>\n\n\n\n<p><em>Ci\u00eancia de Redes<\/em><\/p>\n\n\n\n<p>Geralmente, os estudos de redes de computadores empregavam uma abstra\u00e7\u00e3o na qual os sistemas eram representados como grafos comuns: os v\u00e9rtices dos grafos representavam alguma entidade ou agente, normalmente o dispositivo, e um enlace entre um par de v\u00e9rtices era representado usando uma \u00fanica aresta com poucos atributos.Recentemente, tem havido esfor\u00e7os cada vez mais intensos para investigar redes interdependentes com v\u00e1rios tipos de conex\u00f5es, denominada rede de redes ou redes complexas.<\/p>\n\n\n\n<p>Na maioria dos sistemas do mundo real, uma rede individual \u00e9 um componente de uma rede multin\u00edvel complexa muito maior. \u00c0 medida que a tecnologia avan\u00e7a, a conex\u00e3o entre redes se torna cada vez mais evidente. A maioria dos sistemas de rede do mundo real interage continuamente com outras redes, especialmente porque a tecnologia moderna acelerou a interdepend\u00eancia da rede.<\/p>\n\n\n\n<p>Meu objetivo de pesquisa nessa \u00e1rea \u00e9 estudar redes complexas como: redes de sensores aplicadas diretamente no solo da planta\u00e7\u00e3o, redes de sensores acoplados em sistemas de irriga\u00e7\u00e3o e cisternas, redes de drones em agricultura de precis\u00e3o, rede formada pelas v\u00e1rias redes distintas em uma transmiss\u00e3o de uma emissora e redes criadas por jogadores em um jogo coletivo.<\/p>\n\n\n\n<p><em>Internet of Things<\/em><\/p>\n\n\n\n<p>IoT \u00e9 comumente definida como a interconex\u00e3o de dispositivos f\u00edsicos, como eletrodom\u00e9sticos, ve\u00edculos e outros objetos. Essa interconex\u00e3o permite que esses dispositivos troquem dados entre si e com outros dispositivos em rede. A Internet das Coisas tem sido aplicada em muitos setores, incluindo a agricultura. A aplica\u00e7\u00e3o da IoT \u00e0 agricultura pode permitir que os agricultores cultivem ou criem animais usando tecnologia de precis\u00e3o, o que resulta em altos rendimentos da produ\u00e7\u00e3o de alimentos.<\/p>\n\n\n\n<p>Meu objetivo de pesquisa nessa \u00e1rea \u00e9 estudar, em sistemas que utilizam IoT, o equil\u00edbrio ideal entre o armazenamento e o processamento do que ser\u00e1 realizado localmente e do que ser\u00e1 enviado para a nuvem, e como as caracter\u00edsticas do ambiente imp\u00f5em desafios n\u00e3o somente ao hardware e ao software, mas tamb\u00e9m \u00e0 camada de rede.<\/p>\n","protected":false},"excerpt":{"rendered":"<p>Atualmente, minhas atividades de pesquisa est\u00e3o centradas em Sistemas Multim\u00eddia, Ci\u00eancia de Redes e Internet das Coisas. Sistemas Multim\u00eddia As aplica\u00e7\u00f5es multim\u00eddia tradicionais estimulam, geralmente, apenas dois sentidos humanos: vis\u00e3o e audi\u00e7\u00e3o. Visando estimular outros sentidos, diferentes trabalhos publicados na literatura prop\u00f5em o uso de efeitos sensoriais em aplica\u00e7\u00f5es multim\u00eddia. Entretanto, n\u00e3o existe padr\u00e3o definido<\/p>\n<div class=\"more-link\">\n             <a href=\"https:\/\/eic.cefet-rj.br\/~gamorim\/pesquisa\/\" class=\"read-more\">Read More<i class=\"fa fa-caret-right\"><\/i><\/a>\n        <\/div>\n","protected":false},"author":1,"featured_media":0,"parent":0,"menu_order":0,"comment_status":"closed","ping_status":"closed","template":"","meta":{"footnotes":""},"class_list":["post-9","page","type-page","status-publish","hentry"],"_links":{"self":[{"href":"https:\/\/eic.cefet-rj.br\/~gamorim\/wp-json\/wp\/v2\/pages\/9","targetHints":{"allow":["GET"]}}],"collection":[{"href":"https:\/\/eic.cefet-rj.br\/~gamorim\/wp-json\/wp\/v2\/pages"}],"about":[{"href":"https:\/\/eic.cefet-rj.br\/~gamorim\/wp-json\/wp\/v2\/types\/page"}],"author":[{"embeddable":true,"href":"https:\/\/eic.cefet-rj.br\/~gamorim\/wp-json\/wp\/v2\/users\/1"}],"replies":[{"embeddable":true,"href":"https:\/\/eic.cefet-rj.br\/~gamorim\/wp-json\/wp\/v2\/comments?post=9"}],"version-history":[{"count":2,"href":"https:\/\/eic.cefet-rj.br\/~gamorim\/wp-json\/wp\/v2\/pages\/9\/revisions"}],"predecessor-version":[{"id":24,"href":"https:\/\/eic.cefet-rj.br\/~gamorim\/wp-json\/wp\/v2\/pages\/9\/revisions\/24"}],"wp:attachment":[{"href":"https:\/\/eic.cefet-rj.br\/~gamorim\/wp-json\/wp\/v2\/media?parent=9"}],"curies":[{"name":"wp","href":"https:\/\/api.w.org\/{rel}","templated":true}]}}