{"id":33,"date":"2021-03-19T18:43:29","date_gmt":"2021-03-19T21:43:29","guid":{"rendered":"https:\/\/eic.cefet-rj.br\/~gamorim\/?page_id=33"},"modified":"2021-03-19T18:46:52","modified_gmt":"2021-03-19T21:46:52","slug":"educacao","status":"publish","type":"page","link":"https:\/\/eic.cefet-rj.br\/~gamorim\/educacao\/","title":{"rendered":"Educa\u00e7\u00e3o"},"content":{"rendered":"\n<p style=\"font-size:24px\"><strong>Disciplinas ministradas em 2021<\/strong><\/p>\n\n\n\n<p class=\"has-medium-font-size\"><strong>Curso T\u00e9cnico em Inform\u00e1tica<\/strong><\/p>\n\n\n\n<ul class=\"wp-block-list\"><li>T\u00f3picos Especiais em Programa\u00e7\u00e3o (Mobile)<\/li><\/ul>\n\n\n\n<p class=\"has-medium-font-size\"><strong>Bacharelado em Ci\u00eancia da Computa\u00e7\u00e3o<\/strong><\/p>\n\n\n\n<ul class=\"wp-block-list\"><li>Arquitetura de Computadores<\/li><li>Arquitetura Avan\u00e7ada de Computadores<\/li><li>Sistemas Concorrentes e Distribu\u00eddos<\/li><\/ul>\n\n\n\n<p class=\"has-medium-font-size\"><strong>Mestrado em Ci\u00eancia da Computa\u00e7\u00e3o<\/strong><\/p>\n\n\n\n<ul class=\"wp-block-list\"><li>Ci\u00eancia de Redes<\/li><\/ul>\n\n\n\n<p><\/p>\n","protected":false},"excerpt":{"rendered":"<p>Disciplinas ministradas em 2021 Curso T\u00e9cnico em Inform\u00e1tica T\u00f3picos Especiais em Programa\u00e7\u00e3o (Mobile) Bacharelado em Ci\u00eancia da Computa\u00e7\u00e3o Arquitetura de Computadores Arquitetura Avan\u00e7ada de Computadores Sistemas Concorrentes e Distribu\u00eddos Mestrado em Ci\u00eancia da Computa\u00e7\u00e3o Ci\u00eancia de Redes<\/p>\n","protected":false},"author":1,"featured_media":0,"parent":0,"menu_order":0,"comment_status":"closed","ping_status":"closed","template":"","meta":{"footnotes":""},"class_list":["post-33","page","type-page","status-publish","hentry"],"_links":{"self":[{"href":"https:\/\/eic.cefet-rj.br\/~gamorim\/wp-json\/wp\/v2\/pages\/33","targetHints":{"allow":["GET"]}}],"collection":[{"href":"https:\/\/eic.cefet-rj.br\/~gamorim\/wp-json\/wp\/v2\/pages"}],"about":[{"href":"https:\/\/eic.cefet-rj.br\/~gamorim\/wp-json\/wp\/v2\/types\/page"}],"author":[{"embeddable":true,"href":"https:\/\/eic.cefet-rj.br\/~gamorim\/wp-json\/wp\/v2\/users\/1"}],"replies":[{"embeddable":true,"href":"https:\/\/eic.cefet-rj.br\/~gamorim\/wp-json\/wp\/v2\/comments?post=33"}],"version-history":[{"count":3,"href":"https:\/\/eic.cefet-rj.br\/~gamorim\/wp-json\/wp\/v2\/pages\/33\/revisions"}],"predecessor-version":[{"id":39,"href":"https:\/\/eic.cefet-rj.br\/~gamorim\/wp-json\/wp\/v2\/pages\/33\/revisions\/39"}],"wp:attachment":[{"href":"https:\/\/eic.cefet-rj.br\/~gamorim\/wp-json\/wp\/v2\/media?parent=33"}],"curies":[{"name":"wp","href":"https:\/\/api.w.org\/{rel}","templated":true}]}}