{"id":2718,"date":"2026-04-04T11:55:30","date_gmt":"2026-04-04T14:55:30","guid":{"rendered":"https:\/\/eic.cefet-rj.br\/~eogasawara\/?page_id=2718"},"modified":"2026-08-24T05:50:20","modified_gmt":"2026-08-24T08:50:20","slug":"tspredit","status":"publish","type":"page","link":"https:\/\/eic.cefet-rj.br\/~eogasawara\/tspredit\/","title":{"rendered":"TSPredIT"},"content":{"rendered":"<p><strong>TSPredIT<\/strong> \u00e9 um framework em R para predi\u00e7\u00e3o de s\u00e9ries temporais com ajuste integrado. O pacote organiza o processo preditivo como um pipeline modular, envolvendo representa\u00e7\u00e3o dos dados, divis\u00e3o temporal, filtragem, augmenta\u00e7\u00e3o, normaliza\u00e7\u00e3o, modelagem, compara\u00e7\u00e3o e ajuste de hiperpar\u00e2metros.<\/p>\n<p>O material apresenta o <code>tspredit<\/code> como apoio para estudos e experimentos em previs\u00e3o de s\u00e9ries temporais, com exemplos voltados \u00e0 constru\u00e7\u00e3o e avalia\u00e7\u00e3o de workflows preditivos.<\/p>\n<h3><strong>Material de apoio<\/strong><\/h3>\n<ul>\n<li><a href=\"https:\/\/github.com\/cefet-rj-dal\/tspredit\/wiki\">Wiki com documenta\u00e7\u00e3o, exemplos e materiais do pacote<\/a><\/li>\n<\/ul>\n<h3><strong>Playlist do tutorial<br \/>\n<a href=\"https:\/\/www.youtube.com\/playlist?list=PLJb2qK1RWkbGlxUAljn-9eP2r_3m70aUC\" target=\"_blank\" rel=\"nofollow noopener\"><img loading=\"lazy\" decoding=\"async\" class=\"alignnone\" src=\"https:\/\/camo.githubusercontent.com\/be5f7579bfbd708b96135537d8491b8d1e8ebf810734281595411d95a11b5cd4\/68747470733a2f2f696d672e736869656c64732e696f2f62616467652f596f75547562652d5761746368253230706c61796c6973742d7265643f6c6f676f3d796f7574756265266c6f676f436f6c6f723d7768697465\" alt=\"Watch the playlist on YouTube\" width=\"161\" height=\"20\" data-canonical-src=\"https:\/\/img.shields.io\/badge\/YouTube-Watch%20playlist-red?logo=youtube&amp;logoColor=white\" \/><\/a><br \/>\n<\/strong><\/h3>\n","protected":false},"excerpt":{"rendered":"<p>TSPredIT \u00e9 um framework em R para predi\u00e7\u00e3o de s\u00e9ries temporais com ajuste integrado. O pacote organiza o processo preditivo como um pipeline modular, envolvendo representa\u00e7\u00e3o dos dados, divis\u00e3o temporal, filtragem, augmenta\u00e7\u00e3o, normaliza\u00e7\u00e3o, modelagem, compara\u00e7\u00e3o e ajuste de hiperpar\u00e2metros. O material apresenta o tspredit como apoio para estudos e experimentos em previs\u00e3o de s\u00e9ries temporais, [&hellip;]<\/p>\n","protected":false},"author":1,"featured_media":0,"parent":0,"menu_order":0,"comment_status":"closed","ping_status":"closed","template":"","meta":{"footnotes":""},"class_list":["post-2718","page","type-page","status-publish","hentry","entry"],"_links":{"self":[{"href":"https:\/\/eic.cefet-rj.br\/~eogasawara\/wp-json\/wp\/v2\/pages\/2718","targetHints":{"allow":["GET"]}}],"collection":[{"href":"https:\/\/eic.cefet-rj.br\/~eogasawara\/wp-json\/wp\/v2\/pages"}],"about":[{"href":"https:\/\/eic.cefet-rj.br\/~eogasawara\/wp-json\/wp\/v2\/types\/page"}],"author":[{"embeddable":true,"href":"https:\/\/eic.cefet-rj.br\/~eogasawara\/wp-json\/wp\/v2\/users\/1"}],"replies":[{"embeddable":true,"href":"https:\/\/eic.cefet-rj.br\/~eogasawara\/wp-json\/wp\/v2\/comments?post=2718"}],"version-history":[{"count":8,"href":"https:\/\/eic.cefet-rj.br\/~eogasawara\/wp-json\/wp\/v2\/pages\/2718\/revisions"}],"predecessor-version":[{"id":2721,"href":"https:\/\/eic.cefet-rj.br\/~eogasawara\/wp-json\/wp\/v2\/pages\/2718\/revisions\/2721"}],"wp:attachment":[{"href":"https:\/\/eic.cefet-rj.br\/~eogasawara\/wp-json\/wp\/v2\/media?parent=2718"}],"curies":[{"name":"wp","href":"https:\/\/api.w.org\/{rel}","templated":true}]}}

<p><strong>TSPredIT</strong> é um framework em R para predição de séries temporais com ajuste integrado. O pacote organiza o processo preditivo como um pipeline modular, envolvendo representação dos dados, divisão temporal, filtragem, augmentação, normalização, modelagem, comparação e ajuste de hiperparâmetros.</p>
<p>O material apresenta o <code>tspredit</code> como apoio para estudos e experimentos em previsão de séries temporais, com exemplos voltados à construção e avaliação de workflows preditivos.</p>
<h3><strong>Material de apoio</strong></h3>
<ul>
<li><a href="https://github.com/cefet-rj-dal/tspredit/wiki">Wiki com documentação, exemplos e materiais do pacote</a></li>
</ul>
<h3><strong>Playlist do tutorial<br />
<a href="https://www.youtube.com/playlist?list=PLJb2qK1RWkbGlxUAljn-9eP2r_3m70aUC" target="_blank" rel="nofollow noopener"><img loading="lazy" decoding="async" class="alignnone" src="https://camo.githubusercontent.com/be5f7579bfbd708b96135537d8491b8d1e8ebf810734281595411d95a11b5cd4/68747470733a2f2f696d672e736869656c64732e696f2f62616467652f596f75547562652d5761746368253230706c61796c6973742d7265643f6c6f676f3d796f7574756265266c6f676f436f6c6f723d7768697465" alt="Watch the playlist on YouTube" width="161" height="20" data-canonical-src="https://img.shields.io/badge/YouTube-Watch%20playlist-red?logo=youtube&amp;logoColor=white" /></a><br />
</strong></h3>

<p>TSPredIT é um framework em R para predição de séries temporais com ajuste integrado. O pacote organiza o processo preditivo como um pipeline modular, envolvendo representação dos dados, divisão temporal, filtragem, augmentação, normalização, modelagem, comparação e ajuste de hiperparâmetros. O material apresenta o tspredit como apoio para estudos e experimentos em previsão de séries temporais, [&hellip;]</p>
