{"id":1761,"date":"2021-09-14T02:02:44","date_gmt":"2021-09-14T05:02:44","guid":{"rendered":"https:\/\/eic.cefet-rj.br\/~eogasawara\/sobre-english\/"},"modified":"2026-03-20T19:42:34","modified_gmt":"2026-03-20T22:42:34","slug":"sobre-english","status":"publish","type":"page","link":"https:\/\/eic.cefet-rj.br\/~eogasawara\/","title":{"rendered":"Eduardo Ogasawara"},"content":{"rendered":"<p><a href=\"https:\/\/eic.cefet-rj.br\/~eogasawara\/wp-content\/uploads\/2022\/04\/Profile2022-clean.jpg\"><img loading=\"lazy\" decoding=\"async\" class=\"wp-image-337 alignleft\" src=\"https:\/\/eic.cefet-rj.br\/~eogasawara\/wp-content\/uploads\/2022\/04\/Profile2022-clean.jpg\" alt=\"ProfileSmall\" width=\"167\" height=\"168\" \/><\/a>Eduardo Ogasawara \u00e9 professor do Departamento de Ci\u00eancia da Computa\u00e7\u00e3o do Centro Federal de Educa\u00e7\u00e3o Tecnol\u00f3gica Celso Suckow da Fonseca (CEFET\/RJ) desde 2010. \u00c9 doutor em Engenharia de Sistemas e Computa\u00e7\u00e3o pela COPPE\/UFRJ. Entre 2000 e 2007, atuou no setor de Tecnologia da Informa\u00e7\u00e3o (TI), adquirindo ampla experi\u00eancia em workflows e gest\u00e3o de projetos. Com s\u00f3lida forma\u00e7\u00e3o em Ci\u00eancia de Dados, atualmente concentra suas pesquisas em Minera\u00e7\u00e3o de Dados e An\u00e1lise de S\u00e9ries Temporais. \u00c9 autor do livro <em data-start=\"504\" data-end=\"536\">Event Detection in Time Series<\/em>. Ao longo de sua carreira, publicou diversos artigos e coordenou projetos financiados por ag\u00eancias como CNPq e FAPERJ. \u00c9 membro do IEEE, ACM e SBC. Atualmente, lidera o Laborat\u00f3rio de An\u00e1lise de Dados (DAL) no CEFET\/RJ, onde continua a avan\u00e7ar nas pesquisas em Ci\u00eancia de Dados.<\/p>\n<div dir=\"ltr\" data-mode=\"id\"><\/div>\n<div dir=\"ltr\" data-mode=\"id\"><\/div>\n<div class=\"n2_ss_slider_publish__option_code\" dir=\"ltr\" data-mode=\"id\"><\/div>\n<div dir=\"ltr\" data-mode=\"id\"><\/div>\n<p class=\"\" data-start=\"817\" data-end=\"1147\"><strong data-start=\"817\" data-end=\"886\">Doutorado em Engenharia de Sistemas e Computa\u00e7\u00e3o pela COPPE\/UFRJ:<\/strong> <a href=\"https:\/\/eic.cefet-rj.br\/~eogasawara\/wp-content\/uploads\/2011\/08\/An-Algebraic-Approach-for-Data-Centric-Scientific-Workflows.pdf\">Uma Abordagem Alg\u00e9brica para Workflows Cient\u00edficos com Dados em Larga Escala<\/a><br data-start=\"963\" data-end=\"966\" \/><strong data-start=\"966\" data-end=\"1034\">Mestrado em Engenharia de Sistemas e Computa\u00e7\u00e3o pela COPPE\/UFRJ:<\/strong> <a href=\"https:\/\/eic.cefet-rj.br\/~eogasawara\/wp-content\/uploads\/2011\/08\/Implementation-and-Measurements-of-Object-Oriented-Indexes.pdf\">Implementa\u00e7\u00e3o e Avalia\u00e7\u00e3o de \u00cdndices Orientados a Objetos<\/a><br data-start=\"1092\" data-end=\"1095\" data-is-only-node=\"\" \/><strong data-start=\"1095\" data-end=\"1105\">Livro:<\/strong> <a href=\"https:\/\/eic.cefet-rj.br\/~eogasawara\/time-series-event-detection\/\"><em data-start=\"1106\" data-end=\"1147\">Detec\u00e7\u00e3o de Eventos em S\u00e9ries Temporais<\/em><\/a><\/p>\n<p class=\"\" data-start=\"1149\" data-end=\"1346\"><strong data-start=\"1149\" data-end=\"1160\">E-mail:<\/strong> eduardo ponto ogasawara arroba cefet-rj ponto br<br data-start=\"1209\" data-end=\"1212\" \/>As publica\u00e7\u00f5es est\u00e3o dispon\u00edveis na plataforma <a href=\"https:\/\/lattes.cnpq.br\/0528303491410251\">Lattes<\/a> e no <a href=\"https:\/\/scholar.google.com.br\/citations?user=uloLWtgAAAAJ&amp;hl=en\">Google Scholar<\/a>.<br data-start=\"1286\" data-end=\"1289\" \/>A maioria das minhas publica\u00e7\u00f5es est\u00e1 dispon\u00edvel online.<\/p>\n","protected":false},"excerpt":{"rendered":"<p>Eduardo Ogasawara \u00e9 professor do Departamento de Ci\u00eancia da Computa\u00e7\u00e3o do Centro Federal de Educa\u00e7\u00e3o Tecnol\u00f3gica Celso Suckow da Fonseca (CEFET\/RJ) desde 2010. \u00c9 doutor em Engenharia de Sistemas e Computa\u00e7\u00e3o pela COPPE\/UFRJ. Entre 2000 e 2007, atuou no setor de Tecnologia da Informa\u00e7\u00e3o (TI), adquirindo ampla experi\u00eancia em workflows e gest\u00e3o de projetos. Com [&hellip;]<\/p>\n","protected":false},"author":1,"featured_media":0,"parent":0,"menu_order":0,"comment_status":"closed","ping_status":"closed","template":"","meta":{"_monsterinsights_skip_tracking":false,"_monsterinsights_sitenote_active":false,"_monsterinsights_sitenote_note":"","_monsterinsights_sitenote_category":0,"footnotes":""},"class_list":["post-1761","page","type-page","status-publish","hentry","entry"],"_links":{"self":[{"href":"https:\/\/eic.cefet-rj.br\/~eogasawara\/wp-json\/wp\/v2\/pages\/1761","targetHints":{"allow":["GET"]}}],"collection":[{"href":"https:\/\/eic.cefet-rj.br\/~eogasawara\/wp-json\/wp\/v2\/pages"}],"about":[{"href":"https:\/\/eic.cefet-rj.br\/~eogasawara\/wp-json\/wp\/v2\/types\/page"}],"author":[{"embeddable":true,"href":"https:\/\/eic.cefet-rj.br\/~eogasawara\/wp-json\/wp\/v2\/users\/1"}],"replies":[{"embeddable":true,"href":"https:\/\/eic.cefet-rj.br\/~eogasawara\/wp-json\/wp\/v2\/comments?post=1761"}],"version-history":[{"count":51,"href":"https:\/\/eic.cefet-rj.br\/~eogasawara\/wp-json\/wp\/v2\/pages\/1761\/revisions"}],"predecessor-version":[{"id":2703,"href":"https:\/\/eic.cefet-rj.br\/~eogasawara\/wp-json\/wp\/v2\/pages\/1761\/revisions\/2703"}],"wp:attachment":[{"href":"https:\/\/eic.cefet-rj.br\/~eogasawara\/wp-json\/wp\/v2\/media?parent=1761"}],"curies":[{"name":"wp","href":"https:\/\/api.w.org\/{rel}","templated":true}]}}