{"id":165,"date":"2020-07-13T16:26:22","date_gmt":"2020-07-13T16:26:22","guid":{"rendered":"https:\/\/eic.cefet-rj.br\/~dal\/?page_id=165"},"modified":"2026-04-10T02:25:08","modified_gmt":"2026-04-10T02:25:08","slug":"lbaroni","status":"publish","type":"page","link":"https:\/\/eic.cefet-rj.br\/~dal\/lbaroni\/","title":{"rendered":"Lais Baroni"},"content":{"rendered":"\t\t<div data-elementor-type=\"wp-page\" data-elementor-id=\"165\" class=\"elementor elementor-165\">\n\t\t\t\t\t\t<section class=\"elementor-section elementor-top-section elementor-element elementor-element-5b42057 elementor-section-boxed elementor-section-height-default elementor-section-height-default\" data-id=\"5b42057\" data-element_type=\"section\" data-e-type=\"section\">\n\t\t\t\t\t\t<div class=\"elementor-container elementor-column-gap-default\">\n\t\t\t\t\t<div class=\"elementor-column elementor-col-100 elementor-top-column elementor-element elementor-element-7225e41\" data-id=\"7225e41\" data-element_type=\"column\" data-e-type=\"column\">\n\t\t\t<div class=\"elementor-widget-wrap\">\n\t\t\t\t\t\t\t<\/div>\n\t\t<\/div>\n\t\t\t\t\t<\/div>\n\t\t<\/section>\n\t\t\t\t<section class=\"elementor-section elementor-top-section elementor-element elementor-element-d05be00 elementor-section-boxed elementor-section-height-default elementor-section-height-default\" data-id=\"d05be00\" data-element_type=\"section\" data-e-type=\"section\" data-settings=\"{&quot;shape_divider_top&quot;:&quot;mountains&quot;}\">\n\t\t\t\t\t<div class=\"elementor-shape elementor-shape-top\" aria-hidden=\"true\" data-negative=\"false\">\n\t\t\t<svg xmlns=\"http:\/\/www.w3.org\/2000\/svg\" viewBox=\"0 0 1000 100\" preserveAspectRatio=\"none\">\n\t<path class=\"elementor-shape-fill\" opacity=\"0.33\" d=\"M473,67.3c-203.9,88.3-263.1-34-320.3,0C66,119.1,0,59.7,0,59.7V0h1000v59.7 c0,0-62.1,26.1-94.9,29.3c-32.8,3.3-62.8-12.3-75.8-22.1C806,49.6,745.3,8.7,694.9,4.7S492.4,59,473,67.3z\"\/>\n\t<path class=\"elementor-shape-fill\" opacity=\"0.66\" d=\"M734,67.3c-45.5,0-77.2-23.2-129.1-39.1c-28.6-8.7-150.3-10.1-254,39.1 s-91.7-34.4-149.2,0C115.7,118.3,0,39.8,0,39.8V0h1000v36.5c0,0-28.2-18.5-92.1-18.5C810.2,18.1,775.7,67.3,734,67.3z\"\/>\n\t<path class=\"elementor-shape-fill\" d=\"M766.1,28.9c-200-57.5-266,65.5-395.1,19.5C242,1.8,242,5.4,184.8,20.6C128,35.8,132.3,44.9,89.9,52.5C28.6,63.7,0,0,0,0 h1000c0,0-9.9,40.9-83.6,48.1S829.6,47,766.1,28.9z\"\/>\n<\/svg>\t\t<\/div>\n\t\t\t\t\t<div class=\"elementor-container elementor-column-gap-default\">\n\t\t\t\t\t<div class=\"elementor-column elementor-col-50 elementor-top-column elementor-element elementor-element-4bcc1c2\" data-id=\"4bcc1c2\" data-element_type=\"column\" data-e-type=\"column\">\n\t\t\t<div class=\"elementor-widget-wrap elementor-element-populated\">\n\t\t\t\t\t\t<div class=\"elementor-element elementor-element-6a6f8f8 elementor-widget elementor-widget-heading\" data-id=\"6a6f8f8\" data-element_type=\"widget\" data-e-type=\"widget\" data-widget_type=\"heading.default\">\n\t\t\t\t<div class=\"elementor-widget-container\">\n\t\t\t\t\t<h2 class=\"elementor-heading-title elementor-size-default\">Lais Baroni<\/h2>\t\t\t\t<\/div>\n\t\t\t\t<\/div>\n\t\t\t\t<div class=\"elementor-element elementor-element-dc366ab elementor-widget elementor-widget-image\" data-id=\"dc366ab\" data-element_type=\"widget\" data-e-type=\"widget\" data-widget_type=\"image.default\">\n\t\t\t\t<div class=\"elementor-widget-container\">\n\t\t\t\t\t\t\t\t\t\t\t\t\t\t\t<img fetchpriority=\"high\" decoding=\"async\" width=\"352\" height=\"402\" src=\"https:\/\/eic.cefet-rj.br\/~dal\/wp-content\/uploads\/2020\/07\/LaisBaroni-e1603759350268.jpg\" class=\"attachment-large size-large wp-image-171\" alt=\"\" srcset=\"https:\/\/eic.cefet-rj.br\/~dal\/wp-content\/uploads\/2020\/07\/LaisBaroni-e1603759350268.jpg 352w, https:\/\/eic.cefet-rj.br\/~dal\/wp-content\/uploads\/2020\/07\/LaisBaroni-e1603759350268-263x300.jpg 263w\" sizes=\"(max-width: 352px) 100vw, 352px\" \/>\t\t\t\t\t\t\t\t\t\t\t\t\t\t\t<\/div>\n\t\t\t\t<\/div>\n\t\t\t\t\t<\/div>\n\t\t<\/div>\n\t\t\t\t<div class=\"elementor-column elementor-col-50 elementor-top-column elementor-element elementor-element-8c463d2\" data-id=\"8c463d2\" data-element_type=\"column\" data-e-type=\"column\">\n\t\t\t<div class=\"elementor-widget-wrap elementor-element-populated\">\n\t\t\t\t\t\t<div class=\"elementor-element elementor-element-4b189d2 elementor-widget elementor-widget-text-editor\" data-id=\"4b189d2\" data-element_type=\"widget\" data-e-type=\"widget\" data-widget_type=\"text-editor.default\">\n\t\t\t\t<div class=\"elementor-widget-container\">\n\t\t\t\t\t\t\t\t\t<p>Geof\u00edsica (UFF &#8211; 2015)<br \/>Engenheira Cart\u00f3grafa (UERJ &#8211; 2019)<br \/>Mestre em Engenharia de Produ\u00e7\u00e3o em Sistemas (CEFET\/RJ &#8211; 2019)<br \/>Doutora em Engenharia de Produ\u00e7\u00e3o em Sistemas (CEFET\/RJ &#8211; 2025)<\/p><p>Dedica-se \u00e0 ci\u00eancia de dados, com \u00eanfase na detec\u00e7\u00e3o de eventos em s\u00e9ries temporais. Atualmente, est\u00e1 focada no estudo da decomposi\u00e7\u00e3o emp\u00edrica, explorando abordagens inovadoras para a detec\u00e7\u00e3o de eventos em s\u00e9ries complexas.<\/p><p>\u00c1reas de pesquisa ativa e t\u00f3picos de interesse: transforma\u00e7\u00e3o de dados, an\u00e1lise de dados, minera\u00e7\u00e3o de dados, s\u00e9ries temporais e detec\u00e7\u00e3o de eventos.<\/p>\t\t\t\t\t\t\t\t<\/div>\n\t\t\t\t<\/div>\n\t\t\t\t\t<\/div>\n\t\t<\/div>\n\t\t\t\t\t<\/div>\n\t\t<\/section>\n\t\t\t\t<section class=\"elementor-section elementor-top-section elementor-element elementor-element-aaa6573 elementor-section-boxed elementor-section-height-default elementor-section-height-default\" data-id=\"aaa6573\" data-element_type=\"section\" data-e-type=\"section\">\n\t\t\t\t\t\t<div class=\"elementor-container elementor-column-gap-default\">\n\t\t\t\t\t<div class=\"elementor-column elementor-col-20 elementor-top-column elementor-element elementor-element-062b962\" data-id=\"062b962\" data-element_type=\"column\" data-e-type=\"column\">\n\t\t\t<div class=\"elementor-widget-wrap elementor-element-populated\">\n\t\t\t\t\t\t<div class=\"elementor-element elementor-element-14240d7 elementor-widget elementor-widget-text-editor\" data-id=\"14240d7\" data-element_type=\"widget\" data-e-type=\"widget\" data-widget_type=\"text-editor.default\">\n\t\t\t\t<div class=\"elementor-widget-container\">\n\t\t\t\t\t\t\t\t\t<p>Lattes:\u00a0<a href=\"http:\/\/lattes.cnpq.br\/1847004892064515\">http:\/\/lattes.cnpq.br\/1847004892064515<\/a><\/p><p>e-mail: lais.baroni@eic.cefet-rj.br<\/p>\t\t\t\t\t\t\t\t<\/div>\n\t\t\t\t<\/div>\n\t\t\t\t\t<\/div>\n\t\t<\/div>\n\t\t\t\t<div class=\"elementor-column elementor-col-20 elementor-top-column elementor-element elementor-element-b918802\" data-id=\"b918802\" data-element_type=\"column\" data-e-type=\"column\">\n\t\t\t<div class=\"elementor-widget-wrap elementor-element-populated\">\n\t\t\t\t\t\t<div class=\"elementor-element elementor-element-e6f8613 elementor-view-default elementor-widget elementor-widget-icon\" data-id=\"e6f8613\" data-element_type=\"widget\" data-e-type=\"widget\" data-widget_type=\"icon.default\">\n\t\t\t\t<div class=\"elementor-widget-container\">\n\t\t\t\t\t\t\t<div class=\"elementor-icon-wrapper\">\n\t\t\t<a class=\"elementor-icon\" href=\"https:\/\/www.linkedin.com\/in\/lais-baroni\/\">\n\t\t\t<i aria-hidden=\"true\" class=\"fab fa-linkedin\"><\/i>\t\t\t<\/a>\n\t\t<\/div>\n\t\t\t\t\t\t<\/div>\n\t\t\t\t<\/div>\n\t\t\t\t\t<\/div>\n\t\t<\/div>\n\t\t\t\t<div class=\"elementor-column elementor-col-20 elementor-top-column elementor-element elementor-element-d2e65cd\" data-id=\"d2e65cd\" data-element_type=\"column\" data-e-type=\"column\">\n\t\t\t<div class=\"elementor-widget-wrap elementor-element-populated\">\n\t\t\t\t\t\t<div class=\"elementor-element elementor-element-439cd2c elementor-view-default elementor-widget elementor-widget-icon\" data-id=\"439cd2c\" data-element_type=\"widget\" data-e-type=\"widget\" data-widget_type=\"icon.default\">\n\t\t\t\t<div class=\"elementor-widget-container\">\n\t\t\t\t\t\t\t<div class=\"elementor-icon-wrapper\">\n\t\t\t<a class=\"elementor-icon\" href=\"https:\/\/www.researchgate.net\/profile\/Lais_Baroni\">\n\t\t\t<i aria-hidden=\"true\" class=\"fab fa-researchgate\"><\/i>\t\t\t<\/a>\n\t\t<\/div>\n\t\t\t\t\t\t<\/div>\n\t\t\t\t<\/div>\n\t\t\t\t\t<\/div>\n\t\t<\/div>\n\t\t\t\t<div class=\"elementor-column elementor-col-20 elementor-top-column elementor-element elementor-element-35a9d57\" data-id=\"35a9d57\" data-element_type=\"column\" data-e-type=\"column\">\n\t\t\t<div class=\"elementor-widget-wrap elementor-element-populated\">\n\t\t\t\t\t\t<div class=\"elementor-element elementor-element-e6712a1 elementor-view-default elementor-widget elementor-widget-icon\" data-id=\"e6712a1\" data-element_type=\"widget\" data-e-type=\"widget\" data-widget_type=\"icon.default\">\n\t\t\t\t<div class=\"elementor-widget-container\">\n\t\t\t\t\t\t\t<div class=\"elementor-icon-wrapper\">\n\t\t\t<a class=\"elementor-icon\" href=\"https:\/\/github.com\/laisbaroni\/\">\n\t\t\t<i aria-hidden=\"true\" class=\"fab fa-github-square\"><\/i>\t\t\t<\/a>\n\t\t<\/div>\n\t\t\t\t\t\t<\/div>\n\t\t\t\t<\/div>\n\t\t\t\t\t<\/div>\n\t\t<\/div>\n\t\t\t\t<div class=\"elementor-column elementor-col-20 elementor-top-column elementor-element elementor-element-58586e6\" data-id=\"58586e6\" data-element_type=\"column\" data-e-type=\"column\">\n\t\t\t<div class=\"elementor-widget-wrap elementor-element-populated\">\n\t\t\t\t\t\t<div class=\"elementor-element elementor-element-94bb53a elementor-view-default elementor-widget elementor-widget-icon\" data-id=\"94bb53a\" data-element_type=\"widget\" data-e-type=\"widget\" data-widget_type=\"icon.default\">\n\t\t\t\t<div class=\"elementor-widget-container\">\n\t\t\t\t\t\t\t<div class=\"elementor-icon-wrapper\">\n\t\t\t<a class=\"elementor-icon\" href=\"https:\/\/orcid.org\/0000-0002-8099-2593\">\n\t\t\t<i aria-hidden=\"true\" class=\"fab fa-orcid\"><\/i>\t\t\t<\/a>\n\t\t<\/div>\n\t\t\t\t\t\t<\/div>\n\t\t\t\t<\/div>\n\t\t\t\t\t<\/div>\n\t\t<\/div>\n\t\t\t\t\t<\/div>\n\t\t<\/section>\n\t\t\t\t<section class=\"elementor-section elementor-top-section elementor-element elementor-element-837608e elementor-section-boxed elementor-section-height-default elementor-section-height-default\" data-id=\"837608e\" data-element_type=\"section\" data-e-type=\"section\">\n\t\t\t\t\t\t<div class=\"elementor-container elementor-column-gap-default\">\n\t\t\t\t\t<div class=\"elementor-column elementor-col-100 elementor-top-column elementor-element elementor-element-e6079f6\" data-id=\"e6079f6\" data-element_type=\"column\" data-e-type=\"column\">\n\t\t\t<div class=\"elementor-widget-wrap\">\n\t\t\t\t\t\t\t<\/div>\n\t\t<\/div>\n\t\t\t\t\t<\/div>\n\t\t<\/section>\n\t\t\t\t<section class=\"elementor-section elementor-top-section elementor-element elementor-element-f340a95 elementor-section-boxed elementor-section-height-default elementor-section-height-default\" data-id=\"f340a95\" data-element_type=\"section\" data-e-type=\"section\">\n\t\t\t\t\t\t<div class=\"elementor-container elementor-column-gap-default\">\n\t\t\t\t\t<div class=\"elementor-column elementor-col-100 elementor-top-column elementor-element elementor-element-f596586\" data-id=\"f596586\" data-element_type=\"column\" data-e-type=\"column\">\n\t\t\t<div class=\"elementor-widget-wrap elementor-element-populated\">\n\t\t\t\t\t\t<div class=\"elementor-element elementor-element-766bbf7 elementor-widget elementor-widget-accordion\" data-id=\"766bbf7\" data-element_type=\"widget\" data-e-type=\"widget\" data-widget_type=\"accordion.default\">\n\t\t\t\t<div class=\"elementor-widget-container\">\n\t\t\t\t\t\t\t<div class=\"elementor-accordion\">\n\t\t\t\t\t\t\t<div class=\"elementor-accordion-item\">\n\t\t\t\t\t<div id=\"elementor-tab-title-1241\" class=\"elementor-tab-title\" data-tab=\"1\" role=\"button\" aria-controls=\"elementor-tab-content-1241\" aria-expanded=\"false\">\n\t\t\t\t\t\t\t\t\t\t\t\t\t<span class=\"elementor-accordion-icon elementor-accordion-icon-left\" aria-hidden=\"true\">\n\t\t\t\t\t\t\t\t\t\t\t\t\t\t\t<span class=\"elementor-accordion-icon-closed\"><i class=\"fas fa-angle-double-down\"><\/i><\/span>\n\t\t\t\t\t\t\t\t<span class=\"elementor-accordion-icon-opened\"><i class=\"fas fa-angle-double-up\"><\/i><\/span>\n\t\t\t\t\t\t\t\t\t\t\t\t\t\t<\/span>\n\t\t\t\t\t\t\t\t\t\t\t\t<a class=\"elementor-accordion-title\" tabindex=\"0\">Trabalhos Publicados<\/a>\n\t\t\t\t\t<\/div>\n\t\t\t\t\t<div id=\"elementor-tab-content-1241\" class=\"elementor-tab-content elementor-clearfix\" data-tab=\"1\" role=\"region\" aria-labelledby=\"elementor-tab-title-1241\"><ul><li style=\"list-style-type: none;\"><ol><li><a href=\"https:\/\/www.sciencedirect.com\/science\/article\/pii\/S1532046420301404\" target=\"_blank\" rel=\"noopener\">Baroni, L et al. <strong>An Analysis of Malaria in the Brazilian Legal Amazon Using Divergent Association Rules.<\/strong> Journal of Biomedical Informatics, p. 103512, 2020.<\/a><\/li><li><a href=\"https:\/\/bmcresnotes.biomedcentral.com\/articles\/10.1186\/s13104-020-05109-y\" target=\"_blank\" rel=\"noopener\">Baroni, L et al. <strong>An integrated dataset of malaria notifications in the Legal Amazon<\/strong>.\u00a0BMC Research Notes, v. 13, n. 1, p. 1-3, 2020.<\/a><\/li><li><a href=\"https:\/\/sol.sbc.org.br\/index.php\/bresci\/article\/view\/10025\" target=\"_blank\" rel=\"noopener\">Baroni, L. et al. <strong>An\u00e1lise Explorat\u00f3ria da Mal\u00e1ria na Amaz\u00f4nia Brasileira por Meio da Plataforma de Ci\u00eancia de Dados aplicada \u00e0 Sa\u00fade.<\/strong> In:\u00a0Anais do XIII Brazilian e-Science Workshop. SBC, 2019.<\/a><\/li><li><a href=\"https:\/\/eic.cefet-rj.br\/~dal\/harbinger\/\" target=\"_blank\" rel=\"noopener\">Salles, R., Escobar, L., Baroni, L.,\u00a0 Zorrilla, R.,\u00a0 Ziviani, A., Kreischer, V., Delicato, F., Pires, P.,\u00a0 Maia, L., Coutinho, R., Assis, L., Ogasawara, E. <strong>Harbinger: Um framework para integra\u00e7\u00e3o e an\u00e1lise de m\u00e9todos de detec\u00e7\u00e3o de eventos em s\u00e9ries temporais.<\/strong><\/a><\/li><li><a href=\"https:\/\/ieeexplore.ieee.org\/abstract\/document\/9281258\">F. Carvalho, H. Y. Okuno, L. Baroni and G. Guedes, &#8220;A Brazilian <strong>Portuguese Moral Foundations Dictionary for Fake News classification<\/strong>,&#8221; <em>2020 39th International Conference of the Chilean Computer Science Society (SCCC)<\/em>, Coquimbo, Chile, 2020, pp. 1-5, doi: 10.1109\/SCCC51225.2020.9281258.<\/a><\/li><li><a href=\"https:\/\/doi.org\/10.1186\/s13104-020-05441-3\" target=\"_blank\" rel=\"noopener\">Baroni, L., Salles, R., Salles, S.\u00a0<i>et al.<\/i>\u00a0<strong>Neonatal mortality rates in Brazilian municipalities: from 1996 to 2017<\/strong>.\u00a0<i>BMC Research Notes<\/i>\u00a014,55 (2021).<\/a><\/li><li><a href=\"https:\/\/doi.org\/10.1007\/s00354-021-00125-3\" target=\"_blank\" rel=\"noopener\">Paix\u00e3o, B., Baroni, L., Pedroso, M.\u00a0<i>et al.<\/i>\u00a0<strong>Estimation of COVID-19 Under-Reporting in the Brazilian States Through SARI.<\/strong>\u00a0<i>New Generation Computing.<\/i> (2021).\u00a0<\/a><\/li><li><a href=\"https:\/\/sol.sbc.org.br\/journals\/index.php\/jidm\/article\/view\/1968\" target=\"_blank\" rel=\"noopener\">Escobar, L. ; Salles, R. ; Lima, J. ; Gea, C. ; Baroni, L. ; Ziviani, A. ; Pires, P. ; Delicato, F. ; Coutinho, R. ; Assis, L. ; Ogasawara, E. <strong>Evaluating Temporal Bias in Time Series Event Detection Methods<\/strong>. <em>Journal of Information and Data Management &#8211; JIDM<\/em>, v. 12, p. 242-256, 2021.<\/a><\/li><li><a href=\"https:\/\/publicacoes.softaliza.com.br\/cilamce2021\/article\/view\/6156\" target=\"_blank\" rel=\"noopener\">Ogasawara, E.; Salles, R. ; Escobar, L. ; Baroni, L. ; Lima, J. ; Porto, F. . <strong>Online event detection for sensor data.<\/strong> In: Ibero-Latin American Congress on Computational Methods in Engineering, 2021, Rio de Janeiro, RJ. Proceedings of the XLII Ibero-Latin-American Congress on Computational Methods in Engineering, 2021.<\/a><\/li><li><a href=\"https:\/\/doi.org\/10.1186\/s13104-021-05849-5\" target=\"_blank\" rel=\"noopener\">Baroni, L., Alves, R.F.S., Boccolini, C.S. et al. <strong>Database on the coverage of the \u201cBolsa-Fam\u00edlia\u201d conditioning cash-transfer program: Brazil, 2005 to 2021.<\/strong> BMC Res Notes 14, 435 (2021).<\/a><\/li><li><a href=\"https:\/\/bmcresnotes.biomedcentral.com\/articles\/10.1186\/s13104-022-06044-w\" target=\"_blank\" rel=\"noopener\">Fernandes Santos Alves, R., de Moraes Mello Boccolini, P., Baroni, L.R.\u00a0<i>et al.<\/i>\u00a0<strong>Brazilian spatial, demographic, and socioeconomic data from 1996 to 2020<\/strong>.\u00a0<i>BMC Res Notes<\/i>\u00a0<b>15<\/b>, 159 (2022). https:\/\/doi.org\/10.1186\/s13104-022-06044-w.<\/a><\/li><li><a href=\"https:\/\/bmcresnotes.biomedcentral.com\/articles\/10.1186\/s13104-023-06323-0#citeas\" target=\"_blank\" rel=\"noopener\">Alves, R.F.S., Boccolini, C.S., Baroni, L.R.\u00a0<i>et al.<\/i>\u00a0<strong>Primary health care coverage in Brazil: a dataset from 1998 to 2020<\/strong>.\u00a0<i>BMC Res Notes<\/i>\u00a0<b>16<\/b>, 63 (2023).<\/a> https:\/\/doi.org\/10.1186\/s13104-023-06323-0.<\/li><li><a href=\"https:\/\/sol.sbc.org.br\/index.php\/sbbd\/article\/view\/30743\" target=\"_blank\" rel=\"noopener\">MOURA, Matheus S.; BARONI, La\u00eds; OGASAWARA, Eduardo; MENDON\u00c7A, Diogo S.. <strong>HD Pump: A Hybrid Detection Approach for Pump-and-Dump Schemes in Cryptocurrency<\/strong><strong>Exchanges<\/strong>.\u00a0<em>In<\/em>: SIMP\u00d3SIO BRASILEIRO DE BANCO DE DADOS (SBBD), 39. , 2024, Florian\u00f3polis\/SC.\u00a0<strong>Anais<\/strong>\u00a0[&#8230;]. Porto Alegre: Sociedade Brasileira de Computa\u00e7\u00e3o, 2024 . p. 757-763. ISSN 2763-8979.<\/a> DOI:\u00a0<a href=\"https:\/\/doi.org\/10.5753\/sbbd.2024.243293\">https:\/\/doi.org\/10.5753\/sbbd.2024.243293<\/a>.<\/li><li><a href=\"https:\/\/bmcresnotes.biomedcentral.com\/articles\/10.1186\/s13104-024-06943-0#citeas\" target=\"_blank\" rel=\"noopener\">Souza, J., Boccolini, C., Baroni, L. et al. <strong>Evaluation of statistical process control charts for infant mortality monitoring in Brazilian cities with different population sizes.<\/strong> BMC Res Notes 17, 299 (2024).<\/a> https:\/\/doi.org\/10.1186\/s13104-024-06943-0.<\/li><li><a href=\"https:\/\/ieeexplore.ieee.org\/document\/10651192\" target=\"_blank\" rel=\"noopener\">J. Souza et al., &#8220;<strong>REMD: A Novel Hybrid Anomaly Detection Method Based on EMD and ARIMA<\/strong>,&#8221; 2024 International Joint Conference on Neural Networks (IJCNN), Yokohama, Japan, 2024, pp. 1-8, doi: 10.1109\/IJCNN60899.2024.10651192<\/a>.<\/li><li><a href=\"https:\/\/journals.plos.org\/plosone\/article?id=10.1371\/journal.pone.0310413\" target=\"_blank\" rel=\"noopener\">Baroni L, Scoralick L, Reis A, Belloze K, Pedroso M, Alves R, Boccolini C, Boccolini P, Ogasawara E.<strong> A contextual-compositional approach to discover associations between health determinants and health indicators for neonatal mortality rate monitoring in situations of anomalies<\/strong>. PLoS One. 2024 Dec 11;19(12):e0310413. doi: 10.1371\/journal.pone.0310413. PMID: 39661610; PMCID: PMC11633955.<\/a><\/li><li><div class=\"citation-text\"><a href=\"https:\/\/sol.sbc.org.br\/index.php\/bresci\/article\/view\/36901\" target=\"_blank\" rel=\"noopener\">LIMA, Janio; CASTRO, H\u00e9lio; OLIVEIRA, Luiz; PAIX\u00c3O, Ellen; BARONI, Lais; SALLES, Rebecca; VARGAS, Ricardo; OGASAWARA, Eduardo. <strong>UniTED: A Unified Time Series Event Detection Repository<\/strong>. In: BRAZILIAN E-SCIENCE WORKSHOP (BRESCI), 19. , 2025, Fortaleza\/CE. Anais [&#8230;]. Porto Alegre: Sociedade Brasileira de Computa\u00e7\u00e3o, 2025 . p. 1-8. ISSN 2763-8774. DOI: https:\/\/doi.org\/10.5753\/bresci.2025.247972.<\/a><\/div><\/li><li><a href=\"https:\/\/sol.sbc.org.br\/index.php\/sbbd\/article\/view\/37239\" target=\"_blank\" rel=\"noopener\">Sobrinho, E. P., da Silva Costa, J., Lima, J., Tavares, L., Bezerra, E., de Carvalho Coutinho, R., &#8230; &amp; Ogasawara, E. (2025, September). <strong>Fine-Tuning Detection Criteria for Enhancing Anomaly Detection in Time Series.<\/strong> In\u00a0<i>Simp\u00f3sio Brasileiro de Banco de Dados (SBBD)<\/i>\u00a0(pp. 209-221). SBC.<\/a><\/li><\/ol><\/li><\/ul><div class=\"page page_article\"><article class=\"obj_article_details\"><div>\u00a0<\/div><\/article><\/div><\/div>\n\t\t\t\t<\/div>\n\t\t\t\t\t\t\t<div class=\"elementor-accordion-item\">\n\t\t\t\t\t<div id=\"elementor-tab-title-1242\" class=\"elementor-tab-title\" data-tab=\"2\" role=\"button\" aria-controls=\"elementor-tab-content-1242\" aria-expanded=\"false\">\n\t\t\t\t\t\t\t\t\t\t\t\t\t<span class=\"elementor-accordion-icon elementor-accordion-icon-left\" aria-hidden=\"true\">\n\t\t\t\t\t\t\t\t\t\t\t\t\t\t\t<span class=\"elementor-accordion-icon-closed\"><i class=\"fas fa-angle-double-down\"><\/i><\/span>\n\t\t\t\t\t\t\t\t<span class=\"elementor-accordion-icon-opened\"><i class=\"fas fa-angle-double-up\"><\/i><\/span>\n\t\t\t\t\t\t\t\t\t\t\t\t\t\t<\/span>\n\t\t\t\t\t\t\t\t\t\t\t\t<a class=\"elementor-accordion-title\" tabindex=\"0\">Apresenta\u00e7\u00f5es<\/a>\n\t\t\t\t\t<\/div>\n\t\t\t\t\t<div id=\"elementor-tab-content-1242\" class=\"elementor-tab-content elementor-clearfix\" data-tab=\"2\" role=\"region\" aria-labelledby=\"elementor-tab-title-1242\"><ul><li>Pizza de Dados<br \/><a href=\"https:\/\/www.youtube.com\/watch?v=39w3p0QwHM4&amp;t=7s\" target=\"_blank\" rel=\"noopener\">Epis\u00f3dio 026: Explorando dados e criando novas metodologias<\/a><\/li><li>Semin\u00e1rio EIC<br \/><a href=\"https:\/\/www.youtube.com\/watch?v=fqLEprqb-Fc\" target=\"_blank\" rel=\"noopener\">Estimativa de subnotifica\u00e7\u00e3o de covid-19 no estados brasileiros por SRAG<\/a><\/li><li>Live CDECart &#8211; UERJ<br \/><a href=\"https:\/\/www.youtube.com\/watch?v=cNX0b487lq0\" target=\"_blank\" rel=\"noopener\">Empreendedorismo na Engenharia Cartogr\u00e1fica e de Agrimensura<\/a><\/li><li>Apresenta\u00e7\u00e3o no \u00a0KiGC community annual meeting 2020<br \/><a href=\"https:\/\/eic.cefet-rj.br\/~dal\/2020\/11\/18\/how-to-give-life-to-your-own-frankensteins-monster-dataset-from-zero-to-a-data-paper\/\" target=\"_blank\" rel=\"noopener\">How to give life to your own Frankenstein\u2019s monster dataset: From zero to a data paper<\/a><\/li><li>Grand Challenges Explorations<br \/><a href=\"https:\/\/eic.cefet-rj.br\/~dal\/2020\/09\/01\/grand-challenges-explorations\/\" target=\"_blank\" rel=\"noopener\">Depoimento dos times<\/a><\/li><\/ul><\/div>\n\t\t\t\t<\/div>\n\t\t\t\t\t\t\t\t<\/div>\n\t\t\t\t\t\t<\/div>\n\t\t\t\t<\/div>\n\t\t\t\t\t<\/div>\n\t\t<\/div>\n\t\t\t\t\t<\/div>\n\t\t<\/section>\n\t\t\t\t<section class=\"elementor-section elementor-top-section elementor-element elementor-element-4305c25 elementor-section-boxed elementor-section-height-default elementor-section-height-default\" data-id=\"4305c25\" data-element_type=\"section\" data-e-type=\"section\">\n\t\t\t\t\t\t<div class=\"elementor-container elementor-column-gap-default\">\n\t\t\t\t\t<div class=\"elementor-column elementor-col-20 elementor-top-column elementor-element elementor-element-e582c49\" data-id=\"e582c49\" data-element_type=\"column\" data-e-type=\"column\">\n\t\t\t<div class=\"elementor-widget-wrap\">\n\t\t\t\t\t\t\t<\/div>\n\t\t<\/div>\n\t\t\t\t<div class=\"elementor-column elementor-col-20 elementor-top-column elementor-element elementor-element-4239e9c\" data-id=\"4239e9c\" data-element_type=\"column\" data-e-type=\"column\">\n\t\t\t<div class=\"elementor-widget-wrap\">\n\t\t\t\t\t\t\t<\/div>\n\t\t<\/div>\n\t\t\t\t<div class=\"elementor-column elementor-col-20 elementor-top-column elementor-element elementor-element-763427a\" data-id=\"763427a\" data-element_type=\"column\" data-e-type=\"column\">\n\t\t\t<div class=\"elementor-widget-wrap\">\n\t\t\t\t\t\t\t<\/div>\n\t\t<\/div>\n\t\t\t\t<div class=\"elementor-column elementor-col-20 elementor-top-column elementor-element elementor-element-b9dad38\" data-id=\"b9dad38\" data-element_type=\"column\" data-e-type=\"column\">\n\t\t\t<div class=\"elementor-widget-wrap\">\n\t\t\t\t\t\t\t<\/div>\n\t\t<\/div>\n\t\t\t\t<div class=\"elementor-column elementor-col-20 elementor-top-column elementor-element elementor-element-670a586\" data-id=\"670a586\" data-element_type=\"column\" data-e-type=\"column\">\n\t\t\t<div class=\"elementor-widget-wrap elementor-element-populated\">\n\t\t\t\t\t\t<div class=\"elementor-element elementor-element-e7a68cb elementor-view-framed elementor-position-inline-start elementor-shape-circle elementor-mobile-position-block-start elementor-widget elementor-widget-icon-box\" data-id=\"e7a68cb\" data-element_type=\"widget\" data-e-type=\"widget\" data-widget_type=\"icon-box.default\">\n\t\t\t\t<div class=\"elementor-widget-container\">\n\t\t\t\t\t\t\t<div class=\"elementor-icon-box-wrapper\">\n\n\t\t\t\t\t\t<div class=\"elementor-icon-box-icon\">\n\t\t\t\t<a href=\"https:\/\/eic.cefet-rj.br\/~dal\/\" class=\"elementor-icon\" tabindex=\"-1\" aria-label=\"Voltar para o site DAL\u200b\">\n\t\t\t\t<i aria-hidden=\"true\" class=\"fas fa-arrow-left\"><\/i>\t\t\t\t<\/a>\n\t\t\t<\/div>\n\t\t\t\n\t\t\t\t\t\t<div class=\"elementor-icon-box-content\">\n\n\t\t\t\t\t\t\t\t\t<div class=\"elementor-icon-box-title\">\n\t\t\t\t\t\t<a href=\"https:\/\/eic.cefet-rj.br\/~dal\/\" >\n\t\t\t\t\t\t\tVoltar para o site DAL\u200b\t\t\t\t\t\t<\/a>\n\t\t\t\t\t<\/div>\n\t\t\t\t\n\t\t\t\t\n\t\t\t<\/div>\n\t\t\t\n\t\t<\/div>\n\t\t\t\t\t\t<\/div>\n\t\t\t\t<\/div>\n\t\t\t\t\t<\/div>\n\t\t<\/div>\n\t\t\t\t\t<\/div>\n\t\t<\/section>\n\t\t\t\t<\/div>\n\t\t","protected":false},"excerpt":{"rendered":"<p>Lais Baroni Geof\u00edsica (UFF &#8211; 2015)Engenheira Cart\u00f3grafa (UERJ &#8211; 2019)Mestre em Engenharia de Produ\u00e7\u00e3o em Sistemas (CEFET\/RJ &#8211; 2019)Doutora em Engenharia de Produ\u00e7\u00e3o em Sistemas (CEFET\/RJ &#8211; 2025) Dedica-se \u00e0 ci\u00eancia de dados, com \u00eanfase na detec\u00e7\u00e3o de eventos em s\u00e9ries temporais. Atualmente, est\u00e1 focada no estudo da decomposi\u00e7\u00e3o emp\u00edrica, explorando abordagens inovadoras para a [&hellip;]<\/p>\n","protected":false},"author":3,"featured_media":0,"parent":0,"menu_order":0,"comment_status":"closed","ping_status":"closed","template":"elementor_canvas","meta":{"footnotes":""},"class_list":["post-165","page","type-page","status-publish","hentry","entry"],"_links":{"self":[{"href":"https:\/\/eic.cefet-rj.br\/~dal\/wp-json\/wp\/v2\/pages\/165","targetHints":{"allow":["GET"]}}],"collection":[{"href":"https:\/\/eic.cefet-rj.br\/~dal\/wp-json\/wp\/v2\/pages"}],"about":[{"href":"https:\/\/eic.cefet-rj.br\/~dal\/wp-json\/wp\/v2\/types\/page"}],"author":[{"embeddable":true,"href":"https:\/\/eic.cefet-rj.br\/~dal\/wp-json\/wp\/v2\/users\/3"}],"replies":[{"embeddable":true,"href":"https:\/\/eic.cefet-rj.br\/~dal\/wp-json\/wp\/v2\/comments?post=165"}],"version-history":[{"count":138,"href":"https:\/\/eic.cefet-rj.br\/~dal\/wp-json\/wp\/v2\/pages\/165\/revisions"}],"predecessor-version":[{"id":1862,"href":"https:\/\/eic.cefet-rj.br\/~dal\/wp-json\/wp\/v2\/pages\/165\/revisions\/1862"}],"wp:attachment":[{"href":"https:\/\/eic.cefet-rj.br\/~dal\/wp-json\/wp\/v2\/media?parent=165"}],"curies":[{"name":"wp","href":"https:\/\/api.w.org\/{rel}","templated":true}]}}