{"id":922,"date":"2020-01-28T17:09:47","date_gmt":"2020-01-28T20:09:47","guid":{"rendered":"http:\/\/eic.cefet-rj.br\/ppcic\/?page_id=922"},"modified":"2025-03-18T23:21:26","modified_gmt":"2025-03-19T02:21:26","slug":"linhas-de-pesquisa","status":"publish","type":"page","link":"https:\/\/eic.cefet-rj.br\/ppcic\/linhas-de-pesquisa\/","title":{"rendered":"Linhas de Pesquisa"},"content":{"rendered":"<blockquote>\r\n<h3>Ci\u00eancia de Dados e Intelig\u00eancia Artificial<\/h3>\r\n<\/blockquote>\r\n<p>A linha de pesquisa Ci\u00eancia de Dados e Intelig\u00eancia Artificial representa um pilar do Programa no ensino e pesquisa com \u00eanfase em Ci\u00eancia de Dados. Como um eixo fundamental da Ci\u00eancia de Dados, essa linha aborda desafios te\u00f3ricos e aplicados na coleta, processamento, an\u00e1lise e interpreta\u00e7\u00e3o de dados em larga escala. Seu foco est\u00e1 no desenvolvimento de metodologias para extrair conhecimento \u00fatil a partir de grandes volumes de dados estruturados, semiestruturados e n\u00e3o estruturados, utilizando abordagens de Intelig\u00eancia Artificial (IA), Aprendizado de M\u00e1quina e Processamento de Linguagem Natural.<\/p>\r\n<p>A pesquisa nessa linha investiga tanto os fundamentos da Ci\u00eancia de Dados quanto suas aplica\u00e7\u00f5es em dom\u00ednios estrat\u00e9gicos, como Sa\u00fade P\u00fablica, e-Governo, Cidades Inteligentes, Meteorologia, Finan\u00e7as e Computa\u00e7\u00e3o Afetiva. Para isso, s\u00e3o exploradas t\u00e9cnicas avan\u00e7adas de modelagem, armazenamento distribu\u00eddo, indexa\u00e7\u00e3o e processamento paralelo, objetivando otimizar workflows cient\u00edficos e viabilizar an\u00e1lises complexas em ambientes de computa\u00e7\u00e3o de alto desempenho. Al\u00e9m disso, s\u00e3o estudadas abordagens baseadas em IA data c\u00eantrica para aprimorar a qualidade dos dados utilizados nos modelos.<\/p>\r\n<p>O impacto dessa linha se reflete na cria\u00e7\u00e3o de solu\u00e7\u00f5es inovadoras para problemas reais, desde a previs\u00e3o de fen\u00f4menos clim\u00e1ticos e de sa\u00fade, passando pela an\u00e1lise de observ\u00e1veis no espa\u00e7o-tempo, at\u00e9 a otimiza\u00e7\u00e3o de processos urbanos e financeiros. Tamb\u00e9m inclui o desenvolvimento de sistemas capazes de interpretar emo\u00e7\u00f5es e comportamentos, ampliando o potencial da IA na intera\u00e7\u00e3o humano-m\u00e1quina. Dessa forma, essa linha de pesquisa fortalece o papel do Programa na fronteira da Ci\u00eancia de Dados e da Intelig\u00eancia Artificial, promovendo avan\u00e7os te\u00f3ricos, metodol\u00f3gicos e aplica\u00e7\u00f5es transformadoras.<\/p>\r\n<blockquote>\r\n<h3>Sistemas e Aplica\u00e7\u00f5es<\/h3>\r\n<\/blockquote>\r\n<p>A linha de pesquisa Sistemas e Aplica\u00e7\u00f5es \u00e9 um pilar essencial do Programa de P\u00f3s-Gradua\u00e7\u00e3o em Ci\u00eancia da Computa\u00e7\u00e3o, consolidando-se como um eixo fundamental na investiga\u00e7\u00e3o e no desenvolvimento de tecnologias computacionais para resolver desafios complexos em diversos dom\u00ednios. Sua abrang\u00eancia vai desde a concep\u00e7\u00e3o de software e redes at\u00e9 aplica\u00e7\u00f5es avan\u00e7adas em Internet das Coisas (IoT), Blockchain, Multim\u00eddia e Rob\u00f3tica. O foco est\u00e1 na cria\u00e7\u00e3o de sistemas inovadores, eficientes e seguros, alinhados \u00e0s demandas emergentes da sociedade e da ind\u00fastria.<\/p>\r\n<p>A pesquisa nessa \u00e1rea engloba Engenharia de Software aplicada a novos paradigmas computacionais, explorando metodologias que garantam qualidade, seguran\u00e7a e alto desempenho em aplica\u00e7\u00f5es distribu\u00eddas, sistemas embarcados e jogos educacionais. Al\u00e9m disso, abrange a modelagem e otimiza\u00e7\u00e3o de redes de computadores e redes complexas, investigando protocolos de comunica\u00e7\u00e3o e arquiteturas eficientes para ambientes conectados.<\/p>\r\n<p>Com um vi\u00e9s interdisciplinar, essa linha tamb\u00e9m analisa como aplica\u00e7\u00f5es inteligentes podem potencializar a autonomia e a intera\u00e7\u00e3o entre sistemas computacionais e seus usu\u00e1rios. Isso inclui a personaliza\u00e7\u00e3o de experi\u00eancias multim\u00eddia, automa\u00e7\u00e3o de processos em cidades inteligentes e aprimoramento de tecnologias assistivas e educacionais.<\/p>\r\n\r\n\r\n","protected":false},"excerpt":{"rendered":"<p>Ci\u00eancia de Dados e Intelig\u00eancia Artificial A linha de pesquisa Ci\u00eancia de Dados e Intelig\u00eancia Artificial representa um pilar do Programa no ensino e pesquisa com \u00eanfase em Ci\u00eancia de Dados. Como um eixo fundamental da Ci\u00eancia de Dados, essa linha aborda desafios te\u00f3ricos e aplicados na coleta, processamento, an\u00e1lise e interpreta\u00e7\u00e3o de dados em [&hellip;]<\/p>\n","protected":false},"author":2,"featured_media":0,"parent":0,"menu_order":0,"comment_status":"closed","ping_status":"closed","template":"","meta":{"_monsterinsights_skip_tracking":false,"_monsterinsights_sitenote_active":false,"_monsterinsights_sitenote_note":"","_monsterinsights_sitenote_category":0,"footnotes":""},"class_list":["post-922","page","type-page","status-publish","hentry"],"_links":{"self":[{"href":"https:\/\/eic.cefet-rj.br\/ppcic\/wp-json\/wp\/v2\/pages\/922","targetHints":{"allow":["GET"]}}],"collection":[{"href":"https:\/\/eic.cefet-rj.br\/ppcic\/wp-json\/wp\/v2\/pages"}],"about":[{"href":"https:\/\/eic.cefet-rj.br\/ppcic\/wp-json\/wp\/v2\/types\/page"}],"author":[{"embeddable":true,"href":"https:\/\/eic.cefet-rj.br\/ppcic\/wp-json\/wp\/v2\/users\/2"}],"replies":[{"embeddable":true,"href":"https:\/\/eic.cefet-rj.br\/ppcic\/wp-json\/wp\/v2\/comments?post=922"}],"version-history":[{"count":21,"href":"https:\/\/eic.cefet-rj.br\/ppcic\/wp-json\/wp\/v2\/pages\/922\/revisions"}],"predecessor-version":[{"id":5986,"href":"https:\/\/eic.cefet-rj.br\/ppcic\/wp-json\/wp\/v2\/pages\/922\/revisions\/5986"}],"wp:attachment":[{"href":"https:\/\/eic.cefet-rj.br\/ppcic\/wp-json\/wp\/v2\/media?parent=922"}],"curies":[{"name":"wp","href":"https:\/\/api.w.org\/{rel}","templated":true}]}}