{"id":3716,"date":"2020-11-24T13:19:52","date_gmt":"2020-11-24T16:19:52","guid":{"rendered":"https:\/\/eic.cefet-rj.br\/ppcic\/?page_id=3716"},"modified":"2021-05-14T16:12:57","modified_gmt":"2021-05-14T19:12:57","slug":"mencoes-honrosas","status":"publish","type":"page","link":"https:\/\/eic.cefet-rj.br\/ppcic\/mencoes-honrosas\/","title":{"rendered":"Men\u00e7\u00f5es Honrosas"},"content":{"rendered":"<p>O Programa de P\u00f3s-gradua\u00e7\u00e3o em Ci\u00eancia da Computa\u00e7\u00e3o (PPCIC) concedeu men\u00e7\u00e3o de louvor para:<\/p>\n<ul>\n<li><strong>Rafael Guimar\u00e3es Rodrigues<\/strong> (2018) referente \u00e0 contribui\u00e7\u00e3o da produ\u00e7\u00e3o cient\u00edfica no contexto do PPCIC, da qualidade excepcional da disserta\u00e7\u00e3o e do desempenho do candidato durante a defesa, inaugurando a primeira defesa do Programa.<\/li>\n<li><strong>Raphael Silva de Abreu<\/strong> (2018) referente \u00e0 contribui\u00e7\u00e3o da produ\u00e7\u00e3o cient\u00edfica no contexto do PPCIC, da qualidade excepcional da disserta\u00e7\u00e3o e do desempenho do candidato durante a defesa.<\/li>\n<li><strong>Rodrigo Tavares de Souza<\/strong> (2019) referente \u00e0 contribui\u00e7\u00e3o da produ\u00e7\u00e3o cient\u00edfica no contexto do PPCIC, da contribui\u00e7\u00e3o t\u00e9cnica no apoio a melhoria da infraestrutura computacional do Programa e do desempenho do candidato durante a defesa.<\/li>\n<li><strong>Rebecca Pontes Salles<\/strong> (2019) referente \u00e0 contribui\u00e7\u00e3o da produ\u00e7\u00e3o cient\u00edfica no contexto do PPCIC, da qualidade excepcional da disserta\u00e7\u00e3o e do desempenho do candidato durante a defesa, inaugurando a primeira defesa do Programa em Ingl\u00eas.<\/li>\n<li><strong>Flavio Matias Damasceno de Carvalho<\/strong> (2019) referente \u00e0 contribui\u00e7\u00e3o da produ\u00e7\u00e3o cient\u00edfica ao longo de sua disserta\u00e7\u00e3o de mestrado.<\/li>\n<li><strong>Rafaela de Castro do Nascimento<\/strong> (2020) referente \u00e0 contribui\u00e7\u00e3o da produ\u00e7\u00e3o cient\u00edfica no contexto do PPCIC, da qualidade excepcional da disserta\u00e7\u00e3o e do desempenho do discente durante a defesa.<\/li>\n<li><strong>Alan Rodrigues Fontoura<\/strong> (2020) referente \u00e0 contribui\u00e7\u00e3o da produ\u00e7\u00e3o cient\u00edfica no contexto do PPCIC, da qualidade excepcional da disserta\u00e7\u00e3o e do desempenho do discente durante a defesa.<\/li>\n<li><strong>Fernando Pereira Gon\u00e7alves de S\u00e1<\/strong> (2020) referente \u00e0 contribui\u00e7\u00e3o da produ\u00e7\u00e3o cient\u00edfica no contexto do PPCIC, da qualidade excepcional da disserta\u00e7\u00e3o e do desempenho do discente durante a defesa.<\/li>\n<li><strong>Antonio Jose de Castro Filho<\/strong> (2021) referente \u00e0 contribui\u00e7\u00e3o da produ\u00e7\u00e3o cient\u00edfica no contexto do PPCIC, da qualidade excepcional da disserta\u00e7\u00e3o e do desempenho do discente durante a defesa.<\/li>\n<li><strong>Leonardo Ferreira dos Santos <\/strong>(2021)\u00a0referente \u00e0 contribui\u00e7\u00e3o da produ\u00e7\u00e3o cient\u00edfica no contexto do PPCIC, da qualidade da disserta\u00e7\u00e3o desenvolvida e do impacto gerado para a sociedade.<\/li>\n<\/ul>\n","protected":false},"excerpt":{"rendered":"<p>O Programa de P\u00f3s-gradua\u00e7\u00e3o em Ci\u00eancia da Computa\u00e7\u00e3o (PPCIC) concedeu men\u00e7\u00e3o de louvor para: Rafael Guimar\u00e3es Rodrigues (2018) referente \u00e0 contribui\u00e7\u00e3o da produ\u00e7\u00e3o cient\u00edfica no contexto do PPCIC, da qualidade excepcional da disserta\u00e7\u00e3o e do desempenho do candidato durante a defesa, inaugurando a primeira defesa do Programa. Raphael Silva de Abreu (2018) referente \u00e0 contribui\u00e7\u00e3o [&hellip;]<\/p>\n","protected":false},"author":4,"featured_media":0,"parent":0,"menu_order":0,"comment_status":"closed","ping_status":"closed","template":"","meta":{"_monsterinsights_skip_tracking":false,"_monsterinsights_sitenote_active":false,"_monsterinsights_sitenote_note":"","_monsterinsights_sitenote_category":0,"footnotes":""},"class_list":["post-3716","page","type-page","status-publish","hentry"],"_links":{"self":[{"href":"https:\/\/eic.cefet-rj.br\/ppcic\/wp-json\/wp\/v2\/pages\/3716","targetHints":{"allow":["GET"]}}],"collection":[{"href":"https:\/\/eic.cefet-rj.br\/ppcic\/wp-json\/wp\/v2\/pages"}],"about":[{"href":"https:\/\/eic.cefet-rj.br\/ppcic\/wp-json\/wp\/v2\/types\/page"}],"author":[{"embeddable":true,"href":"https:\/\/eic.cefet-rj.br\/ppcic\/wp-json\/wp\/v2\/users\/4"}],"replies":[{"embeddable":true,"href":"https:\/\/eic.cefet-rj.br\/ppcic\/wp-json\/wp\/v2\/comments?post=3716"}],"version-history":[{"count":5,"href":"https:\/\/eic.cefet-rj.br\/ppcic\/wp-json\/wp\/v2\/pages\/3716\/revisions"}],"predecessor-version":[{"id":4242,"href":"https:\/\/eic.cefet-rj.br\/ppcic\/wp-json\/wp\/v2\/pages\/3716\/revisions\/4242"}],"wp:attachment":[{"href":"https:\/\/eic.cefet-rj.br\/ppcic\/wp-json\/wp\/v2\/media?parent=3716"}],"curies":[{"name":"wp","href":"https:\/\/api.w.org\/{rel}","templated":true}]}}