{"id":34,"date":"2016-05-08T01:55:56","date_gmt":"2016-05-08T04:55:56","guid":{"rendered":"http:\/\/eic.cefet-rj.br\/ppgcc\/?page_id=34"},"modified":"2025-11-13T14:43:37","modified_gmt":"2025-11-13T17:43:37","slug":"contato","status":"publish","type":"page","link":"https:\/\/eic.cefet-rj.br\/ppcic\/contato\/","title":{"rendered":"Contato"},"content":{"rendered":"<p><strong><a href=\"http:\/\/www.cefet-rj.br\">Centro Federal de Educa\u00e7\u00e3o Tecnol\u00f3gica Celso Suckow da Fonseca<\/a> (CEFET\/RJ)<\/strong><\/p>\n<p><strong><a href=\"http:\/\/dippg.cefet-rj.br\/\">Diretoria de Pesquisa e P\u00f3s-Gradua\u00e7\u00e3o<\/a> (DIPPG)<\/strong><\/p>\n<p><strong><a href=\"http:\/\/eic.cefet-rj.br\/ppcic\/\">Coordenadoria do Programa de P\u00f3s-Gradua\u00e7\u00e3o em Ci\u00eancia da Computa\u00e7\u00e3o<\/a> (PPCIC)<\/strong><\/p>\n<p>&nbsp;<\/p>\n<blockquote>\n<h3><strong>Localiza\u00e7\u00e3o<\/strong><\/h3>\n<\/blockquote>\n<p>Av. Maracan\u00e3, 229 Bloco E, 5 andar. Rio de Janeiro, RJ CEP: 20271-110<\/p>\n<p>&nbsp;<\/p>\n<blockquote>\n<h3><strong>Contato<\/strong><\/h3>\n<\/blockquote>\n<p>Telefone: (0xx21) 2566-3179 &#8211; Telefax: (0xx21) 2569-4495<\/p>\n<p>E-Mail: ppcic at eic.cefet-rj.br<\/p>\n<p>Coordenadora: <a href=\"mailto:kele.belloze@cefet-rj.br\"><strong>Kele Teixeira Belloze<\/strong><\/a><\/p>\n","protected":false},"excerpt":{"rendered":"<p>Centro Federal de Educa\u00e7\u00e3o Tecnol\u00f3gica Celso Suckow da Fonseca (CEFET\/RJ) Diretoria de Pesquisa e P\u00f3s-Gradua\u00e7\u00e3o (DIPPG) Coordenadoria do Programa de P\u00f3s-Gradua\u00e7\u00e3o em Ci\u00eancia da Computa\u00e7\u00e3o (PPCIC) &nbsp; Localiza\u00e7\u00e3o Av. Maracan\u00e3, 229 Bloco E, 5 andar. Rio de Janeiro, RJ CEP: 20271-110 &nbsp; Contato Telefone: (0xx21) 2566-3179 &#8211; Telefax: (0xx21) 2569-4495 E-Mail: ppcic at eic.cefet-rj.br Coordenadora: [&hellip;]<\/p>\n","protected":false},"author":3,"featured_media":0,"parent":0,"menu_order":0,"comment_status":"closed","ping_status":"closed","template":"","meta":{"_monsterinsights_skip_tracking":false,"_monsterinsights_sitenote_active":false,"_monsterinsights_sitenote_note":"","_monsterinsights_sitenote_category":0,"footnotes":""},"class_list":["post-34","page","type-page","status-publish","hentry"],"_links":{"self":[{"href":"https:\/\/eic.cefet-rj.br\/ppcic\/wp-json\/wp\/v2\/pages\/34","targetHints":{"allow":["GET"]}}],"collection":[{"href":"https:\/\/eic.cefet-rj.br\/ppcic\/wp-json\/wp\/v2\/pages"}],"about":[{"href":"https:\/\/eic.cefet-rj.br\/ppcic\/wp-json\/wp\/v2\/types\/page"}],"author":[{"embeddable":true,"href":"https:\/\/eic.cefet-rj.br\/ppcic\/wp-json\/wp\/v2\/users\/3"}],"replies":[{"embeddable":true,"href":"https:\/\/eic.cefet-rj.br\/ppcic\/wp-json\/wp\/v2\/comments?post=34"}],"version-history":[{"count":21,"href":"https:\/\/eic.cefet-rj.br\/ppcic\/wp-json\/wp\/v2\/pages\/34\/revisions"}],"predecessor-version":[{"id":6313,"href":"https:\/\/eic.cefet-rj.br\/ppcic\/wp-json\/wp\/v2\/pages\/34\/revisions\/6313"}],"wp:attachment":[{"href":"https:\/\/eic.cefet-rj.br\/ppcic\/wp-json\/wp\/v2\/media?parent=34"}],"curies":[{"name":"wp","href":"https:\/\/api.w.org\/{rel}","templated":true}]}}