{"id":30,"date":"2016-05-08T01:55:22","date_gmt":"2016-05-08T04:55:22","guid":{"rendered":"http:\/\/eic.cefet-rj.br\/ppgcc\/?page_id=30"},"modified":"2026-01-19T12:43:11","modified_gmt":"2026-01-19T15:43:11","slug":"grade-de-horario","status":"publish","type":"page","link":"https:\/\/eic.cefet-rj.br\/ppcic\/grade-de-horario\/","title":{"rendered":"Grade de Hor\u00e1rio"},"content":{"rendered":"<p>O curso \u00e9 organizado em regime trimestral. As ementas das disciplinas podem ser consultadas na p\u00e1gina de <a href=\"http:\/\/eic.cefet-rj.br\/ppgcc\/index.php\/disciplinas\/\">disciplinas<\/a>.<\/p>\n<p>Seguem os e-mails dos docentes para contato:<\/p>\n<ul>\n<li><strong><a href=\"http:\/\/eic.cefet-rj.br\/~dbrandao\/\">Diego Nunes Brand\u00e3o<\/a>\u00a0<\/strong>&#8211; diego.brandao@cefet-rj.br<\/li>\n<li><a title=\"https:\/\/diogomendonca.pro.br\/\" href=\"https:\/\/diogomendonca.pro.br\/\" target=\"_blank\" rel=\"noopener noreferrer\" data-saferedirecturl=\"https:\/\/www.google.com\/url?q=https:\/\/diogomendonca.pro.br\/&amp;source=gmail&amp;ust=1649531198363000&amp;usg=AOvVaw2RP0qHf95Pp_cli7Yu78Cb\"><strong>Diogo Silveira Mendon\u00e7a<\/strong><\/a> &#8211; diogo.mendonca@cefet-rj.br<\/li>\n<li><strong><a href=\"http:\/\/eic.cefet-rj.br\/~ebezerra\/\">Eduardo Bezerra da Silva<\/a> <\/strong>&#8211;\u00a0 ebezerra@cefet-rj.br<\/li>\n<li><strong><a href=\"http:\/\/eic.cefet-rj.br\/~eogasawara\/\">Eduardo Soares Ogasawara<\/a> <\/strong>&#8211; eogasawara@cefet-rj.br<\/li>\n<li><strong><a href=\"https:\/\/eic.cefet-rj.br\/~fhenriques\/\">Felipe da Rocha Henriques<\/a>\u00a0<\/strong>&#8211; felipe.henriques@cefet-rj.br<\/li>\n<li><a href=\"https:\/\/eic.cefet-rj.br\/~gamorim\"><strong>Glauco Fiorott Amorim<\/strong><\/a> &#8211; glauco.amorim@cefet-rj.br<\/li>\n<li><strong><a href=\"http:\/\/eic.cefet-rj.br\/~gguedes\/\">Gustavo Paiva Guedes<\/a> <\/strong>&#8211; gustavo.guedes@cefet-rj.br<\/li>\n<li><strong>Helga Dolorico Babi<\/strong> &#8211; helga.balbi@cefet-rj.br<\/li>\n<li><a href=\"https:\/\/eic.cefet-rj.br\/~jquadros\/\"><strong>Jo\u00e3o Roberto de Toledo Quadros<\/strong><\/a> &#8211; joao.quadros@cefet-rj.br<\/li>\n<li><strong><a href=\"http:\/\/eic.cefet-rj.br\/~jsantos\/\">Joel Andr\u00e9 Ferreira dos Santos<\/a> <\/strong>&#8211; joel.santos@cefet-rj.br<\/li>\n<li><a href=\"https:\/\/eic.cefet-rj.br\/~jsoares\/\"><strong>Jorge de Abreu Soares<\/strong><\/a> &#8211; jorge.soares@cefet-rj.br<\/li>\n<li><a href=\"https:\/\/eic.cefet-rj.br\/~kbelloze\/\"><strong>Kele Teixeira Belloze<\/strong><\/a> &#8211; kele.belloze@cefet-rj.br<\/li>\n<li><strong><a href=\"https:\/\/sites.google.com\/site\/lauraassis\/\">Laura Silva de Assis<\/a>\u00a0<\/strong>&#8211; laura.assis@cefet-rj.br<\/li>\n<li><a href=\"https:\/\/eic.cefet-rj.br\/~rcoutinho\/\"><strong>Rafaelli de Carvalho Coutinho<\/strong><\/a> &#8211; rafaelli.coutinho@cefet-rj.br<\/li>\n<\/ul>\n<p>&nbsp;<\/p>\n<blockquote>\n<h3><strong>Oferta de Disciplinas para 2026<\/strong><\/h3>\n<\/blockquote>\n<table style=\"height: 114px;\" width=\"835\">\n<tbody>\n<tr>\n<td width=\"66\">Trimestre<\/td>\n<td width=\"68\">C\u00f3digo<\/td>\n<td width=\"339\">Disciplina<\/td>\n<td width=\"159\">Docente<\/td>\n<td width=\"100\">Dias<\/td>\n<td width=\"162\">Hor\u00e1rio<\/td>\n<\/tr>\n<tr>\n<td>T1<\/td>\n<td>CIC1205<\/td>\n<td>Aprendizado de M\u00e1quina<\/td>\n<td>Eduardo Bezerra<\/td>\n<td>5a feira<\/td>\n<td>08:00 \u00e0s 11:20<\/td>\n<\/tr>\n<tr>\n<td>T1<\/td>\n<td>CIC1206<\/td>\n<td>Arquitetura de Computadores<\/td>\n<td>Jo\u00e3o Quadros<\/td>\n<td>3a feira<\/td>\n<td>09:20 \u00e0s 12:40<\/td>\n<\/tr>\n<tr>\n<td>T1<\/td>\n<td>CIC1238<\/td>\n<td>Aplica\u00e7\u00f5es Multim\u00eddia Interativas<\/td>\n<td>Joel dos Santos<\/td>\n<td>3a feira<\/td>\n<td>14:35 \u00e0s 17:55<\/td>\n<\/tr>\n<tr>\n<td>T1<\/td>\n<td>CIC1207<\/td>\n<td>Banco de Dados<\/td>\n<td>Jorge Soares<\/td>\n<td>5a feira<\/td>\n<td>13:40 \u00e0s 17:00<\/td>\n<\/tr>\n<tr>\n<td>T1<\/td>\n<td>CIC1240<\/td>\n<td>Engenharia de Software<\/td>\n<td>Diogo Mendon\u00e7a<\/td>\n<td>4a feira<\/td>\n<td>18:10 \u00e0s 21:30<\/td>\n<\/tr>\n<p><!--\n\n\n<tr>\n\n\n<td>T1<\/td>\n\n\n\n\n<td>CIC1227<\/td>\n\n\n\n\n<td>T\u00f3picos Especiais em Intelig\u00eancia Computacional (<a href=\"https:\/\/eic.cefet-rj.br\/ppcic\/index.php\/topicos-especiais-em-inteligencia-computacional-series-temporais-2023-3\/\">S\u00e9ries Temporais Avan\u00e7ado<\/a>)<\/td>\n\n\n\n\n<td>Eduardo Ogasawara<\/td>\n\n\n\n\n<td>5a feira<\/td>\n\n\n\n\n<td>13:40 \u00e0s 17:00<\/td>\n\n\n<\/tr>\n\n\n--><\/tbody>\n<\/table>\n<p>&nbsp;<\/p>\n<table style=\"height: 114px;\" width=\"835\">\n<tbody>\n<tr>\n<td width=\"66\">Trimestre<\/td>\n<td width=\"68\">C\u00f3digo<\/td>\n<td width=\"339\">Disciplina<\/td>\n<td width=\"159\">Docente<\/td>\n<td width=\"100\">Dias<\/td>\n<td width=\"162\">Hor\u00e1rio<\/td>\n<\/tr>\n<tr>\n<td>T2<\/td>\n<td>CIC1204<\/td>\n<td>Aplica\u00e7\u00f5es de Rob\u00f3tica<\/td>\n<td>Jo\u00e3o Quadros<\/td>\n<td>3a feira<\/td>\n<td>09:20 \u00e0s 12:40<\/td>\n<\/tr>\n<tr>\n<td>T2<\/td>\n<td>CIC1236<\/td>\n<td>Ci\u00eancia de Redes<\/td>\n<td>Glauco Amorim<\/td>\n<td>3a feira<\/td>\n<td>09:45 \u00e0s 13:05<\/td>\n<\/tr>\n<tr>\n<td>T2<\/td>\n<td>CIC1208<\/td>\n<td>Computa\u00e7\u00e3o Paralela e Distribu\u00edda<\/td>\n<td>Rafaelli Coutinho<\/td>\n<td>6a feira<\/td>\n<td>13:25 \u00e0s 17:00<\/td>\n<\/tr>\n<tr>\n<td>T2<\/td>\n<td>CIC1221<\/td>\n<td>Metodologia Cient\u00edfica<\/td>\n<td>Kele Belloze<\/td>\n<td>5a feira<\/td>\n<td>08:50 \u00e0s 12:10<\/td>\n<\/tr>\n<tr>\n<td>T2<\/td>\n<td>CIC1214<\/td>\n<td>Minera\u00e7\u00e3o de Dados<\/td>\n<td>Eduardo Ogasawara<\/td>\n<td>5a feira<\/td>\n<td>13:40 \u00e0s 17:00<\/td>\n<\/tr>\n<tr>\n<td>T2<\/td>\n<td>CIC1227<\/td>\n<td>T\u00f3picos Especiais em Intelig\u00eancia Computacional (Redes Neurais sem peso)<\/td>\n<td>Diego Carvalho<\/td>\n<td>a decidir<\/td>\n<td><\/td>\n<\/tr>\n<\/tbody>\n<\/table>\n<p>&nbsp;<\/p>\n<table style=\"height: 114px;\" width=\"835\">\n<tbody>\n<tr>\n<td width=\"66\">Trimestre<\/td>\n<td width=\"68\">C\u00f3digo<\/td>\n<td width=\"339\">Disciplina<\/td>\n<td width=\"159\">Docente<\/td>\n<td width=\"100\">Dias<\/td>\n<td width=\"162\">Hor\u00e1rio<\/td>\n<\/tr>\n<p><!--\n\n\n<tr>\n\n\n<td>T3<\/td>\n\n\n\n\n<td>An\u00e1lise de S\u00e9ries Temporais<\/td>\n\n\n\n\n<td>Eduardo Ogasawara<\/td>\n\n\n\n\n<td>5a feira<\/td>\n\n\n\n\n<td>13:40 \u00e0s 17:00<\/td>\n\n\n<\/tr>\n\n\n--><\/p>\n<tr>\n<td>T3<\/td>\n<td>CIC1203<\/td>\n<td>An\u00e1lise e Projeto de Algoritmos<\/td>\n<td>Diego Brand\u00e3o<\/td>\n<td>2a feira<\/td>\n<td>18:00 \u00e0s 21:20<\/td>\n<\/tr>\n<tr>\n<td>T3<\/td>\n<td>CIC1216<\/td>\n<td>Minera\u00e7\u00e3o de Textos<\/td>\n<td>Gustavo Paiva<\/td>\n<td>4a feira<\/td>\n<td>12:50 \u00e0s 16:15<\/td>\n<\/tr>\n<tr>\n<td>T3<\/td>\n<td>CIC1234<\/td>\n<td>Programa\u00e7\u00e3o Linear<\/td>\n<td>Laura Assis<\/td>\n<td>3a feira<\/td>\n<td>18:00 \u00e0s 21:20<\/td>\n<\/tr>\n<tr>\n<td>T3<\/td>\n<td>CIC1235<\/td>\n<td>T\u00f3picos Especiais em Aplica\u00e7\u00f5es Computacionais (<a href=\"https:\/\/eic.cefet-rj.br\/ppcic\/index.php\/topicos-especiais-em-aplicacoes-computacionais-internet-das-coisas-2023-3\/\">Internet das Coisas<\/a>)<\/td>\n<td>Helga Balbi<\/td>\n<td>3a feira<\/td>\n<td>13:25 \u00e0s 17:00<\/td>\n<\/tr>\n<tr>\n<td>T3<\/td>\n<td>CIC1237<\/td>\n<td>T\u00f3picos Especiais em Programa\u00e7\u00e3o (<a href=\"https:\/\/eic.cefet-rj.br\/ppcic\/index.php\/topicos-especiais-em-aplicacoes-computacionais-introducao-a-blockchain-e-aplicacoes-descentralizadas-2022-3\/\">Introdu\u00e7\u00e3o \u00e0 Blockchain<\/a>)<\/td>\n<td>Diogo Mendon\u00e7a<\/td>\n<td>4a feira<\/td>\n<td>18:10 \u00e0s 21:30<\/td>\n<\/tr>\n<tr>\n<td>T3<\/td>\n<td>CIC1233<\/td>\n<td>Visualiza\u00e7\u00e3o de Dados<\/td>\n<td>Felipe Henriques<\/td>\n<td>6a feira<\/td>\n<td>14:30 \u00e0s 17:50<\/td>\n<\/tr>\n<\/tbody>\n<\/table>\n<p>&nbsp;<\/p>\n","protected":false},"excerpt":{"rendered":"<p>O curso \u00e9 organizado em regime trimestral. As ementas das disciplinas podem ser consultadas na p\u00e1gina de disciplinas. Seguem os e-mails dos docentes para contato: Diego Nunes Brand\u00e3o\u00a0&#8211; diego.brandao@cefet-rj.br Diogo Silveira Mendon\u00e7a &#8211; diogo.mendonca@cefet-rj.br Eduardo Bezerra da Silva &#8211;\u00a0 ebezerra@cefet-rj.br Eduardo Soares Ogasawara &#8211; eogasawara@cefet-rj.br Felipe da Rocha Henriques\u00a0&#8211; felipe.henriques@cefet-rj.br Glauco Fiorott Amorim &#8211; glauco.amorim@cefet-rj.br [&hellip;]<\/p>\n","protected":false},"author":3,"featured_media":0,"parent":0,"menu_order":0,"comment_status":"closed","ping_status":"closed","template":"","meta":{"_monsterinsights_skip_tracking":false,"_monsterinsights_sitenote_active":false,"_monsterinsights_sitenote_note":"","_monsterinsights_sitenote_category":0,"footnotes":""},"class_list":["post-30","page","type-page","status-publish","hentry"],"_links":{"self":[{"href":"https:\/\/eic.cefet-rj.br\/ppcic\/wp-json\/wp\/v2\/pages\/30","targetHints":{"allow":["GET"]}}],"collection":[{"href":"https:\/\/eic.cefet-rj.br\/ppcic\/wp-json\/wp\/v2\/pages"}],"about":[{"href":"https:\/\/eic.cefet-rj.br\/ppcic\/wp-json\/wp\/v2\/types\/page"}],"author":[{"embeddable":true,"href":"https:\/\/eic.cefet-rj.br\/ppcic\/wp-json\/wp\/v2\/users\/3"}],"replies":[{"embeddable":true,"href":"https:\/\/eic.cefet-rj.br\/ppcic\/wp-json\/wp\/v2\/comments?post=30"}],"version-history":[{"count":198,"href":"https:\/\/eic.cefet-rj.br\/ppcic\/wp-json\/wp\/v2\/pages\/30\/revisions"}],"predecessor-version":[{"id":6516,"href":"https:\/\/eic.cefet-rj.br\/ppcic\/wp-json\/wp\/v2\/pages\/30\/revisions\/6516"}],"wp:attachment":[{"href":"https:\/\/eic.cefet-rj.br\/ppcic\/wp-json\/wp\/v2\/media?parent=30"}],"curies":[{"name":"wp","href":"https:\/\/api.w.org\/{rel}","templated":true}]}}