{"id":9,"date":"2014-11-14T11:00:00","date_gmt":"2014-11-14T13:00:00","guid":{"rendered":"http:\/\/coinfocefetrj.wordpress.com\/?page_id=9"},"modified":"2017-10-10T16:53:47","modified_gmt":"2017-10-10T19:53:47","slug":"sistemas-para-internet","status":"publish","type":"page","link":"https:\/\/eic.cefet-rj.br\/portal\/sistemas-para-internet\/","title":{"rendered":"Sistemas para Internet"},"content":{"rendered":"<p>Cursos tecnol\u00f3gicos s\u00e3o cursos superiores de gradua\u00e7\u00e3o com enfoque em processos espec\u00edficos de cada \u00e1rea profissional. Esses cursos habilitam para concursos, para o empreendedorismo, para a p\u00f3s-gradua\u00e7\u00e3o e principalmente para o mercado de trabalho. A Educa\u00e7\u00e3o Tecnol\u00f3gica \u00e9 regulamentada pelo MEC atrav\u00e9s da LDB da Educa\u00e7\u00e3o Nacional, de 1996 e pela Resolu\u00e7\u00e3o CNE\/CP3 do Conselho Nacional de Educa\u00e7\u00e3o.<\/p>\n<p>O\u00a0<strong>Curso Superior de Tecnologia em Sistemas para Internet<\/strong> (CST-SI) \u00e9 um curso tecnol\u00f3gico de gradua\u00e7\u00e3o com \u00eanfase em desenvolvimento de sistemas de software para a Internet. Disciplinas espec\u00edficas da \u00e1rea, como tecnologias Web, linguagens de programa\u00e7\u00e3o, engenharia de software, redes de computadores, bancos de dados, arquitetura computadores e sistemas operacionais familiarizam o aluno com as quest\u00f5es ligadas ao desenvolvimento de sistemas de software para a Internet. Al\u00e9m disso, essas mat\u00e9rias mesclam-se com outras de cunho mais geral, e que d\u00e3o a base matem\u00e1tica indispens\u00e1vel para o exerc\u00edcio da profiss\u00e3o, como l\u00f3gica matem\u00e1tica, matem\u00e1tica discreta e estat\u00edstica.<\/p>\n<p>As disciplinas optativas tamb\u00e9m s\u00e3o importantes para a forma\u00e7\u00e3o do aluno, tais como neg\u00f3cios na Internet, intelig\u00eancia artificial e padr\u00f5es de projeto. As aulas pr\u00e1ticas incluem treinamento em desenvolvimento para Web e desenvolvimento de portais. O curr\u00edculo \u00e9 enriquecido com no\u00e7\u00f5es de direito, \u00e9tica, ingl\u00eas e empreendedorismo.<\/p>\n<p>O curso forma profissionais capazes de desenvolver programas, interfaces e aplicativos, com\u00e9rcio e marketing eletr\u00f4nico, al\u00e9m da cria\u00e7\u00e3o de sites e portais de internet e intranet.<\/p>\n<p>As aulas do curso acontecem no Campus Maracan\u00e3 do CEFET\/RJ (Av. Maracan\u00e3, 229, Maracan\u00e3, Rio de Janeiro, RJ). O curso possui uma dura\u00e7\u00e3o m\u00ednima de 06 (seis) e m\u00e1xima de 10 (dez) semestres letivos. Funciona sob o regime de cr\u00e9ditos. O CST-SI \u00e9 reconhecido pelo MEC (vide Di\u00e1rio Oficial, edi\u00e7\u00e3o n\u00ba 214, de 08 de novembro de 2006).<\/p>\n<ul>\n<li>Nome do curso: Curso Superior de Tecnologia em Sistemas para Internet<\/li>\n<li>Coordenador:\u00a0Jorge de Abreu Soares<\/li>\n<li>Dura\u00e7\u00e3o do curso: 03 anos (seis semestres letivos)<\/li>\n<li>Carga hor\u00e1ria: 2388 horas<\/li>\n<li>Hor\u00e1rio de funcionamento: Noturno (18:20h \u00e0s 21:50h), de 2a a 6a, com possibilidade de aulas aos s\u00e1bados.<\/li>\n<li>Vagas anuais: 50 (25 em cada semestre letivo)<\/li>\n<li>Forma de ingresso: ENEM.<\/li>\n<li><a href=\"http:\/\/eic.cefet-rj.br\/portal\/index.php\/sistemas-para-internet\/documentos\/\">Documentos e Normas do Curso<\/a><\/li>\n<\/ul>\n<h1>Justificativa<\/h1>\n<p>O CST-SI \u00e9 relevante pela necessidade de mercado por profissionais com conhecimento na constru\u00e7\u00e3o de aplica\u00e7\u00f5es voltadas para a ambiente Internet. Nestes \u00faltimos anos, tem ocorrido um acelerado crescimento de utiliza\u00e7\u00e3o de servi\u00e7os WEB. O fato de o curso possuir um ambiente de laborat\u00f3rios condizente, um quadro de docentes com experi\u00eancia profissional e acad\u00eamica condizente com os objetivos de qualidade, e com um curr\u00edculo atual, faz com que o mesmo seja adequado \u00e0s necessidades mercadol\u00f3gicas.<\/p>\n<p>O mercado de trabalho, para o profissional de desenvolvimento de aplica\u00e7\u00f5es para Internet oferece diversas oportunidades. Na lista a seguir, s\u00e3o enumerados alguns ambientes de trabalho potenciais para o tecn\u00f3logo em sistemas para Internet.<\/p>\n<ul>\n<li>Empresas de software atuando em pesquisa e desenvolvimento de solu\u00e7\u00f5es para ambiente WEB;<\/li>\n<li>Empresas de alta tecnologia que atuem na implanta\u00e7\u00e3o de aplica\u00e7\u00f5es para ambiente WEB;<\/li>\n<li>Institui\u00e7\u00f5es de ensino e pesquisa que possuam a necessidade de desenvolver aplica\u00e7\u00f5es para ambiente WEB;<\/li>\n<li>Grandes ind\u00fastrias que precisem implantar ambiente de comercio eletr\u00f4nico, funcionando dentro dos par\u00e2metros da Internet;<\/li>\n<li>Escrit\u00f3rios de presta\u00e7\u00e3o de servi\u00e7os e consultoria, atuando na \u00e1rea de implanta\u00e7\u00e3o de solu\u00e7\u00f5es WEB.<\/li>\n<\/ul>\n<h1>Objetivos<\/h1>\n<p>O objetivo geral do CST-SI \u00e9 proporcionar aos alunos forma\u00e7\u00e3o te\u00f3rico-pr\u00e1tica em desenvolvimento de aplica\u00e7\u00f5es para Internet. Essa forma\u00e7\u00e3o \u00e9 norteada por valores \u00e9ticos, pessoais e sociais, visando \u00e0 pr\u00e1tica profissional competente, reflexiva e respons\u00e1vel. Os objetivos espec\u00edficos voltados para o desenvolvimento do aluno egresso no CST-SI s\u00e3o:<\/p>\n<ul>\n<li>Desenvolver vis\u00e3o prospectiva, principalmente para antecipa\u00e7\u00e3o de tecnologias;<\/li>\n<li>Desenvolver o racioc\u00ednio l\u00f3gico-matem\u00e1tico;<\/li>\n<li>Obter forma\u00e7\u00e3o ampla em desenvolvimento de software para ambiente internet;<\/li>\n<li>Alcan\u00e7ar excel\u00eancia em programa\u00e7\u00e3o de computadores e em engenharia de software para o ambiente Internet;<\/li>\n<li>Projetar e implementar sistemas de computa\u00e7\u00e3o para internet<\/li>\n<\/ul>\n","protected":false},"excerpt":{"rendered":"<p>Cursos tecnol\u00f3gicos s\u00e3o cursos superiores de gradua\u00e7\u00e3o com enfoque em processos espec\u00edficos de cada \u00e1rea profissional. Esses cursos habilitam para concursos, para o empreendedorismo, para a p\u00f3s-gradua\u00e7\u00e3o e principalmente para o mercado de trabalho. A Educa\u00e7\u00e3o Tecnol\u00f3gica \u00e9 regulamentada pelo MEC atrav\u00e9s da LDB da Educa\u00e7\u00e3o Nacional, de 1996 e pela Resolu\u00e7\u00e3o CNE\/CP3 do Conselho [&hellip;]<\/p>\n","protected":false},"author":3,"featured_media":0,"parent":0,"menu_order":0,"comment_status":"closed","ping_status":"open","template":"","meta":{"footnotes":""},"class_list":["post-9","page","type-page","status-publish","hentry","entry"],"_links":{"self":[{"href":"https:\/\/eic.cefet-rj.br\/portal\/wp-json\/wp\/v2\/pages\/9","targetHints":{"allow":["GET"]}}],"collection":[{"href":"https:\/\/eic.cefet-rj.br\/portal\/wp-json\/wp\/v2\/pages"}],"about":[{"href":"https:\/\/eic.cefet-rj.br\/portal\/wp-json\/wp\/v2\/types\/page"}],"author":[{"embeddable":true,"href":"https:\/\/eic.cefet-rj.br\/portal\/wp-json\/wp\/v2\/users\/3"}],"replies":[{"embeddable":true,"href":"https:\/\/eic.cefet-rj.br\/portal\/wp-json\/wp\/v2\/comments?post=9"}],"version-history":[{"count":4,"href":"https:\/\/eic.cefet-rj.br\/portal\/wp-json\/wp\/v2\/pages\/9\/revisions"}],"predecessor-version":[{"id":2591,"href":"https:\/\/eic.cefet-rj.br\/portal\/wp-json\/wp\/v2\/pages\/9\/revisions\/2591"}],"wp:attachment":[{"href":"https:\/\/eic.cefet-rj.br\/portal\/wp-json\/wp\/v2\/media?parent=9"}],"curies":[{"name":"wp","href":"https:\/\/api.w.org\/{rel}","templated":true}]}}