{"id":736,"date":"2015-02-26T17:00:37","date_gmt":"2015-02-26T14:00:37","guid":{"rendered":"http:\/\/eic.cefet-rj.br\/portal\/?page_id=736"},"modified":"2015-10-18T09:04:55","modified_gmt":"2015-10-18T12:04:55","slug":"extensao","status":"publish","type":"page","link":"https:\/\/eic.cefet-rj.br\/portal\/extensao\/","title":{"rendered":"Extens\u00e3o"},"content":{"rendered":"<p>A EIC\/CEFET possui atua\u00e7\u00e3o em todos os campos importantes do CEFET, seja no Ensino, com seus cursos, em pesquisa, com seus projetos e tamb\u00e9m na extens\u00e3o com projetos que visam criar um ambiente de integra\u00e7\u00e3o entre o EIC\/CEFET, com seus professores e alunos, com comunidade externa. Oferecendo participa\u00e7\u00e3o em eventos de extens\u00e3o a todos que se identificarem com o projeto e atendam seus requisitos.<\/p>\n<p>Entre os projetos de extens\u00e3o existentes na EIC\/CEFET est\u00e3o:<\/p>\n<p><strong><em>Competi\u00e7\u00e3o Olimp\u00edada Brasileira de Inform\u00e1tica (OBI)<\/em><\/strong><\/p>\n<p>Este projeto visa proporcionar meios para treinar e desenvolver as capacidades did\u00e1tico-pedag\u00f3gicas de alunos do CEFET para competi\u00e7\u00f5es de \u00e2mbito nacional,\u00a0 voltadas para algoritmos e programa\u00e7\u00e3o. O objetivo \u00e9: desenvolver meios de treinamento, a fim de que\u00a0 os alunos se apresentem como reprodutores das t\u00e9cnicas de ensino a serem abordadas no treinamento. Pretende-se desenvolver metodologias de estudo, ensino e preparo que possam ser aplicadas em outras institui\u00e7\u00f5es de ensino, de modo\u00a0 que o projeto tenha como subproduto a confec\u00e7\u00e3o de um artigo cientifico, com os dados dessa experi\u00eancia.<\/p>\n<p><em>Coordenador; Prof. Jo\u00e3o Roberto de Toledo Quadros<\/em><\/p>\n<p>&nbsp;<\/p>\n<p><strong><em>Maratona de Programa\u00e7\u00e3o<\/em><\/strong><\/p>\n<p>Este projeto visa proporcionar meios para treinar e desenvolver as capacidades did\u00e1tico-pedag\u00f3gicas de alunos dos cursos superiores do CEFET interessados em program\u00e7\u00e3o.\u00a0 A Maratona de Programa\u00e7\u00e3o \u00c9 uma competi\u00e7\u00e3o de \u00e2mbito nacional,\u00a0 voltadas para algoritmos e programa\u00e7\u00e3o. O objetivo \u00e9 similar ao do projeto da OBI.<\/p>\n<p><em>Coordenador; Prof. Jo\u00e3o Roberto de Toledo Quadros<\/em><\/p>\n<p>&nbsp;<\/p>\n<p><strong><em>Projeto de Ensino de Rob\u00f3tica para Alunos do Fundamental Utilizando Lego MIndStorm<\/em><\/strong><\/p>\n<p>Esse projeto tem como objetivo proporcionar a alunos da rede fundamental de ensino, seja privado ou p\u00fablico, um espa\u00e7o de aprendizado de computa\u00e7\u00e3o aplicada, com \u00eanfase em programa\u00e7\u00e3o de rob\u00f4s e utiliza\u00e7\u00e3o de intelig\u00eancia computacional para desenvolvimento de jogos simples, com uso de linguagens de programa\u00e7\u00e3o utilizando a ferramenta Lego MindStorm.<\/p>\n<p><em>Coordenador; Prof. Jo\u00e3o Roberto de Toledo Quadros<\/em><\/p>\n<p>&nbsp;<\/p>\n<p><strong><em>Workshops e Semin\u00e1rios de Computa\u00e7\u00e3o<\/em><\/strong><\/p>\n<p>Este projeto visa organiza\u00e7\u00e3o de eventos de workshop de assuntos associados a Tecnologia de Informa\u00e7\u00e3o e Computa\u00e7\u00e3o, de modo a se criar um espa\u00e7o para que alunos e professores da \u00e1rea tecnol\u00f3gica e afins possam apresentar seus trabalhos e perspectivas com o apoio da EIC\/CEFET<\/p>\n<p><em>Coordenador: Prof. Eduardo Ogasawara<\/em><\/p>\n<p>&nbsp;<\/p>\n<p>&nbsp;<\/p>\n<p>&nbsp;<\/p>\n","protected":false},"excerpt":{"rendered":"<p>A EIC\/CEFET possui atua\u00e7\u00e3o em todos os campos importantes do CEFET, seja no Ensino, com seus cursos, em pesquisa, com seus projetos e tamb\u00e9m na extens\u00e3o com projetos que visam criar um ambiente de integra\u00e7\u00e3o entre o EIC\/CEFET, com seus professores e alunos, com comunidade externa. Oferecendo participa\u00e7\u00e3o em eventos de extens\u00e3o a todos que [&hellip;]<\/p>\n","protected":false},"author":3,"featured_media":0,"parent":0,"menu_order":0,"comment_status":"closed","ping_status":"open","template":"","meta":{"footnotes":""},"class_list":["post-736","page","type-page","status-publish","hentry","entry"],"_links":{"self":[{"href":"https:\/\/eic.cefet-rj.br\/portal\/wp-json\/wp\/v2\/pages\/736","targetHints":{"allow":["GET"]}}],"collection":[{"href":"https:\/\/eic.cefet-rj.br\/portal\/wp-json\/wp\/v2\/pages"}],"about":[{"href":"https:\/\/eic.cefet-rj.br\/portal\/wp-json\/wp\/v2\/types\/page"}],"author":[{"embeddable":true,"href":"https:\/\/eic.cefet-rj.br\/portal\/wp-json\/wp\/v2\/users\/3"}],"replies":[{"embeddable":true,"href":"https:\/\/eic.cefet-rj.br\/portal\/wp-json\/wp\/v2\/comments?post=736"}],"version-history":[{"count":1,"href":"https:\/\/eic.cefet-rj.br\/portal\/wp-json\/wp\/v2\/pages\/736\/revisions"}],"predecessor-version":[{"id":1601,"href":"https:\/\/eic.cefet-rj.br\/portal\/wp-json\/wp\/v2\/pages\/736\/revisions\/1601"}],"wp:attachment":[{"href":"https:\/\/eic.cefet-rj.br\/portal\/wp-json\/wp\/v2\/media?parent=736"}],"curies":[{"name":"wp","href":"https:\/\/api.w.org\/{rel}","templated":true}]}}