{"id":7,"date":"2014-11-14T11:00:00","date_gmt":"2014-11-14T13:00:00","guid":{"rendered":"http:\/\/coinfocefetrj.wordpress.com\/?page_id=7"},"modified":"2014-11-14T11:00:00","modified_gmt":"2014-11-14T13:00:00","slug":"curso-tecnico","status":"publish","type":"page","link":"https:\/\/eic.cefet-rj.br\/portal\/curso-tecnico\/","title":{"rendered":"Curso T\u00e9cnico"},"content":{"rendered":"<p>O curso T\u00e9cnico em Inform\u00e1tica tem como objetivo preparar profissionais que possam trabalhar de forma ampla no ambiente de Tecnologia de Informa\u00e7\u00e3o. O curso abrange as cinco grandes \u00e1reas de Inform\u00e1tica (Arquitetura de Computadores e Sistemas Operacionais, Linguagens de Programa\u00e7\u00e3o e Estrutura de Dados, Banco de Dados, Rede de Computadores e An\u00e1lise e Modelagem de Sistemas). As disciplinas oferecidas apresentam caracter\u00edsticas contextualizadas da Ci\u00eancia da Computa\u00e7\u00e3o para o n\u00edvel t\u00e9cnico e dentro das perspectivas esperadas pelo mercado.<\/p>\n<p>O projeto curricular deste curso se baseia na legisla\u00e7\u00e3o sobre a nova educa\u00e7\u00e3o profissional que inclui:<\/p>\n<ul>\n<li>Lei 9394\/96<\/li>\n<li>Decreto 2208\/97<\/li>\n<li>Resolu\u00e7\u00e3o 04\/99 CNE<\/li>\n<li>Parecer 16\/99 CNE<\/li>\n<\/ul>\n<h3>Perfil profissional do egresso<\/h3>\n<p>A \u00e1rea de Inform\u00e1tica contempla, no mundo do trabalho, um conjunto bastante diversificado de atividades produtivas e, por isso, espera-se que o t\u00e9cnico atue em diversas \u00e1reas conectadas com a Tecnologia de Informa\u00e7\u00e3o.<\/p>\n<p>Ao concluir o curso, este profissional de inform\u00e1tica deve estar habilitado a exercer as compet\u00eancias adquiridas ao longo do curso, tais como:<\/p>\n<ul>\n<li>Aprender a instalar, configurar e utilizar componentes e redes de computadores, aplicativos e sistemas operacionais bem como oferecer suporte aos usu\u00e1rios;<\/li>\n<li>Desenvolver programas de computadores, integrado \u00e0 tecnologia de banco de dados, rede de computadores e web;<\/li>\n<li>Administrar os diversos servi\u00e7os de banco de dados, aplicativos comerciais e rede de computadores.<\/li>\n<\/ul>\n<h3>Aproveitamento de conhecimentos e experi\u00eancias anteriores<\/h3>\n<p>O CEFET\/RJ prev\u00ea, para todos os alunos matriculados na Institui\u00e7\u00e3o, o aproveitamento de conhecimentos e experi\u00eancias adquiridos no trabalho ou em outros meios informais, a partir da implanta\u00e7\u00e3o de um sistema de testagem de compet\u00eancias, consoante as diretrizes emanadas do Minist\u00e9rio da Educa\u00e7\u00e3o.<\/p>\n<h3>Avalia\u00e7\u00e3o da aprendizagem aplicados aos alunos do curso<\/h3>\n<p>A verifica\u00e7\u00e3o das compet\u00eancias adquiridas pelos alunos dos cursos t\u00e9cnicos \u00e9 entendida, no CEFET\/RJ, como um processo cont\u00ednuo de testagem e de observa\u00e7\u00e3o de procedimentos dos educandos, tanto em sala de aula, quanto nos ambientes de laborat\u00f3rio. Os crit\u00e9rios, inicialmente adotados e sujeitos a revis\u00f5es, de acordo com as transforma\u00e7\u00f5es previstas na estrutura dos cursos, encontram-se especificados na Resolu\u00e7\u00e3o 01\/2004 do Conselho de Professores ? CONSEP.<\/p>\n<h3>Certificados e diplomas expedidos aos concluintes do curso<\/h3>\n<p>Com base no Artigo 8 o, inciso II do par\u00e1grafo 2\u00ba da Resolu\u00e7\u00e3o 04\/99, o CEFET\/RJ estruturou este Curso de Educa\u00e7\u00e3o Profissional de N\u00edvel T\u00e9cnico, prevendo diploma\u00e7\u00e3o na habilita\u00e7\u00e3o em T\u00e9cnico em Inform\u00e1tica.<\/p>\n","protected":false},"excerpt":{"rendered":"<p>O curso T\u00e9cnico em Inform\u00e1tica tem como objetivo preparar profissionais que possam trabalhar de forma ampla no ambiente de Tecnologia de Informa\u00e7\u00e3o. O curso abrange as cinco grandes \u00e1reas de Inform\u00e1tica (Arquitetura de Computadores e Sistemas Operacionais, Linguagens de Programa\u00e7\u00e3o e Estrutura de Dados, Banco de Dados, Rede de Computadores e An\u00e1lise e Modelagem de [&hellip;]<\/p>\n","protected":false},"author":3,"featured_media":0,"parent":0,"menu_order":0,"comment_status":"closed","ping_status":"open","template":"","meta":{"footnotes":""},"class_list":["post-7","page","type-page","status-publish","hentry","entry"],"_links":{"self":[{"href":"https:\/\/eic.cefet-rj.br\/portal\/wp-json\/wp\/v2\/pages\/7","targetHints":{"allow":["GET"]}}],"collection":[{"href":"https:\/\/eic.cefet-rj.br\/portal\/wp-json\/wp\/v2\/pages"}],"about":[{"href":"https:\/\/eic.cefet-rj.br\/portal\/wp-json\/wp\/v2\/types\/page"}],"author":[{"embeddable":true,"href":"https:\/\/eic.cefet-rj.br\/portal\/wp-json\/wp\/v2\/users\/3"}],"replies":[{"embeddable":true,"href":"https:\/\/eic.cefet-rj.br\/portal\/wp-json\/wp\/v2\/comments?post=7"}],"version-history":[{"count":0,"href":"https:\/\/eic.cefet-rj.br\/portal\/wp-json\/wp\/v2\/pages\/7\/revisions"}],"wp:attachment":[{"href":"https:\/\/eic.cefet-rj.br\/portal\/wp-json\/wp\/v2\/media?parent=7"}],"curies":[{"name":"wp","href":"https:\/\/api.w.org\/{rel}","templated":true}]}}

Curso Técnico

<p>O curso Técnico em Informática tem como objetivo preparar profissionais que possam trabalhar de forma ampla no ambiente de Tecnologia de Informação. O curso abrange as cinco grandes áreas de Informática (Arquitetura de Computadores e Sistemas Operacionais, Linguagens de Programação e Estrutura de Dados, Banco de Dados, Rede de Computadores e Análise e Modelagem de Sistemas). As disciplinas oferecidas apresentam características contextualizadas da Ciência da Computação para o nível técnico e dentro das perspectivas esperadas pelo mercado.</p>
<p>O projeto curricular deste curso se baseia na legislação sobre a nova educação profissional que inclui:</p>
<ul>
<li>Lei 9394/96</li>
<li>Decreto 2208/97</li>
<li>Resolução 04/99 CNE</li>
<li>Parecer 16/99 CNE</li>
</ul>
<h3>Perfil profissional do egresso</h3>
<p>A área de Informática contempla, no mundo do trabalho, um conjunto bastante diversificado de atividades produtivas e, por isso, espera-se que o técnico atue em diversas áreas conectadas com a Tecnologia de Informação.</p>
<p>Ao concluir o curso, este profissional de informática deve estar habilitado a exercer as competências adquiridas ao longo do curso, tais como:</p>
<ul>
<li>Aprender a instalar, configurar e utilizar componentes e redes de computadores, aplicativos e sistemas operacionais bem como oferecer suporte aos usuários;</li>
<li>Desenvolver programas de computadores, integrado à tecnologia de banco de dados, rede de computadores e web;</li>
<li>Administrar os diversos serviços de banco de dados, aplicativos comerciais e rede de computadores.</li>
</ul>
<h3>Aproveitamento de conhecimentos e experiências anteriores</h3>
<p>O CEFET/RJ prevê, para todos os alunos matriculados na Instituição, o aproveitamento de conhecimentos e experiências adquiridos no trabalho ou em outros meios informais, a partir da implantação de um sistema de testagem de competências, consoante as diretrizes emanadas do Ministério da Educação.</p>
<h3>Avaliação da aprendizagem aplicados aos alunos do curso</h3>
<p>A verificação das competências adquiridas pelos alunos dos cursos técnicos é entendida, no CEFET/RJ, como um processo contínuo de testagem e de observação de procedimentos dos educandos, tanto em sala de aula, quanto nos ambientes de laboratório. Os critérios, inicialmente adotados e sujeitos a revisões, de acordo com as transformações previstas na estrutura dos cursos, encontram-se especificados na Resolução 01/2004 do Conselho de Professores ? CONSEP.</p>
<h3>Certificados e diplomas expedidos aos concluintes do curso</h3>
<p>Com base no Artigo 8 o, inciso II do parágrafo 2º da Resolução 04/99, o CEFET/RJ estruturou este Curso de Educação Profissional de Nível Técnico, prevendo diplomação na habilitação em Técnico em Informática.</p>

<p>O curso Técnico em Informática tem como objetivo preparar profissionais que possam trabalhar de forma ampla no ambiente de Tecnologia de Informação. O curso abrange as cinco grandes áreas de Informática (Arquitetura de Computadores e Sistemas Operacionais, Linguagens de Programação e Estrutura de Dados, Banco de Dados, Rede de Computadores e Análise e Modelagem de [&hellip;]</p>
