{"id":355,"date":"2014-11-14T11:00:00","date_gmt":"2014-11-14T13:00:00","guid":{"rendered":"http:\/\/coinfocefetrj.wordpress.com\/?page_id=355"},"modified":"2014-11-14T11:00:00","modified_gmt":"2014-11-14T13:00:00","slug":"disciplinas","status":"publish","type":"page","link":"https:\/\/eic.cefet-rj.br\/portal\/curso-tecnico\/disciplinas\/","title":{"rendered":"Curso T\u00e9cnico :: Disciplinas"},"content":{"rendered":"<p>Veja <a href=\"\/category\/disciplinas\/curso-tecnico\/\">ementa de todas as disciplinas do curso t\u00e9cnico<\/a>\u00a0ou selecione uma disciplina espec\u00edfica.<\/p>\n<table>\n<tbody>\n<tr>\n<th>Per\u00edodo<\/th>\n<th>Disciplina<\/th>\n<th>Professor<\/th>\n<th>Dia<\/th>\n<th>Hor\u00e1rio<\/th>\n<th>Local<\/th>\n<\/tr>\n<tr>\n<td>1\u00ba<\/td>\n<td><a href=\"\/portal\/index.php\/arquitetura-de-computadores-2\/\">Arquitetura de Computadores<\/a><\/td>\n<td class=\"detalhes\"><!--Professor--><\/td>\n<td class=\"detalhes\">DIA<\/td>\n<td class=\"detalhes\">00:00-00:00<\/td>\n<td class=\"detalhes\">Pav01Sala<\/td>\n<\/tr>\n<tr>\n<td>1\u00ba<\/td>\n<td><a href=\"\/portal\/index.php\/informatica-basica\/\">Inform\u00e1tica B\u00e1sica<\/a><\/td>\n<td class=\"detalhes\"><!--Professor--><\/td>\n<td class=\"detalhes\">DIA<\/td>\n<td class=\"detalhes\">00:00-00:00<\/td>\n<td class=\"detalhes\">Pav01Sala<\/td>\n<\/tr>\n<tr>\n<td>1\u00ba<\/td>\n<td><a href=\"\/portal\/index.php\/solucoes-de-problemas-logicos\/\">Solu\u00e7\u00f5es de Problemas L\u00f3gicos<\/a><\/td>\n<td class=\"detalhes\"><!--Professor--><\/td>\n<td class=\"detalhes\">DIA<\/td>\n<td class=\"detalhes\">00:00-00:00<\/td>\n<td class=\"detalhes\">Pav01Sala<\/td>\n<\/tr>\n<tr>\n<td>2\u00ba<\/td>\n<td><a href=\"\/portal\/index.php\/arquitetura-de-redes-de-computadores\/\">Arquitetura de Redes de Computadores<\/a><\/td>\n<td class=\"detalhes\"><!--Professor--><\/td>\n<td class=\"detalhes\">DIA<\/td>\n<td class=\"detalhes\">00:00-00:00<\/td>\n<td class=\"detalhes\">Pav01Sala<\/td>\n<\/tr>\n<tr>\n<td>2\u00ba<\/td>\n<td><a href=\"\/portal\/index.php\/logica-de-programacao\/\">L\u00f3gica de Programa\u00e7\u00e3o<\/a><\/td>\n<td class=\"detalhes\"><!--Professor--><\/td>\n<td class=\"detalhes\">DIA<\/td>\n<td class=\"detalhes\">00:00-00:00<\/td>\n<td class=\"detalhes\">Pav01Sala<\/td>\n<\/tr>\n<tr>\n<td>2\u00ba<\/td>\n<td><a href=\"\/portal\/index.php\/sistemas-operacionais\/\">Sistemas Operacionais<\/a><\/td>\n<td class=\"detalhes\"><!--Professor--><\/td>\n<td class=\"detalhes\">DIA<\/td>\n<td class=\"detalhes\">00:00-00:00<\/td>\n<td class=\"detalhes\">Pav01Sala<\/td>\n<\/tr>\n<tr>\n<td>3\u00ba<\/td>\n<td><a href=\"\/portal\/index.php\/algoritmos-e-estruturas-de-dados\/\">Algoritmos e Estruturas de Dados<\/a><\/td>\n<td class=\"detalhes\"><!--Professor--><\/td>\n<td class=\"detalhes\">DIA<\/td>\n<td class=\"detalhes\">00:00-00:00<\/td>\n<td class=\"detalhes\">Pav01Sala<\/td>\n<\/tr>\n<tr>\n<td>3\u00ba<\/td>\n<td><a href=\"\/portal\/index.php\/fundamentos-de-programacao-web\/\">Fundamentos de Programa\u00e7\u00e3o WEB<\/a><\/td>\n<td class=\"detalhes\"><!--Professor--><\/td>\n<td class=\"detalhes\">DIA<\/td>\n<td class=\"detalhes\">00:00-00:00<\/td>\n<td class=\"detalhes\">Pav01Sala<\/td>\n<\/tr>\n<tr>\n<td>3\u00ba<\/td>\n<td><a href=\"\/portal\/index.php\/introducao-a-engenharia-de-software\/\">Introdu\u00e7\u00e3o \u00e0 Engenharia de Software<\/a><\/td>\n<td class=\"detalhes\"><!--Professor--><\/td>\n<td class=\"detalhes\">DIA<\/td>\n<td class=\"detalhes\">00:00-00:00<\/td>\n<td class=\"detalhes\">Pav01Sala<\/td>\n<\/tr>\n<tr>\n<td>4\u00ba<\/td>\n<td><a href=\"\/portal\/index.php\/desenvolvimento-de-sistemas-para-internet-i\/\">Desenvolvimento de Sistemas Para Internet I<\/a><\/td>\n<td class=\"detalhes\"><!--Professor--><\/td>\n<td class=\"detalhes\">DIA<\/td>\n<td class=\"detalhes\">00:00-00:00<\/td>\n<td class=\"detalhes\">Pav01Sala<\/td>\n<\/tr>\n<tr>\n<td>4\u00ba<\/td>\n<td><a href=\"\/portal\/index.php\/projeto-de-banco-de-dados\/\">Projeto de Banco de Dados<\/a><\/td>\n<td class=\"detalhes\"><!--Professor--><\/td>\n<td class=\"detalhes\">DIA<\/td>\n<td class=\"detalhes\">00:00-00:00<\/td>\n<td class=\"detalhes\">Pav01Sala<\/td>\n<\/tr>\n<tr>\n<td>4\u00ba<\/td>\n<td><a href=\"\/portal\/index.php\/projeto-e-administracao-de-redes\/\">Projeto e Administra\u00e7\u00e3o de Redes<\/a><\/td>\n<td class=\"detalhes\"><!--Professor--><\/td>\n<td class=\"detalhes\">DIA<\/td>\n<td class=\"detalhes\">00:00-00:00<\/td>\n<td class=\"detalhes\">Pav01Sala<\/td>\n<\/tr>\n<tr>\n<td>5\u00ba<\/td>\n<td><a href=\"\/portal\/index.php\/administracao-de-banco-de-dados\/\">Administra\u00e7\u00e3o de Banco de Dados<\/a><\/td>\n<td class=\"detalhes\"><!--Professor--><\/td>\n<td class=\"detalhes\">DIA<\/td>\n<td class=\"detalhes\">00:00-00:00<\/td>\n<td class=\"detalhes\">Pav01Sala<\/td>\n<\/tr>\n<tr>\n<td>5\u00ba<\/td>\n<td><a href=\"\/portal\/index.php\/desenvolvimento-de-sistemas-para-internet-ii\/\">Desenvolvimento de Sistemas Para Internet II<\/a><\/td>\n<td class=\"detalhes\"><!--Professor--><\/td>\n<td class=\"detalhes\">DIA<\/td>\n<td class=\"detalhes\">00:00-00:00<\/td>\n<td class=\"detalhes\">Pav01Sala<\/td>\n<\/tr>\n<tr>\n<td>5\u00ba<\/td>\n<td><a href=\"\/portal\/index.php\/projeto-e-desenvolvimento-de-sistemas-i\/\">Projeto e Desenvolvimento de Sistemas I<\/a><\/td>\n<td class=\"detalhes\"><!--Professor--><\/td>\n<td class=\"detalhes\">DIA<\/td>\n<td class=\"detalhes\">00:00-00:00<\/td>\n<td class=\"detalhes\">Pav01Sala<\/td>\n<\/tr>\n<tr>\n<td>6\u00ba<\/td>\n<td><a href=\"\/portal\/index.php\/programacao-de-dispositivos-moveis\/\">Programa\u00e7\u00e3o de Dispositivos M\u00f3veis<\/a><\/td>\n<td class=\"detalhes\"><!--Professor--><\/td>\n<td class=\"detalhes\">DIA<\/td>\n<td class=\"detalhes\">00:00-00:00<\/td>\n<td class=\"detalhes\">Pav01Sala<\/td>\n<\/tr>\n<tr>\n<td>6\u00ba<\/td>\n<td><a href=\"\/portal\/index.php\/projeto-e-desenvolvimento-de-sistemas-ii\/\">Projeto e Desenvolvimento de Sistemas II<\/a><\/td>\n<td class=\"detalhes\"><!--Professor--><\/td>\n<td class=\"detalhes\">DIA<\/td>\n<td class=\"detalhes\">00:00-00:00<\/td>\n<td class=\"detalhes\">Pav01Sala<\/td>\n<\/tr>\n<tr>\n<td>6\u00ba<\/td>\n<td><a href=\"\/portal\/index.php\/projeto-final\/\">Projeto Final<\/a><\/td>\n<td class=\"detalhes\"><!--Professor--><\/td>\n<td class=\"detalhes\">DIA<\/td>\n<td class=\"detalhes\">00:00-00:00<\/td>\n<td class=\"detalhes\">Pav01Sala<\/td>\n<\/tr>\n<\/tbody>\n<\/table>\n","protected":false},"excerpt":{"rendered":"<p>Veja ementa de todas as disciplinas do curso t\u00e9cnico\u00a0ou selecione uma disciplina espec\u00edfica. Per\u00edodo Disciplina Professor Dia Hor\u00e1rio Local 1\u00ba Arquitetura de Computadores DIA 00:00-00:00 Pav01Sala 1\u00ba Inform\u00e1tica B\u00e1sica DIA 00:00-00:00 Pav01Sala 1\u00ba Solu\u00e7\u00f5es de Problemas L\u00f3gicos DIA 00:00-00:00 Pav01Sala 2\u00ba Arquitetura de Redes de Computadores DIA 00:00-00:00 Pav01Sala 2\u00ba L\u00f3gica de Programa\u00e7\u00e3o DIA 00:00-00:00 [&hellip;]<\/p>\n","protected":false},"author":3,"featured_media":0,"parent":7,"menu_order":0,"comment_status":"closed","ping_status":"open","template":"template-fullwidth.php","meta":{"footnotes":""},"class_list":["post-355","page","type-page","status-publish","hentry","entry"],"_links":{"self":[{"href":"https:\/\/eic.cefet-rj.br\/portal\/wp-json\/wp\/v2\/pages\/355","targetHints":{"allow":["GET"]}}],"collection":[{"href":"https:\/\/eic.cefet-rj.br\/portal\/wp-json\/wp\/v2\/pages"}],"about":[{"href":"https:\/\/eic.cefet-rj.br\/portal\/wp-json\/wp\/v2\/types\/page"}],"author":[{"embeddable":true,"href":"https:\/\/eic.cefet-rj.br\/portal\/wp-json\/wp\/v2\/users\/3"}],"replies":[{"embeddable":true,"href":"https:\/\/eic.cefet-rj.br\/portal\/wp-json\/wp\/v2\/comments?post=355"}],"version-history":[{"count":0,"href":"https:\/\/eic.cefet-rj.br\/portal\/wp-json\/wp\/v2\/pages\/355\/revisions"}],"up":[{"embeddable":true,"href":"https:\/\/eic.cefet-rj.br\/portal\/wp-json\/wp\/v2\/pages\/7"}],"wp:attachment":[{"href":"https:\/\/eic.cefet-rj.br\/portal\/wp-json\/wp\/v2\/media?parent=355"}],"curies":[{"name":"wp","href":"https:\/\/api.w.org\/{rel}","templated":true}]}}