{"id":3331,"date":"2018-02-18T20:17:36","date_gmt":"2018-02-18T23:17:36","guid":{"rendered":"http:\/\/eic.cefet-rj.br\/portal\/?page_id=3331"},"modified":"2018-08-11T13:57:39","modified_gmt":"2018-08-11T16:57:39","slug":"atos-curso","status":"publish","type":"page","link":"https:\/\/eic.cefet-rj.br\/portal\/sistemas-para-internet\/atos-curso\/","title":{"rendered":"Sistemas para Internet :: Atos do Curso"},"content":{"rendered":"<p>Aqui disponibilizamos\u00a0portarias e\u00a0resolu\u00e7\u00f5es oficiais que regulam o\u00a0funcionamento do curso:<\/p>\n<ul>\n<li><a href=\"http:\/\/eic.cefet-rj.br\/portal\/wp-content\/uploads\/Resolu\u00e7\u00e3o-15_2002-Cria\u00e7\u00e3o-TSI.pdf\">Autoriza\u00e7\u00e3o de Funcionamento (2002)<\/a><\/li>\n<li><a href=\"http:\/\/eic.cefet-rj.br\/portal\/wp-content\/uploads\/DOU-Reconhecimento-TSI-2006.pdf\">Portaria de Reconhecimento (2006)<\/a><\/li>\n<li><a href=\"http:\/\/eic.cefet-rj.br\/portal\/wp-content\/uploads\/DOU-ReconhecimentoRenovac\u0327a\u0303o-TSI-2014.pdf\">Portaria de Renova\u00e7\u00e3o de\u00a0Reconhecimento (2014)<\/a><\/li>\n<li><a href=\"http:\/\/eic.cefet-rj.br\/portal\/wp-content\/uploads\/Portaria-528_20180803-ReconhecimentoRenova\u00e7\u00e3o-TSI.pdf\">Portaria de Renova\u00e7\u00e3o de\u00a0Reconhecimento (2018)<\/a><\/li>\n<li><a href=\"http:\/\/eic.cefet-rj.br\/portal\/wp-content\/uploads\/Resoluc\u0327a\u0303o-Ofi\u0301cio1139_16-Extinc\u0327a\u0303o-da-oferta-de-TSI.pdf\">Resolu\u00e7\u00e3o de Encerramento de Atividades (2016)<\/a><\/li>\n<\/ul>\n","protected":false},"excerpt":{"rendered":"<p>Aqui disponibilizamos\u00a0portarias e\u00a0resolu\u00e7\u00f5es oficiais que regulam o\u00a0funcionamento do curso: Autoriza\u00e7\u00e3o de Funcionamento (2002) Portaria de Reconhecimento (2006) Portaria de Renova\u00e7\u00e3o de\u00a0Reconhecimento (2014) Portaria de Renova\u00e7\u00e3o de\u00a0Reconhecimento (2018) Resolu\u00e7\u00e3o de Encerramento de Atividades (2016)<\/p>\n","protected":false},"author":3,"featured_media":0,"parent":9,"menu_order":0,"comment_status":"closed","ping_status":"closed","template":"","meta":{"footnotes":""},"class_list":["post-3331","page","type-page","status-publish","hentry","entry"],"_links":{"self":[{"href":"https:\/\/eic.cefet-rj.br\/portal\/wp-json\/wp\/v2\/pages\/3331","targetHints":{"allow":["GET"]}}],"collection":[{"href":"https:\/\/eic.cefet-rj.br\/portal\/wp-json\/wp\/v2\/pages"}],"about":[{"href":"https:\/\/eic.cefet-rj.br\/portal\/wp-json\/wp\/v2\/types\/page"}],"author":[{"embeddable":true,"href":"https:\/\/eic.cefet-rj.br\/portal\/wp-json\/wp\/v2\/users\/3"}],"replies":[{"embeddable":true,"href":"https:\/\/eic.cefet-rj.br\/portal\/wp-json\/wp\/v2\/comments?post=3331"}],"version-history":[{"count":6,"href":"https:\/\/eic.cefet-rj.br\/portal\/wp-json\/wp\/v2\/pages\/3331\/revisions"}],"predecessor-version":[{"id":3546,"href":"https:\/\/eic.cefet-rj.br\/portal\/wp-json\/wp\/v2\/pages\/3331\/revisions\/3546"}],"up":[{"embeddable":true,"href":"https:\/\/eic.cefet-rj.br\/portal\/wp-json\/wp\/v2\/pages\/9"}],"wp:attachment":[{"href":"https:\/\/eic.cefet-rj.br\/portal\/wp-json\/wp\/v2\/media?parent=3331"}],"curies":[{"name":"wp","href":"https:\/\/api.w.org\/{rel}","templated":true}]}}