{"id":3182,"date":"2018-02-16T19:22:34","date_gmt":"2018-02-16T22:22:34","guid":{"rendered":"http:\/\/eic.cefet-rj.br\/portal\/?page_id=3182"},"modified":"2018-02-18T14:08:12","modified_gmt":"2018-02-18T17:08:12","slug":"cpa","status":"publish","type":"page","link":"https:\/\/eic.cefet-rj.br\/portal\/sistemas-para-internet\/cpa\/","title":{"rendered":"Sistemas Para Internet :: Auto Avalia\u00e7\u00e3o"},"content":{"rendered":"<p>Nesta p\u00e1gina \u00e9 poss\u00edvel consultar todas as auto-avalia\u00e7\u00f5es do curso de Tecnologia em Sistemas para Internet, conduzidas pela CPA (Comiss\u00e3o Pr\u00f3pria de\u00a0Avalia\u00e7\u00e3o):<\/p>\n<p>&#8211;\u00a0<a href=\"http:\/\/eic.cefet-rj.br\/portal\/wp-content\/uploads\/TSI-AUTOAVALIACAO-CPA-2017.pdf\">Auto Avalia\u00e7\u00e3o 2017<\/a><\/p>\n","protected":false},"excerpt":{"rendered":"<p>Nesta p\u00e1gina \u00e9 poss\u00edvel consultar todas as auto-avalia\u00e7\u00f5es do curso de Tecnologia em Sistemas para Internet, conduzidas pela CPA (Comiss\u00e3o Pr\u00f3pria de\u00a0Avalia\u00e7\u00e3o): &#8211;\u00a0Auto Avalia\u00e7\u00e3o 2017<\/p>\n","protected":false},"author":3,"featured_media":0,"parent":9,"menu_order":0,"comment_status":"closed","ping_status":"closed","template":"","meta":{"footnotes":""},"class_list":["post-3182","page","type-page","status-publish","hentry","entry"],"_links":{"self":[{"href":"https:\/\/eic.cefet-rj.br\/portal\/wp-json\/wp\/v2\/pages\/3182","targetHints":{"allow":["GET"]}}],"collection":[{"href":"https:\/\/eic.cefet-rj.br\/portal\/wp-json\/wp\/v2\/pages"}],"about":[{"href":"https:\/\/eic.cefet-rj.br\/portal\/wp-json\/wp\/v2\/types\/page"}],"author":[{"embeddable":true,"href":"https:\/\/eic.cefet-rj.br\/portal\/wp-json\/wp\/v2\/users\/3"}],"replies":[{"embeddable":true,"href":"https:\/\/eic.cefet-rj.br\/portal\/wp-json\/wp\/v2\/comments?post=3182"}],"version-history":[{"count":6,"href":"https:\/\/eic.cefet-rj.br\/portal\/wp-json\/wp\/v2\/pages\/3182\/revisions"}],"predecessor-version":[{"id":3307,"href":"https:\/\/eic.cefet-rj.br\/portal\/wp-json\/wp\/v2\/pages\/3182\/revisions\/3307"}],"up":[{"embeddable":true,"href":"https:\/\/eic.cefet-rj.br\/portal\/wp-json\/wp\/v2\/pages\/9"}],"wp:attachment":[{"href":"https:\/\/eic.cefet-rj.br\/portal\/wp-json\/wp\/v2\/media?parent=3182"}],"curies":[{"name":"wp","href":"https:\/\/api.w.org\/{rel}","templated":true}]}}