{"id":14,"date":"2014-11-14T11:00:00","date_gmt":"2014-11-14T13:00:00","guid":{"rendered":"http:\/\/coinfocefetrj.wordpress.com\/?page_id=14"},"modified":"2015-10-18T19:13:21","modified_gmt":"2015-10-18T22:13:21","slug":"pesquisa","status":"publish","type":"page","link":"https:\/\/eic.cefet-rj.br\/portal\/pesquisa\/","title":{"rendered":"Pesquisa"},"content":{"rendered":"<p>Em 2011, o Departamento de Inform\u00e1tica (respons\u00e1vel pelos cursos superiores de Bacharelado em Ci\u00eancia da Computa\u00e7\u00e3o e de Tecnologia em Sistemas para Internet) e a Coordena\u00e7\u00e3o de Inform\u00e1tica (respons\u00e1vel pelo Curso T\u00e9cnico de Inform\u00e1tica) &#8211; se organizaram no sentido de estabelecer um planejamento estrat\u00e9gico para fomentar o ensino, a pesquisa e a extens\u00e3o relacionados \u00e0 Computa\u00e7\u00e3o na unidade sede(Maracan\u00e3) do CEFET\/RJ. Naquela \u00e9poca, foram criados <strong><a href=\"http:\/\/eic.cefet-rj.br\/portal\/index.php\/pesquisa\/grupos\/\">Grupos de Pesquisa de Computa\u00e7\u00e3o<\/a><\/strong> (GPC) no CNPq, que tiveram como miss\u00e3o impulsionar a pesquisa em Computa\u00e7\u00e3o e, ao mesmo tempo, fortalecer o Curso de Bacharelado em Ci\u00eancia de Computa\u00e7\u00e3o (BCC), ocorrido em agosto de 2012.<\/p>\n<p>Existe uma s\u00e9rie de fatores que contribu\u00edram para o fortalecimento dos GPC no CEFET\/RJ, a come\u00e7ar pela verba de pesquisa que a institui\u00e7\u00e3o oferece aos grupos de pesquisas. Essa verba possibilitou a compra de equipamentos e a melhoria de infraestrutura laboratorial. Tem havido tamb\u00e9m uma maior integra\u00e7\u00e3o entre os membros do GPC com outros pesquisadores das demais \u00e1reas (aplicadas) dentro e fora de nossa institui\u00e7\u00e3o. O resultado disso pode ser observado inclusive na integra\u00e7\u00e3o positiva com o ensino, onde h\u00e1 maior interesse por parte dos alunos da gradua\u00e7\u00e3o e do ensino m\u00e9dio-t\u00e9cnico na participa\u00e7\u00e3o em projetos de pesquisa.<\/p>\n<p>A produ\u00e7\u00e3o de cada <strong><a href=\"http:\/\/eic.cefet-rj.br\/portal\/index.php\/pesquisa\/pesquisadores\">docente<\/a><\/strong> e dos <strong><a href=\"http:\/\/eic.cefet-rj.br\/portal\/index.php\/pesquisa\/grupos\/\">grupos de pesquisa<\/a><\/strong> \u00e9 acompanhada sistematicamente e encontra-se dispon\u00edvel em nosso portal. Semestralmente realizamos reuni\u00f5es de alinhamento estrat\u00e9gico do grupo onde apontamos dificuldades, desafios e propomos solu\u00e7\u00f5es criativas para nos tornarmos cada vez mais produtivos e aspirarmos a publica\u00e7\u00f5es com cada vez maior relev\u00e2ncia. Grande parte dos <strong><a href=\"http:\/\/eic.cefet-rj.br\/portal\/index.php\/pesquisa\/artefatos\/\">artefatos<\/a><\/strong> computacionais que produzimos est\u00e3o dispon\u00edveis para a comunidade.<\/p>\n<p>Desde 2015, organizamos todas as quartas, das 17h30min-18h30min os semin\u00e1rios da Escola de Inform\u00e1tica e Computa\u00e7\u00e3o (EIC). Os semin\u00e1rios s\u00e3o ministrados por pesquisadores de relev\u00e2ncia de nosso estado, alunos da p\u00f3s-gradua\u00e7\u00e3o e gradua\u00e7\u00e3o. Os semin\u00e1rios fazem parte de um projeto oficial de extens\u00e3o que \u00e9 aberto a comunidade. A programa\u00e7\u00e3o dos <strong><a href=\"http:\/\/eic.cefet-rj.br\/portal\/index.php\/pesquisa\/seminarios\/\">semin\u00e1rios<\/a><\/strong> fica dispon\u00edvel no portal da EIC. O semin\u00e1rio faz os alunos da gradua\u00e7\u00e3o e ensino m\u00e9dio-t\u00e9cnico se interessarem e participarem dos projetos de pesquisa e vem trazendo frutos na \u00e1rea de intera\u00e7\u00e3o da p\u00f3s-gradua\u00e7\u00e3o com a gradua\u00e7\u00e3o e com o ensino m\u00e9dio-t\u00e9cnico.<\/p>\n<p>Ademais, como forma de preparar os alunos da gradua\u00e7\u00e3o para p\u00f3s-gradua\u00e7\u00e3o, criamos o peri\u00f3dico <strong><a href=\"http:\/\/eic.cefet-rj.br\/revistas\/index.php\/rcca\">Cadernos em Computa\u00e7\u00e3o Aplicada<\/a><\/strong> (CCA). O objetivo desse peri\u00f3dico eletr\u00f4nico \u00e9 fomentar a publica\u00e7\u00e3o de artigos origin\u00e1rios da gradua\u00e7\u00e3o, seja por Trabalhos de Conclus\u00e3o de Curso (TCC) ou Inicia\u00e7\u00f5es Cient\u00edficas (IC). Esperamos que esse peri\u00f3dico estimule os alunos no exerc\u00edcio da publica\u00e7\u00e3o cient\u00edfica e tecnol\u00f3gica, al\u00e9m de envolv\u00ea-los cada vez mais em atividades de pesquisa. Em particular, a publica\u00e7\u00e3o de artigos resultantes de seus TCCs deve incentiva-los a elaborar trabalhos de fim de curso mais qualificados e a continuar seus estudos em uma p\u00f3s-gradua\u00e7\u00e3o. O corpo editorial do peri\u00f3dico \u00e9 composto por pesquisadores da UFF, UFRJ, UFRRJ, UERJ, IME, LNCC e Inmetro.<\/p>\n<p>Finalmente, todas essas a\u00e7\u00f5es direcionam os esfor\u00e7os no sentido de tornar a comunidade de Computa\u00e7\u00e3o do CEFET\/RJ bem conhecida e, principalmente, na cria\u00e7\u00e3o de um programa de p\u00f3s-gradua\u00e7\u00e3o em computa\u00e7\u00e3o em nossa institui\u00e7\u00e3o. A proposta de cria\u00e7\u00e3o do Programa de P\u00f3s-Gradua\u00e7\u00e3o em Ci\u00eancia de Dados (PPGCD) j\u00e1 foi aprovada no conselho de pesquisa (COPEP), conselhos de ensino, pesquisa e extens\u00e3o (CEPE) e conselho diretor (CODIR) e estamos trabalhando na submiss\u00e3o do APCN junto a CAPES.<\/p>\n","protected":false},"excerpt":{"rendered":"<p>Em 2011, o Departamento de Inform\u00e1tica (respons\u00e1vel pelos cursos superiores de Bacharelado em Ci\u00eancia da Computa\u00e7\u00e3o e de Tecnologia em Sistemas para Internet) e a Coordena\u00e7\u00e3o de Inform\u00e1tica (respons\u00e1vel pelo Curso T\u00e9cnico de Inform\u00e1tica) &#8211; se organizaram no sentido de estabelecer um planejamento estrat\u00e9gico para fomentar o ensino, a pesquisa e a extens\u00e3o relacionados \u00e0 [&hellip;]<\/p>\n","protected":false},"author":3,"featured_media":0,"parent":0,"menu_order":0,"comment_status":"closed","ping_status":"open","template":"","meta":{"footnotes":""},"class_list":["post-14","page","type-page","status-publish","hentry","entry"],"_links":{"self":[{"href":"https:\/\/eic.cefet-rj.br\/portal\/wp-json\/wp\/v2\/pages\/14","targetHints":{"allow":["GET"]}}],"collection":[{"href":"https:\/\/eic.cefet-rj.br\/portal\/wp-json\/wp\/v2\/pages"}],"about":[{"href":"https:\/\/eic.cefet-rj.br\/portal\/wp-json\/wp\/v2\/types\/page"}],"author":[{"embeddable":true,"href":"https:\/\/eic.cefet-rj.br\/portal\/wp-json\/wp\/v2\/users\/3"}],"replies":[{"embeddable":true,"href":"https:\/\/eic.cefet-rj.br\/portal\/wp-json\/wp\/v2\/comments?post=14"}],"version-history":[{"count":2,"href":"https:\/\/eic.cefet-rj.br\/portal\/wp-json\/wp\/v2\/pages\/14\/revisions"}],"predecessor-version":[{"id":1639,"href":"https:\/\/eic.cefet-rj.br\/portal\/wp-json\/wp\/v2\/pages\/14\/revisions\/1639"}],"wp:attachment":[{"href":"https:\/\/eic.cefet-rj.br\/portal\/wp-json\/wp\/v2\/media?parent=14"}],"curies":[{"name":"wp","href":"https:\/\/api.w.org\/{rel}","templated":true}]}}