{"id":967,"date":"2022-04-28T16:13:15","date_gmt":"2022-04-28T19:13:15","guid":{"rendered":"https:\/\/eic.cefet-rj.br\/meninasnarobotica\/?page_id=967"},"modified":"2025-11-06T15:55:32","modified_gmt":"2025-11-06T18:55:32","slug":"escolas-ja-atendidas","status":"publish","type":"page","link":"https:\/\/eic.cefet-rj.br\/meninasnarobotica\/index.php\/escolas-ja-atendidas\/","title":{"rendered":"Escolas j\u00e1 atendidas"},"content":{"rendered":"\n<h3 class=\"wp-block-heading\"><strong>Escola Municipal Professor Franklin Bolivar Fernandes<\/strong><\/h3>\n\n\n\n<div class=\"wp-block-media-text is-stacked-on-mobile is-resized\"><figure class=\"wp-block-media-text__media\"><img loading=\"lazy\" decoding=\"async\" width=\"203\" height=\"114\" src=\"https:\/\/eic.cefet-rj.br\/meninasnarobotica\/wp-content\/uploads\/2019\/05\/Escola-Franklin-Bolivar.jpg\" alt=\"\" class=\"wp-image-114 size-full\"\/><\/figure><div class=\"wp-block-media-text__content\">\n<p><strong>P\u00fablico atendido:<\/strong> Ensino Fundamental II<\/p>\n\n\n\n<p><strong>Endere\u00e7o:<\/strong> Rua Variante, s\/no &#8211; Rodil\u00e2ndia <\/p>\n\n\n\n<p>Nova Igua\u00e7u &#8211; RJ.<\/p>\n<\/div><\/div>\n\n\n\n<h3 class=\"wp-block-heading\"><strong>CIEP 220 &#8211; Yolanda Borges<\/strong><\/h3>\n\n\n\n<div class=\"wp-block-media-text is-stacked-on-mobile is-resized\"><figure class=\"wp-block-media-text__media\"><img loading=\"lazy\" decoding=\"async\" width=\"1024\" height=\"768\" src=\"https:\/\/eic.cefet-rj.br\/meninasnarobotica\/wp-content\/uploads\/2019\/05\/ciep-220-1024x768.jpeg\" alt=\"\" class=\"wp-image-116 size-full\" srcset=\"https:\/\/eic.cefet-rj.br\/meninasnarobotica\/wp-content\/uploads\/2019\/05\/ciep-220.jpeg 1024w, https:\/\/eic.cefet-rj.br\/meninasnarobotica\/wp-content\/uploads\/2019\/05\/ciep-220-300x225.jpeg 300w, https:\/\/eic.cefet-rj.br\/meninasnarobotica\/wp-content\/uploads\/2019\/05\/ciep-220-768x576.jpeg 768w\" sizes=\"auto, (max-width: 1024px) 100vw, 1024px\" \/><\/figure><div class=\"wp-block-media-text__content\">\n<p><strong>P\u00fablico atendido:<\/strong> Ensino Fundamental II<\/p>\n\n\n\n<p><strong>Endere\u00e7o:<\/strong> Av. Feliciano de Castilho, 625 &#8211; Figueira <\/p>\n\n\n\n<p>Duque de Caxias &#8211; RJ.<\/p>\n<\/div><\/div>\n\n\n\n<h3 class=\"wp-block-heading\"><strong>E.M. Marc\u00edlio Dias<\/strong><\/h3>\n\n\n\n<div class=\"wp-block-columns is-layout-flex wp-container-core-columns-is-layout-9d6595d7 wp-block-columns-is-layout-flex\">\n<div class=\"wp-block-column is-layout-flow wp-block-column-is-layout-flow\" style=\"flex-basis:100%\">\n<div class=\"wp-block-group\"><div class=\"wp-block-group__inner-container is-layout-constrained wp-block-group-is-layout-constrained\">\n<div class=\"wp-block-media-text is-stacked-on-mobile is-resized\" style=\"grid-template-columns:42% auto\"><figure class=\"wp-block-media-text__media\"><img loading=\"lazy\" decoding=\"async\" width=\"1024\" height=\"768\" src=\"https:\/\/eic.cefet-rj.br\/meninasnarobotica\/wp-content\/uploads\/2025\/11\/unnamed-1-1024x768.webp\" alt=\"\" class=\"wp-image-3239 size-full\" srcset=\"https:\/\/eic.cefet-rj.br\/meninasnarobotica\/wp-content\/uploads\/2025\/11\/unnamed-1-1024x768.webp 1024w, https:\/\/eic.cefet-rj.br\/meninasnarobotica\/wp-content\/uploads\/2025\/11\/unnamed-1-300x225.webp 300w, https:\/\/eic.cefet-rj.br\/meninasnarobotica\/wp-content\/uploads\/2025\/11\/unnamed-1-768x576.webp 768w, https:\/\/eic.cefet-rj.br\/meninasnarobotica\/wp-content\/uploads\/2025\/11\/unnamed-1.webp 1360w\" sizes=\"auto, (max-width: 1024px) 100vw, 1024px\" \/><\/figure><div class=\"wp-block-media-text__content\">\n<p><strong>P\u00fablico atendido:<\/strong> Ensino Fundamental II<\/p>\n\n\n\n<p><strong>Endere\u00e7o:<\/strong>  Rua Pintassilgo, S\/N\u00ba Santa Rita<\/p>\n\n\n\n<p>Nova Igua\u00e7u &#8211; RJ.<\/p>\n<\/div><\/div>\n<\/div><\/div>\n<\/div>\n<\/div>\n\n\n\n<p><\/p>\n\n\n\n<p><\/p>\n\n\n\n<p><\/p>\n\n\n\n<p><\/p>\n\n\n\n<p><\/p>\n\n\n\n<p><\/p>\n\n\n\n<p><\/p>\n","protected":false},"excerpt":{"rendered":"<p>Escola Municipal Professor Franklin Bolivar Fernandes P\u00fablico atendido: Ensino Fundamental II Endere\u00e7o: Rua Variante, s\/no &#8211; Rodil\u00e2ndia Nova Igua\u00e7u &#8211; RJ. CIEP 220 &#8211; Yolanda Borges P\u00fablico atendido: Ensino Fundamental II Endere\u00e7o: Av. Feliciano de Castilho, 625 &#8211; Figueira Duque de Caxias &#8211; RJ. E.M. Marc\u00edlio Dias P\u00fablico atendido: Ensino Fundamental II Endere\u00e7o: Rua Pintassilgo, [&hellip;]<\/p>\n","protected":false},"author":1,"featured_media":0,"parent":0,"menu_order":0,"comment_status":"closed","ping_status":"closed","template":"","meta":{"footnotes":""},"class_list":["post-967","page","type-page","status-publish","hentry"],"_links":{"self":[{"href":"https:\/\/eic.cefet-rj.br\/meninasnarobotica\/index.php\/wp-json\/wp\/v2\/pages\/967","targetHints":{"allow":["GET"]}}],"collection":[{"href":"https:\/\/eic.cefet-rj.br\/meninasnarobotica\/index.php\/wp-json\/wp\/v2\/pages"}],"about":[{"href":"https:\/\/eic.cefet-rj.br\/meninasnarobotica\/index.php\/wp-json\/wp\/v2\/types\/page"}],"author":[{"embeddable":true,"href":"https:\/\/eic.cefet-rj.br\/meninasnarobotica\/index.php\/wp-json\/wp\/v2\/users\/1"}],"replies":[{"embeddable":true,"href":"https:\/\/eic.cefet-rj.br\/meninasnarobotica\/index.php\/wp-json\/wp\/v2\/comments?post=967"}],"version-history":[{"count":8,"href":"https:\/\/eic.cefet-rj.br\/meninasnarobotica\/index.php\/wp-json\/wp\/v2\/pages\/967\/revisions"}],"predecessor-version":[{"id":3243,"href":"https:\/\/eic.cefet-rj.br\/meninasnarobotica\/index.php\/wp-json\/wp\/v2\/pages\/967\/revisions\/3243"}],"wp:attachment":[{"href":"https:\/\/eic.cefet-rj.br\/meninasnarobotica\/index.php\/wp-json\/wp\/v2\/media?parent=967"}],"curies":[{"name":"wp","href":"https:\/\/api.w.org\/{rel}","templated":true}]}}