{"id":1874,"date":"2023-09-25T12:46:20","date_gmt":"2023-09-25T15:46:20","guid":{"rendered":"https:\/\/eic.cefet-rj.br\/meninasnarobotica\/?page_id=1874"},"modified":"2026-02-11T15:51:19","modified_gmt":"2026-02-11T18:51:19","slug":"organograma","status":"publish","type":"page","link":"https:\/\/eic.cefet-rj.br\/meninasnarobotica\/index.php\/organograma\/","title":{"rendered":"Organograma"},"content":{"rendered":"\n<h3 class=\"wp-block-heading\">N\u00facleo Meninas na Rob\u00f3tica \u2013 Nova Igua\u00e7u<\/h3>\n\n\n\n<ul class=\"wp-block-list\">\n<li>Coordenadores e Colaboradores:<\/li>\n<\/ul>\n\n\n\n<figure class=\"wp-block-gallery has-nested-images columns-default is-cropped wp-block-gallery-1 is-layout-flex wp-block-gallery-is-layout-flex\">\n<figure class=\"wp-block-image size-large\"><img loading=\"lazy\" decoding=\"async\" width=\"819\" height=\"1024\" data-id=\"2784\" src=\"https:\/\/eic.cefet-rj.br\/meninasnarobotica\/wp-content\/uploads\/2025\/09\/Organograma-MnR-Nova-Iguacu-1-819x1024.png\" alt=\"\" class=\"wp-image-2784\" srcset=\"https:\/\/eic.cefet-rj.br\/meninasnarobotica\/wp-content\/uploads\/2025\/09\/Organograma-MnR-Nova-Iguacu-1-819x1024.png 819w, https:\/\/eic.cefet-rj.br\/meninasnarobotica\/wp-content\/uploads\/2025\/09\/Organograma-MnR-Nova-Iguacu-1-240x300.png 240w, https:\/\/eic.cefet-rj.br\/meninasnarobotica\/wp-content\/uploads\/2025\/09\/Organograma-MnR-Nova-Iguacu-1-768x960.png 768w, https:\/\/eic.cefet-rj.br\/meninasnarobotica\/wp-content\/uploads\/2025\/09\/Organograma-MnR-Nova-Iguacu-1.png 1080w\" sizes=\"auto, (max-width: 819px) 100vw, 819px\" \/><\/figure>\n<\/figure>\n\n\n\n<p><\/p>\n\n\n\n<ul class=\"wp-block-list\">\n<li>L\u00edder &#8211; Gest\u00e3o de projetos, Programa\u00e7\u00e3o, M\u00eddias Sociais, Eletr\u00f4nica e Mec\u00e2nica:<\/li>\n<\/ul>\n\n\n\n<figure class=\"wp-block-gallery has-nested-images columns-default is-cropped wp-block-gallery-2 is-layout-flex wp-block-gallery-is-layout-flex\">\n<figure class=\"wp-block-image size-large\"><img loading=\"lazy\" decoding=\"async\" width=\"819\" height=\"1024\" data-id=\"3630\" src=\"https:\/\/eic.cefet-rj.br\/meninasnarobotica\/wp-content\/uploads\/2026\/02\/Novo-Post-Insta-Meninas-na-Robotica-819x1024.png\" alt=\"\" class=\"wp-image-3630\" srcset=\"https:\/\/eic.cefet-rj.br\/meninasnarobotica\/wp-content\/uploads\/2026\/02\/Novo-Post-Insta-Meninas-na-Robotica-819x1024.png 819w, https:\/\/eic.cefet-rj.br\/meninasnarobotica\/wp-content\/uploads\/2026\/02\/Novo-Post-Insta-Meninas-na-Robotica-240x300.png 240w, https:\/\/eic.cefet-rj.br\/meninasnarobotica\/wp-content\/uploads\/2026\/02\/Novo-Post-Insta-Meninas-na-Robotica-768x960.png 768w, https:\/\/eic.cefet-rj.br\/meninasnarobotica\/wp-content\/uploads\/2026\/02\/Novo-Post-Insta-Meninas-na-Robotica.png 1080w\" sizes=\"auto, (max-width: 819px) 100vw, 819px\" \/><\/figure>\n<\/figure>\n","protected":false},"excerpt":{"rendered":"<p>N\u00facleo Meninas na Rob\u00f3tica \u2013 Nova Igua\u00e7u<\/p>\n","protected":false},"author":1,"featured_media":1853,"parent":0,"menu_order":0,"comment_status":"closed","ping_status":"closed","template":"","meta":{"footnotes":""},"class_list":["post-1874","page","type-page","status-publish","has-post-thumbnail","hentry"],"_links":{"self":[{"href":"https:\/\/eic.cefet-rj.br\/meninasnarobotica\/index.php\/wp-json\/wp\/v2\/pages\/1874","targetHints":{"allow":["GET"]}}],"collection":[{"href":"https:\/\/eic.cefet-rj.br\/meninasnarobotica\/index.php\/wp-json\/wp\/v2\/pages"}],"about":[{"href":"https:\/\/eic.cefet-rj.br\/meninasnarobotica\/index.php\/wp-json\/wp\/v2\/types\/page"}],"author":[{"embeddable":true,"href":"https:\/\/eic.cefet-rj.br\/meninasnarobotica\/index.php\/wp-json\/wp\/v2\/users\/1"}],"replies":[{"embeddable":true,"href":"https:\/\/eic.cefet-rj.br\/meninasnarobotica\/index.php\/wp-json\/wp\/v2\/comments?post=1874"}],"version-history":[{"count":11,"href":"https:\/\/eic.cefet-rj.br\/meninasnarobotica\/index.php\/wp-json\/wp\/v2\/pages\/1874\/revisions"}],"predecessor-version":[{"id":3631,"href":"https:\/\/eic.cefet-rj.br\/meninasnarobotica\/index.php\/wp-json\/wp\/v2\/pages\/1874\/revisions\/3631"}],"wp:featuredmedia":[{"embeddable":true,"href":"https:\/\/eic.cefet-rj.br\/meninasnarobotica\/index.php\/wp-json\/wp\/v2\/media\/1853"}],"wp:attachment":[{"href":"https:\/\/eic.cefet-rj.br\/meninasnarobotica\/index.php\/wp-json\/wp\/v2\/media?parent=1874"}],"curies":[{"name":"wp","href":"https:\/\/api.w.org\/{rel}","templated":true}]}}