{"id":106,"date":"2019-05-13T12:44:52","date_gmt":"2019-05-13T15:44:52","guid":{"rendered":"https:\/\/eic.cefet-rj.br\/meninasnarobotica\/?page_id=106"},"modified":"2023-08-14T12:27:01","modified_gmt":"2023-08-14T15:27:01","slug":"palestras","status":"publish","type":"page","link":"https:\/\/eic.cefet-rj.br\/meninasnarobotica\/index.php\/palestras\/","title":{"rendered":"Palestras"},"content":{"rendered":"\n<h4 class=\"wp-block-heading\">Semana de extens\u00e3o Cefet\/RJ <em>campus<\/em> Nova Igua\u00e7u 2018:<\/h4>\n\n\n\n<figure class=\"wp-block-gallery columns-2 is-cropped wp-block-gallery-1 is-layout-flex wp-block-gallery-is-layout-flex\"><ul class=\"blocks-gallery-grid\"><li class=\"blocks-gallery-item\"><figure><img loading=\"lazy\" decoding=\"async\" width=\"1024\" height=\"768\" src=\"https:\/\/eic.cefet-rj.br\/meninasnarobotica\/wp-content\/uploads\/2019\/05\/WhatsApp-Image-2019-05-14-at-09.39.49-1024x768.jpeg\" alt=\"\" data-id=\"120\" data-link=\"https:\/\/eic.cefet-rj.br\/meninasnarobotica\/index.php\/palestras\/whatsapp-image-2019-05-14-at-09-39-49\/\" class=\"wp-image-120\" srcset=\"https:\/\/eic.cefet-rj.br\/meninasnarobotica\/wp-content\/uploads\/2019\/05\/WhatsApp-Image-2019-05-14-at-09.39.49.jpeg 1024w, https:\/\/eic.cefet-rj.br\/meninasnarobotica\/wp-content\/uploads\/2019\/05\/WhatsApp-Image-2019-05-14-at-09.39.49-300x225.jpeg 300w, https:\/\/eic.cefet-rj.br\/meninasnarobotica\/wp-content\/uploads\/2019\/05\/WhatsApp-Image-2019-05-14-at-09.39.49-768x576.jpeg 768w\" sizes=\"auto, (max-width: 1024px) 100vw, 1024px\" \/><\/figure><\/li><li class=\"blocks-gallery-item\"><figure><img loading=\"lazy\" decoding=\"async\" width=\"1024\" height=\"768\" src=\"https:\/\/eic.cefet-rj.br\/meninasnarobotica\/wp-content\/uploads\/2019\/05\/WhatsApp-Image-2019-05-14-at-09.39.49-1-1024x768.jpeg\" alt=\"\" data-id=\"121\" data-link=\"https:\/\/eic.cefet-rj.br\/meninasnarobotica\/index.php\/palestras\/whatsapp-image-2019-05-14-at-09-39-49-1\/\" class=\"wp-image-121\" srcset=\"https:\/\/eic.cefet-rj.br\/meninasnarobotica\/wp-content\/uploads\/2019\/05\/WhatsApp-Image-2019-05-14-at-09.39.49-1.jpeg 1024w, https:\/\/eic.cefet-rj.br\/meninasnarobotica\/wp-content\/uploads\/2019\/05\/WhatsApp-Image-2019-05-14-at-09.39.49-1-300x225.jpeg 300w, https:\/\/eic.cefet-rj.br\/meninasnarobotica\/wp-content\/uploads\/2019\/05\/WhatsApp-Image-2019-05-14-at-09.39.49-1-768x576.jpeg 768w\" sizes=\"auto, (max-width: 1024px) 100vw, 1024px\" \/><\/figure><\/li><li class=\"blocks-gallery-item\"><figure><img loading=\"lazy\" decoding=\"async\" width=\"1024\" height=\"768\" src=\"https:\/\/eic.cefet-rj.br\/meninasnarobotica\/wp-content\/uploads\/2019\/05\/WhatsApp-Image-2019-05-14-at-09.39.49-2-1024x768.jpeg\" alt=\"\" data-id=\"122\" data-link=\"https:\/\/eic.cefet-rj.br\/meninasnarobotica\/index.php\/palestras\/whatsapp-image-2019-05-14-at-09-39-49-2\/\" class=\"wp-image-122\" srcset=\"https:\/\/eic.cefet-rj.br\/meninasnarobotica\/wp-content\/uploads\/2019\/05\/WhatsApp-Image-2019-05-14-at-09.39.49-2.jpeg 1024w, https:\/\/eic.cefet-rj.br\/meninasnarobotica\/wp-content\/uploads\/2019\/05\/WhatsApp-Image-2019-05-14-at-09.39.49-2-300x225.jpeg 300w, https:\/\/eic.cefet-rj.br\/meninasnarobotica\/wp-content\/uploads\/2019\/05\/WhatsApp-Image-2019-05-14-at-09.39.49-2-768x576.jpeg 768w\" sizes=\"auto, (max-width: 1024px) 100vw, 1024px\" \/><\/figure><\/li><\/ul><\/figure>\n\n\n\n<h4 class=\"wp-block-heading\">UERJ &#8211; Semana de Ci\u00eancia e Tecnologia<\/h4>\n\n\n\n<figure class=\"wp-block-image\"><img loading=\"lazy\" decoding=\"async\" width=\"1024\" height=\"768\" src=\"https:\/\/eic.cefet-rj.br\/meninasnarobotica\/wp-content\/uploads\/2019\/05\/WhatsApp-Image-2019-05-14-at-09.39.50-1024x768.jpeg\" alt=\"\" class=\"wp-image-123\" srcset=\"https:\/\/eic.cefet-rj.br\/meninasnarobotica\/wp-content\/uploads\/2019\/05\/WhatsApp-Image-2019-05-14-at-09.39.50.jpeg 1024w, https:\/\/eic.cefet-rj.br\/meninasnarobotica\/wp-content\/uploads\/2019\/05\/WhatsApp-Image-2019-05-14-at-09.39.50-300x225.jpeg 300w, https:\/\/eic.cefet-rj.br\/meninasnarobotica\/wp-content\/uploads\/2019\/05\/WhatsApp-Image-2019-05-14-at-09.39.50-768x576.jpeg 768w\" sizes=\"auto, (max-width: 1024px) 100vw, 1024px\" \/><\/figure>\n\n\n\n<h4 class=\"wp-block-heading\">\n\nLEMec (Laborat\u00f3rio de ensaios mec\u00e2nicos e metrologia) IPRJ de Nova Friburgo.\n\n<\/h4>\n\n\n\n<figure class=\"wp-block-gallery columns-3 is-cropped wp-block-gallery-2 is-layout-flex wp-block-gallery-is-layout-flex\"><ul class=\"blocks-gallery-grid\"><li class=\"blocks-gallery-item\"><figure><img loading=\"lazy\" decoding=\"async\" width=\"1024\" height=\"768\" src=\"https:\/\/eic.cefet-rj.br\/meninasnarobotica\/wp-content\/uploads\/2019\/05\/FOTOUERJ02-1024x768.jpeg\" alt=\"\" data-id=\"488\" data-link=\"https:\/\/eic.cefet-rj.br\/meninasnarobotica\/fotouerj02\/\" class=\"wp-image-488\" srcset=\"https:\/\/eic.cefet-rj.br\/meninasnarobotica\/wp-content\/uploads\/2019\/05\/FOTOUERJ02-1024x768.jpeg 1024w, https:\/\/eic.cefet-rj.br\/meninasnarobotica\/wp-content\/uploads\/2019\/05\/FOTOUERJ02-300x225.jpeg 300w, https:\/\/eic.cefet-rj.br\/meninasnarobotica\/wp-content\/uploads\/2019\/05\/FOTOUERJ02-768x576.jpeg 768w, https:\/\/eic.cefet-rj.br\/meninasnarobotica\/wp-content\/uploads\/2019\/05\/FOTOUERJ02.jpeg 1280w\" sizes=\"auto, (max-width: 1024px) 100vw, 1024px\" \/><\/figure><\/li><li class=\"blocks-gallery-item\"><figure><img loading=\"lazy\" decoding=\"async\" width=\"1024\" height=\"768\" src=\"https:\/\/eic.cefet-rj.br\/meninasnarobotica\/wp-content\/uploads\/2019\/05\/FOTOUERJ04-1024x768.jpeg\" alt=\"\" data-id=\"490\" data-link=\"https:\/\/eic.cefet-rj.br\/meninasnarobotica\/fotouerj04\/\" class=\"wp-image-490\" srcset=\"https:\/\/eic.cefet-rj.br\/meninasnarobotica\/wp-content\/uploads\/2019\/05\/FOTOUERJ04-1024x768.jpeg 1024w, https:\/\/eic.cefet-rj.br\/meninasnarobotica\/wp-content\/uploads\/2019\/05\/FOTOUERJ04-300x225.jpeg 300w, https:\/\/eic.cefet-rj.br\/meninasnarobotica\/wp-content\/uploads\/2019\/05\/FOTOUERJ04-768x576.jpeg 768w, https:\/\/eic.cefet-rj.br\/meninasnarobotica\/wp-content\/uploads\/2019\/05\/FOTOUERJ04.jpeg 1280w\" sizes=\"auto, (max-width: 1024px) 100vw, 1024px\" \/><\/figure><\/li><li class=\"blocks-gallery-item\"><figure><img loading=\"lazy\" decoding=\"async\" width=\"1024\" height=\"768\" src=\"https:\/\/eic.cefet-rj.br\/meninasnarobotica\/wp-content\/uploads\/2019\/05\/FOTOUERJ05-1024x768.jpeg\" alt=\"\" data-id=\"491\" data-link=\"https:\/\/eic.cefet-rj.br\/meninasnarobotica\/fotouerj05\/\" class=\"wp-image-491\" srcset=\"https:\/\/eic.cefet-rj.br\/meninasnarobotica\/wp-content\/uploads\/2019\/05\/FOTOUERJ05-1024x768.jpeg 1024w, https:\/\/eic.cefet-rj.br\/meninasnarobotica\/wp-content\/uploads\/2019\/05\/FOTOUERJ05-300x225.jpeg 300w, https:\/\/eic.cefet-rj.br\/meninasnarobotica\/wp-content\/uploads\/2019\/05\/FOTOUERJ05-768x576.jpeg 768w, https:\/\/eic.cefet-rj.br\/meninasnarobotica\/wp-content\/uploads\/2019\/05\/FOTOUERJ05.jpeg 1280w\" sizes=\"auto, (max-width: 1024px) 100vw, 1024px\" \/><\/figure><\/li><li class=\"blocks-gallery-item\"><figure><img loading=\"lazy\" decoding=\"async\" width=\"1024\" height=\"768\" src=\"https:\/\/eic.cefet-rj.br\/meninasnarobotica\/wp-content\/uploads\/2019\/05\/FOTOUERJ01-1024x768.jpeg\" alt=\"\" data-id=\"470\" data-link=\"https:\/\/eic.cefet-rj.br\/meninasnarobotica\/fotouerj01\/\" class=\"wp-image-470\" srcset=\"https:\/\/eic.cefet-rj.br\/meninasnarobotica\/wp-content\/uploads\/2019\/05\/FOTOUERJ01-1024x768.jpeg 1024w, https:\/\/eic.cefet-rj.br\/meninasnarobotica\/wp-content\/uploads\/2019\/05\/FOTOUERJ01-300x225.jpeg 300w, https:\/\/eic.cefet-rj.br\/meninasnarobotica\/wp-content\/uploads\/2019\/05\/FOTOUERJ01-768x576.jpeg 768w, https:\/\/eic.cefet-rj.br\/meninasnarobotica\/wp-content\/uploads\/2019\/05\/FOTOUERJ01.jpeg 1280w\" sizes=\"auto, (max-width: 1024px) 100vw, 1024px\" \/><figcaption class=\"blocks-gallery-item__caption\">LEMec UERJ (Laborat\u00f3rio de ensaios mec\u00e2nicos e metrologia) do IPRJ de Nova Friburgo.<\/figcaption><\/figure><\/li><\/ul><\/figure>\n","protected":false},"excerpt":{"rendered":"<p>Semana de extens\u00e3o Cefet\/RJ campus Nova Igua\u00e7u 2018: UERJ &#8211; Semana de Ci\u00eancia e Tecnologia LEMec (Laborat\u00f3rio de ensaios mec\u00e2nicos e metrologia) IPRJ de Nova Friburgo.<\/p>\n","protected":false},"author":1,"featured_media":0,"parent":0,"menu_order":0,"comment_status":"closed","ping_status":"closed","template":"","meta":{"footnotes":""},"class_list":["post-106","page","type-page","status-publish","hentry"],"_links":{"self":[{"href":"https:\/\/eic.cefet-rj.br\/meninasnarobotica\/index.php\/wp-json\/wp\/v2\/pages\/106","targetHints":{"allow":["GET"]}}],"collection":[{"href":"https:\/\/eic.cefet-rj.br\/meninasnarobotica\/index.php\/wp-json\/wp\/v2\/pages"}],"about":[{"href":"https:\/\/eic.cefet-rj.br\/meninasnarobotica\/index.php\/wp-json\/wp\/v2\/types\/page"}],"author":[{"embeddable":true,"href":"https:\/\/eic.cefet-rj.br\/meninasnarobotica\/index.php\/wp-json\/wp\/v2\/users\/1"}],"replies":[{"embeddable":true,"href":"https:\/\/eic.cefet-rj.br\/meninasnarobotica\/index.php\/wp-json\/wp\/v2\/comments?post=106"}],"version-history":[{"count":10,"href":"https:\/\/eic.cefet-rj.br\/meninasnarobotica\/index.php\/wp-json\/wp\/v2\/pages\/106\/revisions"}],"predecessor-version":[{"id":1812,"href":"https:\/\/eic.cefet-rj.br\/meninasnarobotica\/index.php\/wp-json\/wp\/v2\/pages\/106\/revisions\/1812"}],"wp:attachment":[{"href":"https:\/\/eic.cefet-rj.br\/meninasnarobotica\/index.php\/wp-json\/wp\/v2\/media?parent=106"}],"curies":[{"name":"wp","href":"https:\/\/api.w.org\/{rel}","templated":true}]}}