{"id":35,"date":"2018-02-22T17:54:09","date_gmt":"2018-02-22T17:54:09","guid":{"rendered":"http:\/\/eic.cefet-rj.br\/ladas2018\/?page_id=35"},"modified":"2018-07-03T23:37:58","modified_gmt":"2018-07-04T02:37:58","slug":"organization","status":"publish","type":"page","link":"https:\/\/eic.cefet-rj.br\/ladas2018\/organization\/","title":{"rendered":"Organization"},"content":{"rendered":"<h3>Chairs<\/h3>\n<ul>\n<li>Artur Ziviani &#8211; LNCC<\/li>\n<li>Carmem Hara &#8211; UFPR<\/li>\n<li>Eduardo Ogasawara &#8211; CEFET\/RJ<\/li>\n<li>Jos\u00e9 Ant\u00f4nio de Mac\u00eado &#8211; UFC<\/li>\n<li>Patrick Valduriez &#8211; INRIA &amp; LIRMM<\/li>\n<\/ul>\n<h3>Technical Program Committee Chair<\/h3>\n<ul>\n<li>Eduardo Ogasawara &#8211; CEFET\/RJ<\/li>\n<\/ul>\n<h3>Program Committee<\/h3>\n<ul>\n<li>Aidan Hogan &#8211; Universidad de Chile<\/li>\n<li>Alejandro A. Vaisman &#8211; Instituto Tecnol\u00f3gico de Buenos Aires<\/li>\n<li>Alex Vieira &#8211; UFJF<\/li>\n<li>Aline Carneiro Viana &#8211; Inria<\/li>\n<li>Ana Paula Appel &#8211; IBM Research<\/li>\n<li>Anderson Soares &#8211; UFG<\/li>\n<li>Anelise Munaretto &#8211; UTFPR<\/li>\n<li>Antonio Tadeu Gomes &#8211; LNCC<\/li>\n<li>Carlos Sarraute &#8211; Grandata Labs<\/li>\n<li>Carlos Ordonez &#8211; University of Houston<\/li>\n<li>Claudia Medeiros &#8211; UNICAMP<\/li>\n<li>Daniel de Oliveira &#8211; UFF<\/li>\n<li>Diego Arroyuelo &#8211; Universidad T\u00e9cnica Federico Santa Mar\u00eda<\/li>\n<li>Eduardo Bezerra &#8211; CEFET\/RJ<\/li>\n<li>Humberto T. Marques-Neto &#8211; PUC Minas<\/li>\n<li>Isabel Cruz &#8211; University of Illinois<\/li>\n<li>Jonas Dias &#8211; Dell EMC<\/li>\n<li>Jonice Oliveira &#8211; UFRJ<\/li>\n<li>Jorge Poco Medina &#8211; San Pablo Catholic University<\/li>\n<li>Juan L. Reutter &#8211; Pontificia Universidad Cat\u00f3lica<\/li>\n<li>Julio Cesar Duarte &#8211; IME<\/li>\n<li>Karin Becker &#8211; UFRGS<\/li>\n<li>Lorena Etcheverry &#8211; Universidad de la Rep\u00fablica<\/li>\n<li>Loreto Bravo &#8211; Universidad del Desarrollo<\/li>\n<li>Marcelo Mendoza &#8211; Universidad T\u00e9cnica Federico Santa Mar\u00eda<\/li>\n<li>M\u00e1rton Karsai &#8211; ENS LYON\/Inria<\/li>\n<li>Nadia Kozievitch &#8211; UTFPR<\/li>\n<li>Rafaelli Coutinho &#8211; CEFET\/RJ<\/li>\n<li>Ricardo Torres &#8211; UNICAMP<\/li>\n<li>Ronaldo Goldschmidt &#8211; IME<\/li>\n<li>Sergio Lifschitz &#8211; PUC-Rio<\/li>\n<\/ul>\n<p>&nbsp;<\/p>\n<p>&nbsp;<\/p>\n<p>&nbsp;<\/p>\n","protected":false},"excerpt":{"rendered":"<p>Chairs Artur Ziviani &#8211; LNCC Carmem Hara &#8211; UFPR Eduardo Ogasawara &#8211; CEFET\/RJ Jos\u00e9 Ant\u00f4nio de Mac\u00eado &#8211; UFC Patrick&hellip; <\/p>\n","protected":false},"author":1,"featured_media":0,"parent":0,"menu_order":0,"comment_status":"closed","ping_status":"closed","template":"","meta":{"_monsterinsights_skip_tracking":false,"_monsterinsights_sitenote_active":false,"_monsterinsights_sitenote_note":"","_monsterinsights_sitenote_category":0,"footnotes":""},"class_list":["post-35","page","type-page","status-publish","hentry"],"_links":{"self":[{"href":"https:\/\/eic.cefet-rj.br\/ladas2018\/wp-json\/wp\/v2\/pages\/35","targetHints":{"allow":["GET"]}}],"collection":[{"href":"https:\/\/eic.cefet-rj.br\/ladas2018\/wp-json\/wp\/v2\/pages"}],"about":[{"href":"https:\/\/eic.cefet-rj.br\/ladas2018\/wp-json\/wp\/v2\/types\/page"}],"author":[{"embeddable":true,"href":"https:\/\/eic.cefet-rj.br\/ladas2018\/wp-json\/wp\/v2\/users\/1"}],"replies":[{"embeddable":true,"href":"https:\/\/eic.cefet-rj.br\/ladas2018\/wp-json\/wp\/v2\/comments?post=35"}],"version-history":[{"count":13,"href":"https:\/\/eic.cefet-rj.br\/ladas2018\/wp-json\/wp\/v2\/pages\/35\/revisions"}],"predecessor-version":[{"id":124,"href":"https:\/\/eic.cefet-rj.br\/ladas2018\/wp-json\/wp\/v2\/pages\/35\/revisions\/124"}],"wp:attachment":[{"href":"https:\/\/eic.cefet-rj.br\/ladas2018\/wp-json\/wp\/v2\/media?parent=35"}],"curies":[{"name":"wp","href":"https:\/\/api.w.org\/{rel}","templated":true}]}}

<h3>Chairs</h3>
<ul>
<li>Artur Ziviani &#8211; LNCC</li>
<li>Carmem Hara &#8211; UFPR</li>
<li>Eduardo Ogasawara &#8211; CEFET/RJ</li>
<li>José Antônio de Macêdo &#8211; UFC</li>
<li>Patrick Valduriez &#8211; INRIA &amp; LIRMM</li>
</ul>
<h3>Technical Program Committee Chair</h3>
<ul>
<li>Eduardo Ogasawara &#8211; CEFET/RJ</li>
</ul>
<h3>Program Committee</h3>
<ul>
<li>Aidan Hogan &#8211; Universidad de Chile</li>
<li>Alejandro A. Vaisman &#8211; Instituto Tecnológico de Buenos Aires</li>
<li>Alex Vieira &#8211; UFJF</li>
<li>Aline Carneiro Viana &#8211; Inria</li>
<li>Ana Paula Appel &#8211; IBM Research</li>
<li>Anderson Soares &#8211; UFG</li>
<li>Anelise Munaretto &#8211; UTFPR</li>
<li>Antonio Tadeu Gomes &#8211; LNCC</li>
<li>Carlos Sarraute &#8211; Grandata Labs</li>
<li>Carlos Ordonez &#8211; University of Houston</li>
<li>Claudia Medeiros &#8211; UNICAMP</li>
<li>Daniel de Oliveira &#8211; UFF</li>
<li>Diego Arroyuelo &#8211; Universidad Técnica Federico Santa María</li>
<li>Eduardo Bezerra &#8211; CEFET/RJ</li>
<li>Humberto T. Marques-Neto &#8211; PUC Minas</li>
<li>Isabel Cruz &#8211; University of Illinois</li>
<li>Jonas Dias &#8211; Dell EMC</li>
<li>Jonice Oliveira &#8211; UFRJ</li>
<li>Jorge Poco Medina &#8211; San Pablo Catholic University</li>
<li>Juan L. Reutter &#8211; Pontificia Universidad Católica</li>
<li>Julio Cesar Duarte &#8211; IME</li>
<li>Karin Becker &#8211; UFRGS</li>
<li>Lorena Etcheverry &#8211; Universidad de la República</li>
<li>Loreto Bravo &#8211; Universidad del Desarrollo</li>
<li>Marcelo Mendoza &#8211; Universidad Técnica Federico Santa María</li>
<li>Márton Karsai &#8211; ENS LYON/Inria</li>
<li>Nadia Kozievitch &#8211; UTFPR</li>
<li>Rafaelli Coutinho &#8211; CEFET/RJ</li>
<li>Ricardo Torres &#8211; UNICAMP</li>
<li>Ronaldo Goldschmidt &#8211; IME</li>
<li>Sergio Lifschitz &#8211; PUC-Rio</li>
</ul>
<p>&nbsp;</p>
<p>&nbsp;</p>
<p>&nbsp;</p>

<p>Chairs Artur Ziviani &#8211; LNCC Carmem Hara &#8211; UFPR Eduardo Ogasawara &#8211; CEFET/RJ José Antônio de Macêdo &#8211; UFC Patrick&hellip; </p>
