{"id":2,"date":"2021-04-07T20:58:26","date_gmt":"2021-04-07T20:58:26","guid":{"rendered":"https:\/\/eic.cefet-rj.br\/~kdmile\/?page_id=2"},"modified":"2021-10-08T14:37:46","modified_gmt":"2021-10-08T14:37:46","slug":"sample-page","status":"publish","type":"page","link":"https:\/\/eic.cefet-rj.br\/kdmile2021\/","title":{"rendered":"KDMiLe&#8217;21"},"content":{"rendered":"\n<div class=\"wp-block-image\"><figure class=\"aligncenter size-full is-resized\"><a href=\"https:\/\/sbbd.org.br\/2021\/keynote-speaker-3\/\"><img loading=\"lazy\" decoding=\"async\" src=\"https:\/\/eic.cefet-rj.br\/kdmile2021\/wp-content\/uploads\/2021\/10\/new-brand-1911394-1633337.png\" alt=\"\" class=\"wp-image-170\" width=\"236\" height=\"236\" srcset=\"https:\/\/eic.cefet-rj.br\/kdmile2021\/wp-content\/uploads\/2021\/10\/new-brand-1911394-1633337.png 256w, https:\/\/eic.cefet-rj.br\/kdmile2021\/wp-content\/uploads\/2021\/10\/new-brand-1911394-1633337-150x150.png 150w\" sizes=\"auto, (max-width: 236px) 100vw, 236px\" \/><\/a><figcaption><span style=\"color:#a30016\" class=\"has-inline-color\"><strong>Link to <\/strong><\/span><br><span style=\"color:#a30016\" class=\"has-inline-color\"><strong>&#8220;Best Paper Awards&#8221;<\/strong><\/span><br><span style=\"color:#a30016\" class=\"has-inline-color\"><strong>session<\/strong><\/span>.<\/figcaption><\/figure><\/div>\n\n\n\n<h2 class=\"wp-block-heading\">About<\/h2>\n\n\n\n<ul class=\"wp-block-social-links is-layout-flex wp-block-social-links-is-layout-flex\"><li class=\"wp-social-link wp-social-link-instagram  wp-block-social-link\"><a href=\"https:\/\/www.instagram.com\/kdmile2021\/\" class=\"wp-block-social-link-anchor\"><svg width=\"24\" height=\"24\" viewBox=\"0 0 24 24\" version=\"1.1\" xmlns=\"http:\/\/www.w3.org\/2000\/svg\" aria-hidden=\"true\" focusable=\"false\"><path d=\"M12,4.622c2.403,0,2.688,0.009,3.637,0.052c0.877,0.04,1.354,0.187,1.671,0.31c0.42,0.163,0.72,0.358,1.035,0.673 c0.315,0.315,0.51,0.615,0.673,1.035c0.123,0.317,0.27,0.794,0.31,1.671c0.043,0.949,0.052,1.234,0.052,3.637 s-0.009,2.688-0.052,3.637c-0.04,0.877-0.187,1.354-0.31,1.671c-0.163,0.42-0.358,0.72-0.673,1.035 c-0.315,0.315-0.615,0.51-1.035,0.673c-0.317,0.123-0.794,0.27-1.671,0.31c-0.949,0.043-1.233,0.052-3.637,0.052 s-2.688-0.009-3.637-0.052c-0.877-0.04-1.354-0.187-1.671-0.31c-0.42-0.163-0.72-0.358-1.035-0.673 c-0.315-0.315-0.51-0.615-0.673-1.035c-0.123-0.317-0.27-0.794-0.31-1.671C4.631,14.688,4.622,14.403,4.622,12 s0.009-2.688,0.052-3.637c0.04-0.877,0.187-1.354,0.31-1.671c0.163-0.42,0.358-0.72,0.673-1.035 c0.315-0.315,0.615-0.51,1.035-0.673c0.317-0.123,0.794-0.27,1.671-0.31C9.312,4.631,9.597,4.622,12,4.622 M12,3 C9.556,3,9.249,3.01,8.289,3.054C7.331,3.098,6.677,3.25,6.105,3.472C5.513,3.702,5.011,4.01,4.511,4.511 c-0.5,0.5-0.808,1.002-1.038,1.594C3.25,6.677,3.098,7.331,3.054,8.289C3.01,9.249,3,9.556,3,12c0,2.444,0.01,2.751,0.054,3.711 c0.044,0.958,0.196,1.612,0.418,2.185c0.23,0.592,0.538,1.094,1.038,1.594c0.5,0.5,1.002,0.808,1.594,1.038 c0.572,0.222,1.227,0.375,2.185,0.418C9.249,20.99,9.556,21,12,21s2.751-0.01,3.711-0.054c0.958-0.044,1.612-0.196,2.185-0.418 c0.592-0.23,1.094-0.538,1.594-1.038c0.5-0.5,0.808-1.002,1.038-1.594c0.222-0.572,0.375-1.227,0.418-2.185 C20.99,14.751,21,14.444,21,12s-0.01-2.751-0.054-3.711c-0.044-0.958-0.196-1.612-0.418-2.185c-0.23-0.592-0.538-1.094-1.038-1.594 c-0.5-0.5-1.002-0.808-1.594-1.038c-0.572-0.222-1.227-0.375-2.185-0.418C14.751,3.01,14.444,3,12,3L12,3z M12,7.378 c-2.552,0-4.622,2.069-4.622,4.622S9.448,16.622,12,16.622s4.622-2.069,4.622-4.622S14.552,7.378,12,7.378z M12,15 c-1.657,0-3-1.343-3-3s1.343-3,3-3s3,1.343,3,3S13.657,15,12,15z M16.804,6.116c-0.596,0-1.08,0.484-1.08,1.08 s0.484,1.08,1.08,1.08c0.596,0,1.08-0.484,1.08-1.08S17.401,6.116,16.804,6.116z\"><\/path><\/svg><span class=\"wp-block-social-link-label screen-reader-text\">Instagram<\/span><\/a><\/li>\n\n<li class=\"wp-social-link wp-social-link-facebook  wp-block-social-link\"><a href=\"https:\/\/fb.me\/e\/Pr6RpgSy\" class=\"wp-block-social-link-anchor\"><svg width=\"24\" height=\"24\" viewBox=\"0 0 24 24\" version=\"1.1\" xmlns=\"http:\/\/www.w3.org\/2000\/svg\" aria-hidden=\"true\" focusable=\"false\"><path d=\"M12 2C6.5 2 2 6.5 2 12c0 5 3.7 9.1 8.4 9.9v-7H7.9V12h2.5V9.8c0-2.5 1.5-3.9 3.8-3.9 1.1 0 2.2.2 2.2.2v2.5h-1.3c-1.2 0-1.6.8-1.6 1.6V12h2.8l-.4 2.9h-2.3v7C18.3 21.1 22 17 22 12c0-5.5-4.5-10-10-10z\"><\/path><\/svg><span class=\"wp-block-social-link-label screen-reader-text\">Facebook<\/span><\/a><\/li>\n\n<li class=\"wp-social-link wp-social-link-linkedin  wp-block-social-link\"><a href=\"https:\/\/www.linkedin.com\/in\/kdmile-knowledge-discovery-mining-and-learning-235629212\/\" class=\"wp-block-social-link-anchor\"><svg width=\"24\" height=\"24\" viewBox=\"0 0 24 24\" version=\"1.1\" xmlns=\"http:\/\/www.w3.org\/2000\/svg\" aria-hidden=\"true\" focusable=\"false\"><path d=\"M19.7,3H4.3C3.582,3,3,3.582,3,4.3v15.4C3,20.418,3.582,21,4.3,21h15.4c0.718,0,1.3-0.582,1.3-1.3V4.3 C21,3.582,20.418,3,19.7,3z M8.339,18.338H5.667v-8.59h2.672V18.338z M7.004,8.574c-0.857,0-1.549-0.694-1.549-1.548 c0-0.855,0.691-1.548,1.549-1.548c0.854,0,1.547,0.694,1.547,1.548C8.551,7.881,7.858,8.574,7.004,8.574z M18.339,18.338h-2.669 v-4.177c0-0.996-0.017-2.278-1.387-2.278c-1.389,0-1.601,1.086-1.601,2.206v4.249h-2.667v-8.59h2.559v1.174h0.037 c0.356-0.675,1.227-1.387,2.526-1.387c2.703,0,3.203,1.779,3.203,4.092V18.338z\"><\/path><\/svg><span class=\"wp-block-social-link-label screen-reader-text\">LinkedIn<\/span><\/a><\/li><\/ul>\n\n\n\n<p>The&nbsp;<strong>Symposium on Knowledge Discovery, Mining and Learning (KDMiLe)&nbsp;<\/strong>aims at integrating researchers, practitioners, developers, students and users to present theirs research results, to discuss ideas, and to exchange techniques, tools, and practical experiences \u2013 related to the Data Mining and Machine Learning areas. KDMiLe originated from WAAMD (Workshop em Algoritmos e Aplica\u00e7\u00f5es de Minera\u00e7\u00e3o de Dados) that occurred during five years \u2013 2005 to 2009 \u2013 as a Workshop of Brazilian Symposium on Databases (SBBD). <\/p>\n\n\n\n<p>Since 2013, KDMiLe has been organized alternatively in conjunction with the Brazilian Conference on Intelligent Systems (BRACIS) and the Brazilian Symposium on Databases (SBBD).<\/p>\n\n\n\n<p>This year, 2021, in its ninth edition, KDMiLe will be held completely online from October 4th to October 8th in conjunction with the Brazilian Symposium on Databases (<a href=\"http:\/\/sbbd.org.br\/2021\">SBBD<\/a>). This year KDMiLe is being organized by Centro Federal de Educa\u00e7\u00e3o Tecnol\u00f3gica do Rio de Janeiro (<a href=\"http:\/\/portal.cefet-rj.br\/\">CEFET\/RJ<\/a>).<\/p>\n\n\n\n<h2 class=\"wp-block-heading\" id=\"important-dates\">Important Dates<\/h2>\n\n\n\n<ul class=\"wp-block-list\"><li>Submission deadline: <s>26\/July<\/s> <s>01\/August<\/s> <strong>09\/August<\/strong><\/li><li>Notification to authors: 10\/September<\/li><li>Camera ready version: to be defined<\/li><\/ul>\n\n\n\n<h2 class=\"wp-block-heading\" id=\"submission-guidelines\">Submission &amp; Presentation Guidelines<\/h2>\n\n\n\n<ul class=\"wp-block-list\"><li>Papers may be written in Portuguese or English, but the&nbsp;<strong>title, the abstract and the keywords&nbsp;must be written in English.<\/strong><\/li><li>Submissions are reviewed following a single blind review process, i.e. you do not need to hide authors&#8217; names and affiliations.<\/li><li>The manuscript must not exceed 8 pages. Papers exceeding this limit will be automatically rejected without being reviewed by the Program Committee.<\/li><li>Papers must be submitted in PDF format.&nbsp;Formats other than PDF will NOT be accepted.<\/li><li>Latex template available <a href=\"https:\/\/drive.google.com\/file\/d\/1OP_z7wvqfHe37isOzWdt5rraulUtT1zw\/view?usp=sharing\">here<\/a>.<\/li><li>Papers must be submitted through&nbsp;<a rel=\"noreferrer noopener\" href=\"https:\/\/easychair.org\/conferences\/?conf=kdmile2021\" target=\"_blank\">EasyChair<\/a>.<\/li><li>Virtual background images avaiblable <a href=\"https:\/\/eic.cefet-rj.br\/kdmile2021\/wp-content\/uploads\/2021\/09\/sbbd-2021.jpg\">here<\/a>. (See how to change the virtual background in Zoom <a href=\"http:\/\/support.zoom.us\/hc\/en-us\/articles\/210707503-Changing-your-Virtual-Background-image\">here<\/a>.)<\/li><li>Presentation guidelines (in Portuguese) available <a href=\"https:\/\/sites.google.com\/view\/sbbd-dsw\/edi\u00e7\u00e3o-2021\/instru\u00e7\u00f5es-para-apresenta\u00e7\u00e3o\">here<\/a>.<\/li><\/ul>\n\n\n\n<p>Papers submitted to KDMiLe must not have been simultaneously submitted to any other forum (conference or journal), nor should they have already been published elsewhere. The acceptance of a paper implies that at least one of its authors will register for the symposium to present it. <\/p>\n\n\n\n<p>Submitted papers will be reviewed based on originality, relevance, technical soundness and clarity of presentation. <\/p>\n\n\n\n<p>Accepted papers will be published electronically in the KDMiLe proceedings. A preliminary version of the proceedings, including all the accepted papers, will be available to the symposium attendees.<\/p>\n\n\n\n<p>In all past editions, authors of selected papers accepted for presentation in KDMiLe have been invited to submit extended and revised versions of these papers to a special issue of JIDM (Journal of Information and Database Management). This year, we intend to follow this same policy of encouraging the best submissions with publication in an international journal.<\/p>\n\n\n\n<h2 class=\"wp-block-heading\" id=\"registration\">Registration<\/h2>\n\n\n\n<p>In this edition, registration to KDMiLe will happen along with SBBD. Further details on the SBBD\/KDMiLe 2021 registration process can be found <a href=\"https:\/\/sbbd.org.br\/2021\/registration\/\">here<\/a>. <\/p>\n\n\n\n<h2 class=\"wp-block-heading\" id=\"topics-of-interest\">Topics of Interest<\/h2>\n\n\n\n<p>The KDMiLe Program Committee invites submissions containing new ideas and proposals, and also applications, in the Data Mining and Machine Learning areas. Below is a list of common topics, although KDMiLe is not limited to them.<\/p>\n\n\n\n<div class=\"wp-block-columns is-layout-flex wp-container-core-columns-is-layout-9d6595d7 wp-block-columns-is-layout-flex\">\n<div class=\"wp-block-column is-layout-flow wp-block-column-is-layout-flow\">\n<p>In Data Mining<\/p>\n\n\n\n<ul class=\"wp-block-list\"><li>Association Rules<\/li><li>Classification<\/li><li>Clustering<\/li><li>Data Mining Applications<\/li><li>Data Mining Foundations<\/li><li>Evaluation Methodology in Data Mining<\/li><li>Feature Selection and Dimensionality Reduction<\/li><li>Graph Mining<\/li><li>Massive Data Mining<\/li><li>Multimedia Data Mining<\/li><li>Multirelational Mining<\/li><li>Outlier Detection<\/li><li>Parallel and Distributed Data Mining<\/li><li>Pre and Post Processing<\/li><li>Ranking and Preference Mining<\/li><li>Privacy and Security in Data Mining<\/li><li>Quality and Interest Metrics<\/li><li>Sequential Patterns<\/li><li>Social Network Mining<\/li><li>Stream Data Mining<\/li><li>Text Mining<\/li><li>Time-Series Analysis<\/li><li>Visual Data Mining Web Mining<\/li><li>Recommender Systems based on Data Mining<\/li><\/ul>\n<\/div>\n\n\n\n<div class=\"wp-block-column is-layout-flow wp-block-column-is-layout-flow\">\n<p>In Machine Learning<\/p>\n\n\n\n<ul class=\"wp-block-list\"><li>Active Learning<\/li><li>Bayesian Inference<\/li><li>Case-Based Reasoning<\/li><li>Cognitive Models of Learning<\/li><li>Constructive Induction and Theory Revision<\/li><li>Cost-Sensitive Learning<\/li><li>Deep Learning<\/li><li>Ensemble Methods<\/li><li>Evaluation Methodology in Machine Learning<\/li><li>Fuzzy Learning Systems <\/li><li>Inductive Logic <\/li><li>Kernel Methods<\/li><li>Knowledge-Intensive Learning<\/li><li>Learning Theory<\/li><li>Machine Learning Applications<\/li><li>Meta-Learning<\/li><li>Multi-Agent and Co-Operative Learning<\/li><li>Natural Language Processing<\/li><li>Probabilistic and Statistical Methods<\/li><li>Ranking and Preference Learning<\/li><li>Recommender Systems based on Machine Learning<\/li><li>Reinforcement Learning<\/li><li>Semi-Supervised Learning<\/li><li>Supervised Learning<\/li><li>Unsupervised Learning<\/li><li>Online Learning<\/li><\/ul>\n<\/div>\n<\/div>\n\n\n\n<h2 class=\"wp-block-heading\" id=\"committees\">Committees<\/h2>\n\n\n\n<h3 class=\"wp-block-heading\">Steering committee<\/h3>\n\n\n\n<p>Luiz Henrique de Campos Merschmann (UFLA)<br>Alexandre Plastino (UFF)<br>Andr\u00e9 Carlos Ponce de Leon Ferreira de Carvalho (ICMC-USP)<br>Wagner Meira Jr. (UFMG)<br>Ricardo Cerri (UFSCAR)<\/p>\n\n\n\n<h3 class=\"wp-block-heading\">Program chair<\/h3>\n\n\n\n<p>Chair &#8211; Moacir Antonelli Ponti (ICMC-USP) &#8211; moacir@icmc.usp.br<br>Co-Chair &#8211; Diego Furtado Silva (UFSCar) &#8211; diegofs@ufscar.br<\/p>\n\n\n\n<h3 class=\"wp-block-heading\">Local chair<\/h3>\n\n\n\n<p>Eduardo Bezerra (CEFET\/RJ) &#8211; ebezerra@cefet-rj.br<\/p>\n\n\n\n<h3 class=\"wp-block-heading\">Program committee<\/h3>\n\n\n\n<figure class=\"wp-block-table\"><table><tbody><tr><td>Alan Valejo<\/td><td>UFSCar<\/td><\/tr><tr><td>Alexandre Plastino<\/td><td>UFF<\/td><\/tr><tr><td>Aline Paes<\/td><td>UFF<\/td><\/tr><tr><td>Andr\u00e9 Rossi<\/td><td>Unesp<\/td><\/tr><tr><td>Angelo Ciarlini<\/td><td>Localiza<\/td><\/tr><tr><td>Aurora Pozo<\/td><td>UFPR<\/td><\/tr><tr><td>Bruno Nogueira<\/td><td>UFMS<\/td><\/tr><tr><td>Carlos Silla<\/td><td>PUCPR<\/td><\/tr><tr><td>Claudia Varassin<\/td><td>UFES<\/td><\/tr><tr><td>Daniela Godoy<\/td><td>ISISTAN Research Institute<\/td><\/tr><tr><td>Dayse Almeida<\/td><td>UFCAT<\/td><\/tr><tr><td>Denise Bandeira<\/td><td>Unisinos<\/td><\/tr><tr><td>Douglas Cardoso<\/td><td>CEFET\/RJ<\/td><\/tr><tr><td>Edson Matsubara<\/td><td>UFMS<\/td><\/tr><tr><td>Elaine Sousa<\/td><td>USP<\/td><\/tr><tr><td>Emanuele Souza<\/td><td>UFC<\/td><\/tr><tr><td>Erick Maziero<\/td><td>UFLA<\/td><\/tr><tr><td>Fabio Cozman<\/td><td>USP<\/td><\/tr><tr><td>Fernando Otero<\/td><td>University of Kent<\/td><\/tr><tr><td>Fernando dos Santos<\/td><td>USP<\/td><\/tr><tr><td>Filipe Verri<\/td><td>Unifesp<\/td><\/tr><tr><td>Francisco Carvalho<\/td><td>Centro de Inform\u00e1tica \u2013 CIn\/UFPE<\/td><\/tr><tr><td>Helena Caseli<\/td><td>UFSCar<\/td><\/tr><tr><td>Heloisa Camargo<\/td><td>UFSCar<\/td><\/tr><tr><td>Humberto Razente<\/td><td>UFU<\/td><\/tr><tr><td>Jo\u00e3o Fernando Mari<\/td><td>UFV<\/td><\/tr><tr><td>Jo\u00e3o Paulo Papa<\/td><td>Unesp<\/td><\/tr><tr><td>Jonathan Silva<\/td><td>UFMS<\/td><\/tr><tr><td>Jonice Oliveira<\/td><td>UFRJ<\/td><\/tr><tr><td>Jose A. F. Costa<\/td><td>UFRN<\/td><\/tr><tr><td>Julio Nievola<\/td><td>PUCPR<\/td><\/tr><tr><td>Julio Duarte<\/td><td>IME<\/td><\/tr><tr><td>Karin Becker<\/td><td>UFRGS<\/td><\/tr><tr><td>Kuruvilla Abraham<\/td><td>USP<\/td><\/tr><tr><td>Leandro Marinho<\/td><td>UFCG<\/td><\/tr><tr><td>Leonardo Rocha<\/td><td>UFSJ<\/td><\/tr><tr><td>Luis Z\u00e1rate<\/td><td>PUCMINAS<\/td><\/tr><tr><td>Luiz Martins<\/td><td>UFU<\/td><\/tr><tr><td>Luiz Merschmann<\/td><td>UFLA<\/td><\/tr><tr><td>Marcelino Pereira<\/td><td>UERN<\/td><\/tr><tr><td>Marcelo Albertini<\/td><td>UFU<\/td><\/tr><tr><td>Marcilio Souto<\/td><td>UFPE<\/td><\/tr><tr><td>Marcos Goncalves<\/td><td>UFMG<\/td><\/tr><tr><td>Marcos Quiles<\/td><td>Unifesp<\/td><\/tr><tr><td>Marcos Domingues<\/td><td>UERN<\/td><\/tr><tr><td>Maria Barioni<\/td><td>UFU<\/td><\/tr><tr><td>Mari\u00e1 Nascimento<\/td><td>Unifesp<\/td><\/tr><tr><td>Mariza Ferro<\/td><td>LNCC<\/td><\/tr><tr><td>Murilo Naldi<\/td><td>UFSCar<\/td><\/tr><tr><td>Rafael Giusti<\/td><td>UFAM<\/td><\/tr><tr><td>Rafael Mantovani<\/td><td>UTFPR<\/td><\/tr><tr><td>Rafael Rossi<\/td><td>UFMS<\/td><\/tr><tr><td>Renato Tin\u00f3s<\/td><td>USP<\/td><\/tr><tr><td>Ricardo Cerri<\/td><td>UFSCar<\/td><\/tr><tr><td>Ricardo Marcacini<\/td><td>USP<\/td><\/tr><tr><td>Ricardo Rios<\/td><td>UFBA<\/td><\/tr><tr><td>Roberta Sinoara<\/td><td>IFSP<\/td><\/tr><tr><td>Rodrigo Gomes<\/td><td>PUC-MG<\/td><\/tr><tr><td>Ronaldo Prati<\/td><td>UFABC<\/td><\/tr><tr><td>Ronaldo Goldschmidt<\/td><td>IME<\/td><\/tr><tr><td>Rui Camacho<\/td><td>LIACC\/FEUP University of Porto<\/td><\/tr><tr><td>Solange Rezende<\/td><td>USP<\/td><\/tr><tr><td>Sylvio Barbon<\/td><td>UEL<\/td><\/tr><tr><td>Tatiane Nogueira<\/td><td>UFBA<\/td><\/tr><tr><td>Vinicius Souza<\/td><td>PUCPR<\/td><\/tr><tr><td>Wagner Meira<\/td><td>UFMG<\/td><\/tr><\/tbody><\/table><\/figure>\n\n\n\n<hr class=\"wp-block-separator\"\/>\n\n\n<figure class=\"wp-block-table is-style-stripes\">\n<table>\n<tbody>\n<tr>\n<td class=\"has-text-align-center\" style=\"text-align: left;\" data-align=\"center\">Support<\/td>\n<td class=\"has-text-align-center\" style=\"text-align: left;\" data-align=\"center\">Execution<\/td>\n<td class=\"has-text-align-center\" data-align=\"center\">Academic Support<\/td>\n<\/tr>\n<tr>\n<td class=\"has-text-align-center\" data-align=\"center\"><a href=\"https:\/\/www.sbc.org.br\/\"><img loading=\"lazy\" decoding=\"async\" class=\"aligncenter\" src=\"https:\/\/www.sbc.org.br\/images\/logo_sbc.png\" alt=\"\" width=\"200\" height=\"120\"><\/a><\/td>\n<td class=\"has-text-align-center\" data-align=\"center\"><a href=\"https:\/\/eic.cefet-rj.br\/ppcic\/\"><img loading=\"lazy\" decoding=\"async\" class=\"wp-image-3512 aligncenter\" style=\"width: 160px;\" src=\"https:\/\/sbbd.org.br\/2021\/wp-content\/uploads\/sites\/14\/2021\/03\/ppcic-logo.jpg\" sizes=\"auto, (max-width: 889px) 100vw, 889px\" srcset=\"https:\/\/sbbd.org.br\/2021\/wp-content\/uploads\/sites\/14\/2021\/03\/ppcic-logo.jpg 889w, https:\/\/sbbd.org.br\/2021\/wp-content\/uploads\/sites\/14\/2021\/03\/ppcic-logo-300x260.jpg 300w, https:\/\/sbbd.org.br\/2021\/wp-content\/uploads\/sites\/14\/2021\/03\/ppcic-logo-768x666.jpg 768w, https:\/\/sbbd.org.br\/2021\/wp-content\/uploads\/sites\/14\/2021\/03\/ppcic-logo-692x600.jpg 692w, https:\/\/sbbd.org.br\/2021\/wp-content\/uploads\/sites\/14\/2021\/03\/ppcic-logo-630x546.jpg 630w\" alt=\"\" width=\"889\" height=\"771\"><\/a><\/td>\n<td class=\"has-text-align-center\" data-align=\"center\"><a href=\"http:\/\/www.cefet-rj.br\/\"><img loading=\"lazy\" decoding=\"async\" class=\"wp-image-3776 aligncenter\" style=\"width: 160px;\" src=\"https:\/\/sbbd.org.br\/2021\/wp-content\/uploads\/sites\/14\/2021\/04\/cefet_vert_2.jpg\" sizes=\"auto, (max-width: 889px) 100vw, 889px\" srcset=\"https:\/\/sbbd.org.br\/2021\/wp-content\/uploads\/sites\/14\/2021\/04\/cefet_vert_2.jpg 889w, https:\/\/sbbd.org.br\/2021\/wp-content\/uploads\/sites\/14\/2021\/04\/cefet_vert_2-300x260.jpg 300w, https:\/\/sbbd.org.br\/2021\/wp-content\/uploads\/sites\/14\/2021\/04\/cefet_vert_2-768x666.jpg 768w, https:\/\/sbbd.org.br\/2021\/wp-content\/uploads\/sites\/14\/2021\/04\/cefet_vert_2-692x600.jpg 692w, https:\/\/sbbd.org.br\/2021\/wp-content\/uploads\/sites\/14\/2021\/04\/cefet_vert_2-630x546.jpg 630w\" alt=\"\" width=\"889\" height=\"771\"><\/a><\/td>\n<\/tr>\n<\/tbody>\n<\/table>\n<\/figure>\n\n\n<p><\/p>\n","protected":false},"excerpt":{"rendered":"<p>About The&nbsp;Symposium on Knowledge Discovery, Mining and Learning (KDMiLe)&nbsp;aims at integrating researchers, practitioners, developers, students and users to present theirs research results, to discuss ideas, and to exchange techniques, tools, and practical experiences \u2013 related to the Data Mining and Machine Learning areas. KDMiLe originated from WAAMD (Workshop em Algoritmos e Aplica\u00e7\u00f5es de Minera\u00e7\u00e3o de&hellip; <a class=\"more-link\" href=\"https:\/\/eic.cefet-rj.br\/kdmile2021\/\">Continue reading <span class=\"screen-reader-text\">KDMiLe&#8217;21<\/span><\/a><\/p>\n","protected":false},"author":1,"featured_media":0,"parent":0,"menu_order":0,"comment_status":"closed","ping_status":"open","template":"","meta":{"footnotes":""},"class_list":["post-2","page","type-page","status-publish","hentry","entry"],"_links":{"self":[{"href":"https:\/\/eic.cefet-rj.br\/kdmile2021\/wp-json\/wp\/v2\/pages\/2","targetHints":{"allow":["GET"]}}],"collection":[{"href":"https:\/\/eic.cefet-rj.br\/kdmile2021\/wp-json\/wp\/v2\/pages"}],"about":[{"href":"https:\/\/eic.cefet-rj.br\/kdmile2021\/wp-json\/wp\/v2\/types\/page"}],"author":[{"embeddable":true,"href":"https:\/\/eic.cefet-rj.br\/kdmile2021\/wp-json\/wp\/v2\/users\/1"}],"replies":[{"embeddable":true,"href":"https:\/\/eic.cefet-rj.br\/kdmile2021\/wp-json\/wp\/v2\/comments?post=2"}],"version-history":[{"count":70,"href":"https:\/\/eic.cefet-rj.br\/kdmile2021\/wp-json\/wp\/v2\/pages\/2\/revisions"}],"predecessor-version":[{"id":211,"href":"https:\/\/eic.cefet-rj.br\/kdmile2021\/wp-json\/wp\/v2\/pages\/2\/revisions\/211"}],"wp:attachment":[{"href":"https:\/\/eic.cefet-rj.br\/kdmile2021\/wp-json\/wp\/v2\/media?parent=2"}],"curies":[{"name":"wp","href":"https:\/\/api.w.org\/{rel}","templated":true}]}}