{"id":143,"date":"2021-09-26T15:23:18","date_gmt":"2021-09-26T15:23:18","guid":{"rendered":"https:\/\/eic.cefet-rj.br\/kdmile2021\/?page_id=143"},"modified":"2021-10-04T12:16:58","modified_gmt":"2021-10-04T12:16:58","slug":"keynote-2","status":"publish","type":"page","link":"https:\/\/eic.cefet-rj.br\/kdmile2021\/keynote-2\/","title":{"rendered":"KSN2 (07\/10, 10h45 -12h00)"},"content":{"rendered":"\n<div class=\"wp-block-media-text alignwide has-media-on-the-right is-stacked-on-mobile is-vertically-aligned-top is-style-twentytwentyone-border\" style=\"grid-template-columns:auto 15%\"><figure class=\"wp-block-media-text__media\"><img loading=\"lazy\" decoding=\"async\" width=\"100\" height=\"125\" src=\"https:\/\/eic.cefet-rj.br\/kdmile2021\/wp-content\/uploads\/2021\/06\/EricAraujo.png\" alt=\"\" class=\"wp-image-118 size-full\"\/><\/figure><div class=\"wp-block-media-text__content\">\n<p><strong>Palestrante:<\/strong> Eric Fernandes de Mello Ara\u00fajo (Departamento de Ci\u00eancia da Computa\u00e7\u00e3o, <a href=\"https:\/\/ufla.br\">UFLA<\/a>)<\/p>\n\n\n\n<p><strong>Minibiografia:<\/strong> Doutor pela Vrije Universiteit Amsterdam, Holanda (2018). Professor Adjunto no Departamento de Ci\u00eancia da Computa\u00e7\u00e3o da Universidade Federal de Lavras (UFLA). Pesquisador Visitante pela Vrije Universiteit Amsterdam. L\u00edder do grupo de pesquisa BILbo (Behaviour Informatics Laboratory). Pesquisas em modelagem baseada em agentes e modelagem de cont\u00e1gio social de comportamentos, opini\u00f5es e emo\u00e7\u00f5es. Trabalhos desenvolvidos em ci\u00eancia de dados voltados para a \u00e1rea de sa\u00fade (modelos epidemiol\u00f3gicos para a COVID-19 em contextos de desigualdade social, espalhamento de comportamento saud\u00e1vel entre jovens e adultos, an\u00e1lise dos efeitos de outras pessoas na tomada de decis\u00f5es), seguran\u00e7a (modelos de teoria criminal orientado a dados com simula\u00e7\u00f5es para valida\u00e7\u00e3o) e recursos humanos (circularidade m\u00e9dica).<\/p>\n\n\n\n<p><strong>T\u00edtulo: <\/strong>Modelagem Baseada em Agentes Orientada a Dados: Unindo Ci\u00eancia de Dados e Modelos Te\u00f3ricos para Compreender a Realidade<\/p>\n\n\n\n<p><strong>Resumo:<\/strong>&nbsp;Avan\u00e7os nas \u00e1reas de aprendizagem de m\u00e1quina e ci\u00eancia de dados v\u00eam permitindo o avan\u00e7o de estudos emp\u00edricos em diversas \u00e1reas, mas tamb\u00e9m contribu\u00eddo para avan\u00e7os em \u00e1reas anteriormente majoritariamente te\u00f3ricas, ou de dif\u00edcil an\u00e1lise por meio de dados. Esta palestra ir\u00e1 apresentar os avan\u00e7os na \u00e1rea de modelagem baseada em agentes com a integra\u00e7\u00e3o de dados para cria\u00e7\u00e3o de modelos e simula\u00e7\u00f5es que unam conceitos te\u00f3ricos com informa\u00e7\u00f5es providas nos mais diversos meios atualmente. Aplica\u00e7\u00f5es na \u00e1rea de sa\u00fade p\u00fablica, cont\u00e1gio de comportamento e criminologia nos ajudar\u00e3o a compreender como as \u00e1reas que envolvem a descoberta de conhecimento por meio de dados podem contribuir na compreens\u00e3o de diversos contextos de grande relev\u00e2ncia para a sociedade.<\/p>\n<\/div><\/div>\n","protected":false},"excerpt":{"rendered":"<p>Palestrante: Eric Fernandes de Mello Ara\u00fajo (Departamento de Ci\u00eancia da Computa\u00e7\u00e3o, UFLA) Minibiografia: Doutor pela Vrije Universiteit Amsterdam, Holanda (2018). Professor Adjunto no Departamento de Ci\u00eancia da Computa\u00e7\u00e3o da Universidade Federal de Lavras (UFLA). Pesquisador Visitante pela Vrije Universiteit Amsterdam. L\u00edder do grupo de pesquisa BILbo (Behaviour Informatics Laboratory). Pesquisas em modelagem baseada em agentes&hellip; <a class=\"more-link\" href=\"https:\/\/eic.cefet-rj.br\/kdmile2021\/keynote-2\/\">Continue reading <span class=\"screen-reader-text\">KSN2 (07\/10, 10h45 -12h00)<\/span><\/a><\/p>\n","protected":false},"author":1,"featured_media":0,"parent":0,"menu_order":0,"comment_status":"closed","ping_status":"closed","template":"","meta":{"footnotes":""},"class_list":["post-143","page","type-page","status-publish","hentry","entry"],"_links":{"self":[{"href":"https:\/\/eic.cefet-rj.br\/kdmile2021\/wp-json\/wp\/v2\/pages\/143","targetHints":{"allow":["GET"]}}],"collection":[{"href":"https:\/\/eic.cefet-rj.br\/kdmile2021\/wp-json\/wp\/v2\/pages"}],"about":[{"href":"https:\/\/eic.cefet-rj.br\/kdmile2021\/wp-json\/wp\/v2\/types\/page"}],"author":[{"embeddable":true,"href":"https:\/\/eic.cefet-rj.br\/kdmile2021\/wp-json\/wp\/v2\/users\/1"}],"replies":[{"embeddable":true,"href":"https:\/\/eic.cefet-rj.br\/kdmile2021\/wp-json\/wp\/v2\/comments?post=143"}],"version-history":[{"count":5,"href":"https:\/\/eic.cefet-rj.br\/kdmile2021\/wp-json\/wp\/v2\/pages\/143\/revisions"}],"predecessor-version":[{"id":183,"href":"https:\/\/eic.cefet-rj.br\/kdmile2021\/wp-json\/wp\/v2\/pages\/143\/revisions\/183"}],"wp:attachment":[{"href":"https:\/\/eic.cefet-rj.br\/kdmile2021\/wp-json\/wp\/v2\/media?parent=143"}],"curies":[{"name":"wp","href":"https:\/\/api.w.org\/{rel}","templated":true}]}}